{"id":518476,"date":"2025-10-14T04:33:41","date_gmt":"2025-10-14T02:33:41","guid":{"rendered":"https:\/\/perle-in.com\/produit\/visiere-pare-soleil-hera\/"},"modified":"2025-10-14T04:33:44","modified_gmt":"2025-10-14T02:33:44","slug":"visiere-pare-soleil-hera","status":"publish","type":"product","link":"https:\/\/perle-in.com\/en\/product\/visiere-pare-soleil-hera\/","title":{"rendered":"Visi\u00e8re pare-soleil Hera"},"content":{"rendered":"","protected":false},"excerpt":{"rendered":"<p>Le pare-soleil Hera est un m\u00e9lange parfait de protection solaire et de style. Fabriqu\u00e9e en serg\u00e9 de coton de 175 g\/m\u00b2, cette visi\u00e8re offre un ajustement confortable et respirant pour toutes vos aventures ensoleill\u00e9es. Avec un tour de t\u00eate de 58 cm, elle s&#8217;adapte \u00e0 toutes les tailles de t\u00eate. La fermeture auto-agrippante en tissu permet de l&#8217;ajuster sans effort. Prot\u00e9gez vos yeux du soleil avec une simplicit\u00e9 \u00e9l\u00e9gante gr\u00e2ce au pare-soleil Hera, votre accessoire essentiel pour les excursions en plein air par temps ensoleill\u00e9.<\/p>","protected":false},"featured_media":518466,"template":"","meta":{"_eb_attr":""},"product_brand":[],"product_cat":[1259,1024],"product_tag":[1699,2518,1700,2519,1697,1031,1320,2514,2516,2499,2517,2515,2520,2521],"class_list":{"0":"post-518476","1":"product","2":"type-product","3":"status-publish","4":"has-post-thumbnail","6":"product_cat-casquettes-et-chapeaux","7":"product_cat-vetements","8":"product_tag-casquette","9":"product_tag-casquette-pare-soleil","10":"product_tag-casquettes","11":"product_tag-casquettes-pare-soleil","12":"product_tag-chapeau","13":"product_tag-couvre-chef","14":"product_tag-ete","15":"product_tag-hera","16":"product_tag-soleil","17":"product_tag-tete","18":"product_tag-visiere","19":"product_tag-visiere-pour-le-soleil","20":"product_tag-visiere-soleil-hera","21":"product_tag-visieres-soleil-hera","22":"pa_couleurs-blanc","23":"pa_couleurs-magenta","24":"pa_couleurs-marine","25":"pa_couleurs-noir","26":"pa_genre-unisex","27":"pa_green-points-1692","28":"pa_marque-elevate-essentials","29":"pa_matiere-coton-twill-coton-175-g-m2","31":"first","32":"instock","33":"shipping-taxable","34":"purchasable","35":"product-type-variable"},"yoast_head":"<!-- This site is optimized with the Yoast SEO plugin v27.4 - https:\/\/yoast.com\/product\/yoast-seo-wordpress\/ -->\n<title>Visi\u00e8re pare-soleil Hera - PERLE IN<\/title>\n<meta name=\"robots\" content=\"noindex, follow, max-snippet:-1, max-image-preview:large, max-video-preview:-1\" \/>\n<meta property=\"og:locale\" content=\"en_US\" \/>\n<meta property=\"og:type\" content=\"article\" \/>\n<meta property=\"og:title\" content=\"Visi\u00e8re pare-soleil Hera - PERLE IN\" \/>\n<meta property=\"og:description\" content=\"Le pare-soleil Hera est un m\u00e9lange parfait de protection solaire et de style. Fabriqu\u00e9e en serg\u00e9 de coton de 175 g\/m\u00b2, cette visi\u00e8re offre un ajustement confortable et respirant pour toutes vos aventures ensoleill\u00e9es. Avec un tour de t\u00eate de 58 cm, elle s&#039;adapte \u00e0 toutes les tailles de t\u00eate. La fermeture auto-agrippante en tissu permet de l&#039;ajuster sans effort. Prot\u00e9gez vos yeux du soleil avec une simplicit\u00e9 \u00e9l\u00e9gante gr\u00e2ce au pare-soleil Hera, votre accessoire essentiel pour les excursions en plein air par temps ensoleill\u00e9.\" \/>\n<meta property=\"og:url\" content=\"https:\/\/perle-in.com\/en\/product\/visiere-pare-soleil-hera\/\" \/>\n<meta property=\"og:site_name\" content=\"PERLE IN\" \/>\n<meta property=\"article:modified_time\" content=\"2025-10-14T02:33:44+00:00\" \/>\n<meta property=\"og:image\" content=\"https:\/\/perle-in.com\/wp-content\/uploads\/2025\/10\/38671010-1.jpg\" \/>\n\t<meta property=\"og:image:width\" content=\"1600\" \/>\n\t<meta property=\"og:image:height\" content=\"1600\" \/>\n\t<meta property=\"og:image:type\" content=\"image\/jpeg\" \/>\n<meta name=\"twitter:card\" content=\"summary_large_image\" \/>\n<script type=\"application\/ld+json\" class=\"yoast-schema-graph\">{\"@context\":\"https:\\\/\\\/schema.org\",\"@graph\":[{\"@type\":\"WebPage\",\"@id\":\"https:\\\/\\\/perle-in.com\\\/produit\\\/visiere-pare-soleil-hera\\\/\",\"url\":\"https:\\\/\\\/perle-in.com\\\/produit\\\/visiere-pare-soleil-hera\\\/\",\"name\":\"Visi\u00e8re pare-soleil Hera - PERLE IN\",\"isPartOf\":{\"@id\":\"https:\\\/\\\/perle-in.com\\\/#website\"},\"primaryImageOfPage\":{\"@id\":\"https:\\\/\\\/perle-in.com\\\/produit\\\/visiere-pare-soleil-hera\\\/#primaryimage\"},\"image\":{\"@id\":\"https:\\\/\\\/perle-in.com\\\/produit\\\/visiere-pare-soleil-hera\\\/#primaryimage\"},\"thumbnailUrl\":\"https:\\\/\\\/perle-in.com\\\/wp-content\\\/uploads\\\/2025\\\/10\\\/38671010-1.jpg\",\"datePublished\":\"2025-10-14T02:33:41+00:00\",\"dateModified\":\"2025-10-14T02:33:44+00:00\",\"breadcrumb\":{\"@id\":\"https:\\\/\\\/perle-in.com\\\/produit\\\/visiere-pare-soleil-hera\\\/#breadcrumb\"},\"inLanguage\":\"en-CA\",\"potentialAction\":[{\"@type\":\"ReadAction\",\"target\":[\"https:\\\/\\\/perle-in.com\\\/produit\\\/visiere-pare-soleil-hera\\\/\"]}]},{\"@type\":\"ImageObject\",\"inLanguage\":\"en-CA\",\"@id\":\"https:\\\/\\\/perle-in.com\\\/produit\\\/visiere-pare-soleil-hera\\\/#primaryimage\",\"url\":\"https:\\\/\\\/perle-in.com\\\/wp-content\\\/uploads\\\/2025\\\/10\\\/38671010-1.jpg\",\"contentUrl\":\"https:\\\/\\\/perle-in.com\\\/wp-content\\\/uploads\\\/2025\\\/10\\\/38671010-1.jpg\",\"width\":1600,\"height\":1600},{\"@type\":\"BreadcrumbList\",\"@id\":\"https:\\\/\\\/perle-in.com\\\/produit\\\/visiere-pare-soleil-hera\\\/#breadcrumb\",\"itemListElement\":[{\"@type\":\"ListItem\",\"position\":1,\"name\":\"Accueil\",\"item\":\"https:\\\/\\\/perle-in.com\\\/\"},{\"@type\":\"ListItem\",\"position\":2,\"name\":\"Boutique\",\"item\":\"https:\\\/\\\/perle-in.com\\\/boutique\\\/\"},{\"@type\":\"ListItem\",\"position\":3,\"name\":\"Visi\u00e8re pare-soleil Hera\"}]},{\"@type\":\"WebSite\",\"@id\":\"https:\\\/\\\/perle-in.com\\\/#website\",\"url\":\"https:\\\/\\\/perle-in.com\\\/\",\"name\":\"PERLE IN\",\"description\":\"\",\"publisher\":{\"@id\":\"https:\\\/\\\/perle-in.com\\\/#organization\"},\"potentialAction\":[{\"@type\":\"SearchAction\",\"target\":{\"@type\":\"EntryPoint\",\"urlTemplate\":\"https:\\\/\\\/perle-in.com\\\/?s={search_term_string}\"},\"query-input\":{\"@type\":\"PropertyValueSpecification\",\"valueRequired\":true,\"valueName\":\"search_term_string\"}}],\"inLanguage\":\"en-CA\"},{\"@type\":\"Organization\",\"@id\":\"https:\\\/\\\/perle-in.com\\\/#organization\",\"name\":\"PERLE IN\",\"url\":\"https:\\\/\\\/perle-in.com\\\/\",\"logo\":{\"@type\":\"ImageObject\",\"inLanguage\":\"en-CA\",\"@id\":\"https:\\\/\\\/perle-in.com\\\/#\\\/schema\\\/logo\\\/image\\\/\",\"url\":\"https:\\\/\\\/perle-in.com\\\/wp-content\\\/uploads\\\/2022\\\/12\\\/LOGO-PERLE-IN-COULEUR@3x.webp\",\"contentUrl\":\"https:\\\/\\\/perle-in.com\\\/wp-content\\\/uploads\\\/2022\\\/12\\\/LOGO-PERLE-IN-COULEUR@3x.webp\",\"width\":1600,\"height\":490,\"caption\":\"PERLE IN\"},\"image\":{\"@id\":\"https:\\\/\\\/perle-in.com\\\/#\\\/schema\\\/logo\\\/image\\\/\"}}]}<\/script>\n<!-- \/ Yoast SEO plugin. -->","yoast_head_json":{"title":"Visi\u00e8re pare-soleil Hera - PERLE IN","robots":{"index":"noindex","follow":"follow","max-snippet":"max-snippet:-1","max-image-preview":"max-image-preview:large","max-video-preview":"max-video-preview:-1"},"og_locale":"en_US","og_type":"article","og_title":"Visi\u00e8re pare-soleil Hera - PERLE IN","og_description":"Le pare-soleil Hera est un m\u00e9lange parfait de protection solaire et de style. Fabriqu\u00e9e en serg\u00e9 de coton de 175 g\/m\u00b2, cette visi\u00e8re offre un ajustement confortable et respirant pour toutes vos aventures ensoleill\u00e9es. Avec un tour de t\u00eate de 58 cm, elle s'adapte \u00e0 toutes les tailles de t\u00eate. La fermeture auto-agrippante en tissu permet de l'ajuster sans effort. Prot\u00e9gez vos yeux du soleil avec une simplicit\u00e9 \u00e9l\u00e9gante gr\u00e2ce au pare-soleil Hera, votre accessoire essentiel pour les excursions en plein air par temps ensoleill\u00e9.","og_url":"https:\/\/perle-in.com\/en\/product\/visiere-pare-soleil-hera\/","og_site_name":"PERLE IN","article_modified_time":"2025-10-14T02:33:44+00:00","og_image":[{"width":1600,"height":1600,"url":"https:\/\/perle-in.com\/wp-content\/uploads\/2025\/10\/38671010-1.jpg","type":"image\/jpeg"}],"twitter_card":"summary_large_image","schema":{"@context":"https:\/\/schema.org","@graph":[{"@type":"WebPage","@id":"https:\/\/perle-in.com\/produit\/visiere-pare-soleil-hera\/","url":"https:\/\/perle-in.com\/produit\/visiere-pare-soleil-hera\/","name":"Visi\u00e8re pare-soleil Hera - PERLE IN","isPartOf":{"@id":"https:\/\/perle-in.com\/#website"},"primaryImageOfPage":{"@id":"https:\/\/perle-in.com\/produit\/visiere-pare-soleil-hera\/#primaryimage"},"image":{"@id":"https:\/\/perle-in.com\/produit\/visiere-pare-soleil-hera\/#primaryimage"},"thumbnailUrl":"https:\/\/perle-in.com\/wp-content\/uploads\/2025\/10\/38671010-1.jpg","datePublished":"2025-10-14T02:33:41+00:00","dateModified":"2025-10-14T02:33:44+00:00","breadcrumb":{"@id":"https:\/\/perle-in.com\/produit\/visiere-pare-soleil-hera\/#breadcrumb"},"inLanguage":"en-CA","potentialAction":[{"@type":"ReadAction","target":["https:\/\/perle-in.com\/produit\/visiere-pare-soleil-hera\/"]}]},{"@type":"ImageObject","inLanguage":"en-CA","@id":"https:\/\/perle-in.com\/produit\/visiere-pare-soleil-hera\/#primaryimage","url":"https:\/\/perle-in.com\/wp-content\/uploads\/2025\/10\/38671010-1.jpg","contentUrl":"https:\/\/perle-in.com\/wp-content\/uploads\/2025\/10\/38671010-1.jpg","width":1600,"height":1600},{"@type":"BreadcrumbList","@id":"https:\/\/perle-in.com\/produit\/visiere-pare-soleil-hera\/#breadcrumb","itemListElement":[{"@type":"ListItem","position":1,"name":"Accueil","item":"https:\/\/perle-in.com\/"},{"@type":"ListItem","position":2,"name":"Boutique","item":"https:\/\/perle-in.com\/boutique\/"},{"@type":"ListItem","position":3,"name":"Visi\u00e8re pare-soleil Hera"}]},{"@type":"WebSite","@id":"https:\/\/perle-in.com\/#website","url":"https:\/\/perle-in.com\/","name":"PERLE IN","description":"","publisher":{"@id":"https:\/\/perle-in.com\/#organization"},"potentialAction":[{"@type":"SearchAction","target":{"@type":"EntryPoint","urlTemplate":"https:\/\/perle-in.com\/?s={search_term_string}"},"query-input":{"@type":"PropertyValueSpecification","valueRequired":true,"valueName":"search_term_string"}}],"inLanguage":"en-CA"},{"@type":"Organization","@id":"https:\/\/perle-in.com\/#organization","name":"PERLE IN","url":"https:\/\/perle-in.com\/","logo":{"@type":"ImageObject","inLanguage":"en-CA","@id":"https:\/\/perle-in.com\/#\/schema\/logo\/image\/","url":"https:\/\/perle-in.com\/wp-content\/uploads\/2022\/12\/LOGO-PERLE-IN-COULEUR@3x.webp","contentUrl":"https:\/\/perle-in.com\/wp-content\/uploads\/2022\/12\/LOGO-PERLE-IN-COULEUR@3x.webp","width":1600,"height":490,"caption":"PERLE IN"},"image":{"@id":"https:\/\/perle-in.com\/#\/schema\/logo\/image\/"}}]}},"jetpack_sharing_enabled":true,"_links":{"self":[{"href":"https:\/\/perle-in.com\/en\/wp-json\/wp\/v2\/product\/518476","targetHints":{"allow":["GET"]}}],"collection":[{"href":"https:\/\/perle-in.com\/en\/wp-json\/wp\/v2\/product"}],"about":[{"href":"https:\/\/perle-in.com\/en\/wp-json\/wp\/v2\/types\/product"}],"version-history":[{"count":0,"href":"https:\/\/perle-in.com\/en\/wp-json\/wp\/v2\/product\/518476\/revisions"}],"wp:featuredmedia":[{"embeddable":true,"href":"https:\/\/perle-in.com\/en\/wp-json\/wp\/v2\/media\/518466"}],"wp:attachment":[{"href":"https:\/\/perle-in.com\/en\/wp-json\/wp\/v2\/media?parent=518476"}],"wp:term":[{"taxonomy":"product_brand","embeddable":true,"href":"https:\/\/perle-in.com\/en\/wp-json\/wp\/v2\/product_brand?post=518476"},{"taxonomy":"product_cat","embeddable":true,"href":"https:\/\/perle-in.com\/en\/wp-json\/wp\/v2\/product_cat?post=518476"},{"taxonomy":"product_tag","embeddable":true,"href":"https:\/\/perle-in.com\/en\/wp-json\/wp\/v2\/product_tag?post=518476"}],"curies":[{"name":"wp","href":"https:\/\/api.w.org\/{rel}","templated":true}]}}

Visière pare-soleil Hera

<p>Le pare-soleil Hera est un mélange parfait de protection solaire et de style. Fabriquée en sergé de coton de 175 g/m², cette visière offre un ajustement confortable et respirant pour toutes vos aventures ensoleillées. Avec un tour de tête de 58 cm, elle s&#8217;adapte à toutes les tailles de tête. La fermeture auto-agrippante en tissu permet de l&#8217;ajuster sans effort. Protégez vos yeux du soleil avec une simplicité élégante grâce au pare-soleil Hera, votre accessoire essentiel pour les excursions en plein air par temps ensoleillé.</p>

<!-- This site is optimized with the Yoast SEO plugin v27.4 - https://yoast.com/product/yoast-seo-wordpress/ -->
<title>Visière pare-soleil Hera - PERLE IN</title>
<meta name="robots" content="noindex, follow, max-snippet:-1, max-image-preview:large, max-video-preview:-1" />
<meta property="og:locale" content="en_US" />
<meta property="og:type" content="article" />
<meta property="og:title" content="Visière pare-soleil Hera - PERLE IN" />
<meta property="og:description" content="Le pare-soleil Hera est un mélange parfait de protection solaire et de style. Fabriquée en sergé de coton de 175 g/m², cette visière offre un ajustement confortable et respirant pour toutes vos aventures ensoleillées. Avec un tour de tête de 58 cm, elle s&#039;adapte à toutes les tailles de tête. La fermeture auto-agrippante en tissu permet de l&#039;ajuster sans effort. Protégez vos yeux du soleil avec une simplicité élégante grâce au pare-soleil Hera, votre accessoire essentiel pour les excursions en plein air par temps ensoleillé." />
<meta property="og:url" content="https://perle-in.com/en/product/visiere-pare-soleil-hera/" />
<meta property="og:site_name" content="PERLE IN" />
<meta property="article:modified_time" content="2025-10-14T02:33:44+00:00" />
<meta property="og:image" content="https://perle-in.com/wp-content/uploads/2025/10/38671010-1.jpg" />
	<meta property="og:image:width" content="1600" />
	<meta property="og:image:height" content="1600" />
	<meta property="og:image:type" content="image/jpeg" />
<meta name="twitter:card" content="summary_large_image" />
<script type="application/ld+json" class="yoast-schema-graph">{"@context":"https:\/\/schema.org","@graph":[{"@type":"WebPage","@id":"https:\/\/perle-in.com\/produit\/visiere-pare-soleil-hera\/","url":"https:\/\/perle-in.com\/produit\/visiere-pare-soleil-hera\/","name":"Visière pare-soleil Hera - PERLE IN","isPartOf":{"@id":"https:\/\/perle-in.com\/#website"},"primaryImageOfPage":{"@id":"https:\/\/perle-in.com\/produit\/visiere-pare-soleil-hera\/#primaryimage"},"image":{"@id":"https:\/\/perle-in.com\/produit\/visiere-pare-soleil-hera\/#primaryimage"},"thumbnailUrl":"https:\/\/perle-in.com\/wp-content\/uploads\/2025\/10\/38671010-1.jpg","datePublished":"2025-10-14T02:33:41+00:00","dateModified":"2025-10-14T02:33:44+00:00","breadcrumb":{"@id":"https:\/\/perle-in.com\/produit\/visiere-pare-soleil-hera\/#breadcrumb"},"inLanguage":"en-CA","potentialAction":[{"@type":"ReadAction","target":["https:\/\/perle-in.com\/produit\/visiere-pare-soleil-hera\/"]}]},{"@type":"ImageObject","inLanguage":"en-CA","@id":"https:\/\/perle-in.com\/produit\/visiere-pare-soleil-hera\/#primaryimage","url":"https:\/\/perle-in.com\/wp-content\/uploads\/2025\/10\/38671010-1.jpg","contentUrl":"https:\/\/perle-in.com\/wp-content\/uploads\/2025\/10\/38671010-1.jpg","width":1600,"height":1600},{"@type":"BreadcrumbList","@id":"https:\/\/perle-in.com\/produit\/visiere-pare-soleil-hera\/#breadcrumb","itemListElement":[{"@type":"ListItem","position":1,"name":"Accueil","item":"https:\/\/perle-in.com\/"},{"@type":"ListItem","position":2,"name":"Boutique","item":"https:\/\/perle-in.com\/boutique\/"},{"@type":"ListItem","position":3,"name":"Visière pare-soleil Hera"}]},{"@type":"WebSite","@id":"https:\/\/perle-in.com\/#website","url":"https:\/\/perle-in.com\/","name":"PERLE IN","description":"","publisher":{"@id":"https:\/\/perle-in.com\/#organization"},"potentialAction":[{"@type":"SearchAction","target":{"@type":"EntryPoint","urlTemplate":"https:\/\/perle-in.com\/?s={search_term_string}"},"query-input":{"@type":"PropertyValueSpecification","valueRequired":true,"valueName":"search_term_string"}}],"inLanguage":"en-CA"},{"@type":"Organization","@id":"https:\/\/perle-in.com\/#organization","name":"PERLE IN","url":"https:\/\/perle-in.com\/","logo":{"@type":"ImageObject","inLanguage":"en-CA","@id":"https:\/\/perle-in.com\/#\/schema\/logo\/image\/","url":"https:\/\/perle-in.com\/wp-content\/uploads\/2022\/12\/LOGO-PERLE-IN-COULEUR@3x.webp","contentUrl":"https:\/\/perle-in.com\/wp-content\/uploads\/2022\/12\/LOGO-PERLE-IN-COULEUR@3x.webp","width":1600,"height":490,"caption":"PERLE IN"},"image":{"@id":"https:\/\/perle-in.com\/#\/schema\/logo\/image\/"}}]}</script>
<!-- / Yoast SEO plugin. -->

Visière pare-soleil Hera - PERLE IN

Le pare-soleil Hera est un mélange parfait de protection solaire et de style. Fabriquée en sergé de coton de 175 g/m², cette visière offre un ajustement confortable et respirant pour toutes vos aventures ensoleillées. Avec un tour de tête de 58 cm, elle s'adapte à toutes les tailles de tête. La fermeture auto-agrippante en tissu permet de l'ajuster sans effort. Protégez vos yeux du soleil avec une simplicité élégante grâce au pare-soleil Hera, votre accessoire essentiel pour les excursions en plein air par temps ensoleillé.
