{"id":515939,"date":"2025-10-14T03:40:36","date_gmt":"2025-10-14T01:40:36","guid":{"rendered":"https:\/\/perle-in.com\/produit\/chemise-manches-longues-homme-hamell\/"},"modified":"2025-10-14T22:31:05","modified_gmt":"2025-10-14T20:31:05","slug":"chemise-manches-longues-homme-hamell","status":"publish","type":"product","link":"https:\/\/perle-in.com\/en\/product\/chemise-manches-longues-homme-hamell\/","title":{"rendered":"Chemise manches longues homme Hamell"},"content":{"rendered":"","protected":false},"excerpt":{"rendered":"<p>La chemise extensible \u00e0 manches longues Hamell pour homme est une combinaison id\u00e9ale de style et de confort. Cette chemise tiss\u00e9e se compose d&#8217;une popeline l\u00e9g\u00e8re compos\u00e9e de 97 % de coton et de 3 % d&#8217;\u00e9lasthanne. La popeline est connue pour son tissage serr\u00e9, qui lui conf\u00e8re une durabilit\u00e9 exceptionnelle tout en conservant une texture douce et lisse sur la peau. Cela signifie que la chemise Hamell n&#8217;est pas seulement confortable \u00e0 porter, mais qu&#8217;elle r\u00e9siste \u00e9galement \u00e0 l&#8217;usure quotidienne, garantissant ainsi une utilisation durable. L&#8217;extensibilit\u00e9 suppl\u00e9mentaire offre une libert\u00e9 de mouvement ultime, garantissant un confort optimal tout au long de la journ\u00e9e. Son col boutonn\u00e9 cach\u00e9 ajoute de la sophistication tout en conservant un look \u00e9pur\u00e9. <\/p>","protected":false},"featured_media":515920,"template":"","meta":{"_eb_attr":""},"product_brand":[],"product_cat":[1255,1024],"product_tag":[2380,2381,2429,2430,2427,2428],"class_list":{"0":"post-515939","1":"product","2":"type-product","3":"status-publish","4":"has-post-thumbnail","6":"product_cat-chemises","7":"product_cat-vetements","8":"product_tag-chemise","9":"product_tag-chemises","10":"product_tag-chemisette","11":"product_tag-chemisettes","12":"product_tag-chemisier","13":"product_tag-chemisiers","14":"pa_couleurs-blanc","15":"pa_couleurs-bleu-clair","16":"pa_couleurs-noir","17":"pa_genre-male","18":"pa_marque-elevate-life","19":"pa_matiere-popeline-97-coton-et-3-elasthanne-118-g-m2","20":"pa_pays-d-origine-bengladesh","21":"pa_taille-2xl","22":"pa_taille-3xl","23":"pa_taille-l","24":"pa_taille-m","25":"pa_taille-s","26":"pa_taille-xl","27":"pa_taille-xs","29":"first","30":"instock","31":"sale","32":"shipping-taxable","33":"purchasable","34":"product-type-variable"},"yoast_head":"<!-- This site is optimized with the Yoast SEO plugin v27.4 - https:\/\/yoast.com\/product\/yoast-seo-wordpress\/ -->\n<title>Chemise manches longues homme Hamell - PERLE IN<\/title>\n<meta name=\"robots\" content=\"noindex, follow, max-snippet:-1, max-image-preview:large, max-video-preview:-1\" \/>\n<meta property=\"og:locale\" content=\"en_US\" \/>\n<meta property=\"og:type\" content=\"article\" \/>\n<meta property=\"og:title\" content=\"Chemise manches longues homme Hamell - PERLE IN\" \/>\n<meta property=\"og:description\" content=\"La chemise extensible \u00e0 manches longues Hamell pour homme est une combinaison id\u00e9ale de style et de confort. Cette chemise tiss\u00e9e se compose d&#039;une popeline l\u00e9g\u00e8re compos\u00e9e de 97 % de coton et de 3 % d&#039;\u00e9lasthanne. La popeline est connue pour son tissage serr\u00e9, qui lui conf\u00e8re une durabilit\u00e9 exceptionnelle tout en conservant une texture douce et lisse sur la peau. Cela signifie que la chemise Hamell n&#039;est pas seulement confortable \u00e0 porter, mais qu&#039;elle r\u00e9siste \u00e9galement \u00e0 l&#039;usure quotidienne, garantissant ainsi une utilisation durable. L&#039;extensibilit\u00e9 suppl\u00e9mentaire offre une libert\u00e9 de mouvement ultime, garantissant un confort optimal tout au long de la journ\u00e9e. Son col boutonn\u00e9 cach\u00e9 ajoute de la sophistication tout en conservant un look \u00e9pur\u00e9.\" \/>\n<meta property=\"og:url\" content=\"https:\/\/perle-in.com\/en\/product\/chemise-manches-longues-homme-hamell\/\" \/>\n<meta property=\"og:site_name\" content=\"PERLE IN\" \/>\n<meta property=\"article:modified_time\" content=\"2025-10-14T20:31:05+00:00\" \/>\n<meta property=\"og:image\" content=\"https:\/\/perle-in.com\/wp-content\/uploads\/2025\/10\/3816801-1.jpg\" \/>\n\t<meta property=\"og:image:width\" content=\"1600\" \/>\n\t<meta property=\"og:image:height\" content=\"1600\" \/>\n\t<meta property=\"og:image:type\" content=\"image\/jpeg\" \/>\n<meta name=\"twitter:card\" content=\"summary_large_image\" \/>\n<script type=\"application\/ld+json\" class=\"yoast-schema-graph\">{\"@context\":\"https:\\\/\\\/schema.org\",\"@graph\":[{\"@type\":\"WebPage\",\"@id\":\"https:\\\/\\\/perle-in.com\\\/produit\\\/chemise-manches-longues-homme-hamell\\\/\",\"url\":\"https:\\\/\\\/perle-in.com\\\/produit\\\/chemise-manches-longues-homme-hamell\\\/\",\"name\":\"Chemise manches longues homme Hamell - PERLE IN\",\"isPartOf\":{\"@id\":\"https:\\\/\\\/perle-in.com\\\/#website\"},\"primaryImageOfPage\":{\"@id\":\"https:\\\/\\\/perle-in.com\\\/produit\\\/chemise-manches-longues-homme-hamell\\\/#primaryimage\"},\"image\":{\"@id\":\"https:\\\/\\\/perle-in.com\\\/produit\\\/chemise-manches-longues-homme-hamell\\\/#primaryimage\"},\"thumbnailUrl\":\"https:\\\/\\\/perle-in.com\\\/wp-content\\\/uploads\\\/2025\\\/10\\\/3816801-1.jpg\",\"datePublished\":\"2025-10-14T01:40:36+00:00\",\"dateModified\":\"2025-10-14T20:31:05+00:00\",\"breadcrumb\":{\"@id\":\"https:\\\/\\\/perle-in.com\\\/produit\\\/chemise-manches-longues-homme-hamell\\\/#breadcrumb\"},\"inLanguage\":\"en-CA\",\"potentialAction\":[{\"@type\":\"ReadAction\",\"target\":[\"https:\\\/\\\/perle-in.com\\\/produit\\\/chemise-manches-longues-homme-hamell\\\/\"]}]},{\"@type\":\"ImageObject\",\"inLanguage\":\"en-CA\",\"@id\":\"https:\\\/\\\/perle-in.com\\\/produit\\\/chemise-manches-longues-homme-hamell\\\/#primaryimage\",\"url\":\"https:\\\/\\\/perle-in.com\\\/wp-content\\\/uploads\\\/2025\\\/10\\\/3816801-1.jpg\",\"contentUrl\":\"https:\\\/\\\/perle-in.com\\\/wp-content\\\/uploads\\\/2025\\\/10\\\/3816801-1.jpg\",\"width\":1600,\"height\":1600},{\"@type\":\"BreadcrumbList\",\"@id\":\"https:\\\/\\\/perle-in.com\\\/produit\\\/chemise-manches-longues-homme-hamell\\\/#breadcrumb\",\"itemListElement\":[{\"@type\":\"ListItem\",\"position\":1,\"name\":\"Accueil\",\"item\":\"https:\\\/\\\/perle-in.com\\\/\"},{\"@type\":\"ListItem\",\"position\":2,\"name\":\"Boutique\",\"item\":\"https:\\\/\\\/perle-in.com\\\/boutique\\\/\"},{\"@type\":\"ListItem\",\"position\":3,\"name\":\"Chemise manches longues homme Hamell\"}]},{\"@type\":\"WebSite\",\"@id\":\"https:\\\/\\\/perle-in.com\\\/#website\",\"url\":\"https:\\\/\\\/perle-in.com\\\/\",\"name\":\"PERLE IN\",\"description\":\"\",\"publisher\":{\"@id\":\"https:\\\/\\\/perle-in.com\\\/#organization\"},\"potentialAction\":[{\"@type\":\"SearchAction\",\"target\":{\"@type\":\"EntryPoint\",\"urlTemplate\":\"https:\\\/\\\/perle-in.com\\\/?s={search_term_string}\"},\"query-input\":{\"@type\":\"PropertyValueSpecification\",\"valueRequired\":true,\"valueName\":\"search_term_string\"}}],\"inLanguage\":\"en-CA\"},{\"@type\":\"Organization\",\"@id\":\"https:\\\/\\\/perle-in.com\\\/#organization\",\"name\":\"PERLE IN\",\"url\":\"https:\\\/\\\/perle-in.com\\\/\",\"logo\":{\"@type\":\"ImageObject\",\"inLanguage\":\"en-CA\",\"@id\":\"https:\\\/\\\/perle-in.com\\\/#\\\/schema\\\/logo\\\/image\\\/\",\"url\":\"https:\\\/\\\/perle-in.com\\\/wp-content\\\/uploads\\\/2022\\\/12\\\/LOGO-PERLE-IN-COULEUR@3x.webp\",\"contentUrl\":\"https:\\\/\\\/perle-in.com\\\/wp-content\\\/uploads\\\/2022\\\/12\\\/LOGO-PERLE-IN-COULEUR@3x.webp\",\"width\":1600,\"height\":490,\"caption\":\"PERLE IN\"},\"image\":{\"@id\":\"https:\\\/\\\/perle-in.com\\\/#\\\/schema\\\/logo\\\/image\\\/\"}}]}<\/script>\n<!-- \/ Yoast SEO plugin. -->","yoast_head_json":{"title":"Chemise manches longues homme Hamell - PERLE IN","robots":{"index":"noindex","follow":"follow","max-snippet":"max-snippet:-1","max-image-preview":"max-image-preview:large","max-video-preview":"max-video-preview:-1"},"og_locale":"en_US","og_type":"article","og_title":"Chemise manches longues homme Hamell - PERLE IN","og_description":"La chemise extensible \u00e0 manches longues Hamell pour homme est une combinaison id\u00e9ale de style et de confort. Cette chemise tiss\u00e9e se compose d'une popeline l\u00e9g\u00e8re compos\u00e9e de 97 % de coton et de 3 % d'\u00e9lasthanne. La popeline est connue pour son tissage serr\u00e9, qui lui conf\u00e8re une durabilit\u00e9 exceptionnelle tout en conservant une texture douce et lisse sur la peau. Cela signifie que la chemise Hamell n'est pas seulement confortable \u00e0 porter, mais qu'elle r\u00e9siste \u00e9galement \u00e0 l'usure quotidienne, garantissant ainsi une utilisation durable. L'extensibilit\u00e9 suppl\u00e9mentaire offre une libert\u00e9 de mouvement ultime, garantissant un confort optimal tout au long de la journ\u00e9e. Son col boutonn\u00e9 cach\u00e9 ajoute de la sophistication tout en conservant un look \u00e9pur\u00e9.","og_url":"https:\/\/perle-in.com\/en\/product\/chemise-manches-longues-homme-hamell\/","og_site_name":"PERLE IN","article_modified_time":"2025-10-14T20:31:05+00:00","og_image":[{"width":1600,"height":1600,"url":"https:\/\/perle-in.com\/wp-content\/uploads\/2025\/10\/3816801-1.jpg","type":"image\/jpeg"}],"twitter_card":"summary_large_image","schema":{"@context":"https:\/\/schema.org","@graph":[{"@type":"WebPage","@id":"https:\/\/perle-in.com\/produit\/chemise-manches-longues-homme-hamell\/","url":"https:\/\/perle-in.com\/produit\/chemise-manches-longues-homme-hamell\/","name":"Chemise manches longues homme Hamell - PERLE IN","isPartOf":{"@id":"https:\/\/perle-in.com\/#website"},"primaryImageOfPage":{"@id":"https:\/\/perle-in.com\/produit\/chemise-manches-longues-homme-hamell\/#primaryimage"},"image":{"@id":"https:\/\/perle-in.com\/produit\/chemise-manches-longues-homme-hamell\/#primaryimage"},"thumbnailUrl":"https:\/\/perle-in.com\/wp-content\/uploads\/2025\/10\/3816801-1.jpg","datePublished":"2025-10-14T01:40:36+00:00","dateModified":"2025-10-14T20:31:05+00:00","breadcrumb":{"@id":"https:\/\/perle-in.com\/produit\/chemise-manches-longues-homme-hamell\/#breadcrumb"},"inLanguage":"en-CA","potentialAction":[{"@type":"ReadAction","target":["https:\/\/perle-in.com\/produit\/chemise-manches-longues-homme-hamell\/"]}]},{"@type":"ImageObject","inLanguage":"en-CA","@id":"https:\/\/perle-in.com\/produit\/chemise-manches-longues-homme-hamell\/#primaryimage","url":"https:\/\/perle-in.com\/wp-content\/uploads\/2025\/10\/3816801-1.jpg","contentUrl":"https:\/\/perle-in.com\/wp-content\/uploads\/2025\/10\/3816801-1.jpg","width":1600,"height":1600},{"@type":"BreadcrumbList","@id":"https:\/\/perle-in.com\/produit\/chemise-manches-longues-homme-hamell\/#breadcrumb","itemListElement":[{"@type":"ListItem","position":1,"name":"Accueil","item":"https:\/\/perle-in.com\/"},{"@type":"ListItem","position":2,"name":"Boutique","item":"https:\/\/perle-in.com\/boutique\/"},{"@type":"ListItem","position":3,"name":"Chemise manches longues homme Hamell"}]},{"@type":"WebSite","@id":"https:\/\/perle-in.com\/#website","url":"https:\/\/perle-in.com\/","name":"PERLE IN","description":"","publisher":{"@id":"https:\/\/perle-in.com\/#organization"},"potentialAction":[{"@type":"SearchAction","target":{"@type":"EntryPoint","urlTemplate":"https:\/\/perle-in.com\/?s={search_term_string}"},"query-input":{"@type":"PropertyValueSpecification","valueRequired":true,"valueName":"search_term_string"}}],"inLanguage":"en-CA"},{"@type":"Organization","@id":"https:\/\/perle-in.com\/#organization","name":"PERLE IN","url":"https:\/\/perle-in.com\/","logo":{"@type":"ImageObject","inLanguage":"en-CA","@id":"https:\/\/perle-in.com\/#\/schema\/logo\/image\/","url":"https:\/\/perle-in.com\/wp-content\/uploads\/2022\/12\/LOGO-PERLE-IN-COULEUR@3x.webp","contentUrl":"https:\/\/perle-in.com\/wp-content\/uploads\/2022\/12\/LOGO-PERLE-IN-COULEUR@3x.webp","width":1600,"height":490,"caption":"PERLE IN"},"image":{"@id":"https:\/\/perle-in.com\/#\/schema\/logo\/image\/"}}]}},"jetpack_sharing_enabled":true,"_links":{"self":[{"href":"https:\/\/perle-in.com\/en\/wp-json\/wp\/v2\/product\/515939","targetHints":{"allow":["GET"]}}],"collection":[{"href":"https:\/\/perle-in.com\/en\/wp-json\/wp\/v2\/product"}],"about":[{"href":"https:\/\/perle-in.com\/en\/wp-json\/wp\/v2\/types\/product"}],"version-history":[{"count":0,"href":"https:\/\/perle-in.com\/en\/wp-json\/wp\/v2\/product\/515939\/revisions"}],"wp:featuredmedia":[{"embeddable":true,"href":"https:\/\/perle-in.com\/en\/wp-json\/wp\/v2\/media\/515920"}],"wp:attachment":[{"href":"https:\/\/perle-in.com\/en\/wp-json\/wp\/v2\/media?parent=515939"}],"wp:term":[{"taxonomy":"product_brand","embeddable":true,"href":"https:\/\/perle-in.com\/en\/wp-json\/wp\/v2\/product_brand?post=515939"},{"taxonomy":"product_cat","embeddable":true,"href":"https:\/\/perle-in.com\/en\/wp-json\/wp\/v2\/product_cat?post=515939"},{"taxonomy":"product_tag","embeddable":true,"href":"https:\/\/perle-in.com\/en\/wp-json\/wp\/v2\/product_tag?post=515939"}],"curies":[{"name":"wp","href":"https:\/\/api.w.org\/{rel}","templated":true}]}}

<p>La chemise extensible à manches longues Hamell pour homme est une combinaison idéale de style et de confort. Cette chemise tissée se compose d&#8217;une popeline légère composée de 97 % de coton et de 3 % d&#8217;élasthanne. La popeline est connue pour son tissage serré, qui lui confère une durabilité exceptionnelle tout en conservant une texture douce et lisse sur la peau. Cela signifie que la chemise Hamell n&#8217;est pas seulement confortable à porter, mais qu&#8217;elle résiste également à l&#8217;usure quotidienne, garantissant ainsi une utilisation durable. L&#8217;extensibilité supplémentaire offre une liberté de mouvement ultime, garantissant un confort optimal tout au long de la journée. Son col boutonné caché ajoute de la sophistication tout en conservant un look épuré. </p>

<!-- This site is optimized with the Yoast SEO plugin v27.4 - https://yoast.com/product/yoast-seo-wordpress/ -->
<title>Chemise manches longues homme Hamell - PERLE IN</title>
<meta name="robots" content="noindex, follow, max-snippet:-1, max-image-preview:large, max-video-preview:-1" />
<meta property="og:locale" content="en_US" />
<meta property="og:type" content="article" />
<meta property="og:title" content="Chemise manches longues homme Hamell - PERLE IN" />
<meta property="og:description" content="La chemise extensible à manches longues Hamell pour homme est une combinaison idéale de style et de confort. Cette chemise tissée se compose d&#039;une popeline légère composée de 97 % de coton et de 3 % d&#039;élasthanne. La popeline est connue pour son tissage serré, qui lui confère une durabilité exceptionnelle tout en conservant une texture douce et lisse sur la peau. Cela signifie que la chemise Hamell n&#039;est pas seulement confortable à porter, mais qu&#039;elle résiste également à l&#039;usure quotidienne, garantissant ainsi une utilisation durable. L&#039;extensibilité supplémentaire offre une liberté de mouvement ultime, garantissant un confort optimal tout au long de la journée. Son col boutonné caché ajoute de la sophistication tout en conservant un look épuré." />
<meta property="og:url" content="https://perle-in.com/en/product/chemise-manches-longues-homme-hamell/" />
<meta property="og:site_name" content="PERLE IN" />
<meta property="article:modified_time" content="2025-10-14T20:31:05+00:00" />
<meta property="og:image" content="https://perle-in.com/wp-content/uploads/2025/10/3816801-1.jpg" />
	<meta property="og:image:width" content="1600" />
	<meta property="og:image:height" content="1600" />
	<meta property="og:image:type" content="image/jpeg" />
<meta name="twitter:card" content="summary_large_image" />
<script type="application/ld+json" class="yoast-schema-graph">{"@context":"https:\/\/schema.org","@graph":[{"@type":"WebPage","@id":"https:\/\/perle-in.com\/produit\/chemise-manches-longues-homme-hamell\/","url":"https:\/\/perle-in.com\/produit\/chemise-manches-longues-homme-hamell\/","name":"Chemise manches longues homme Hamell - PERLE IN","isPartOf":{"@id":"https:\/\/perle-in.com\/#website"},"primaryImageOfPage":{"@id":"https:\/\/perle-in.com\/produit\/chemise-manches-longues-homme-hamell\/#primaryimage"},"image":{"@id":"https:\/\/perle-in.com\/produit\/chemise-manches-longues-homme-hamell\/#primaryimage"},"thumbnailUrl":"https:\/\/perle-in.com\/wp-content\/uploads\/2025\/10\/3816801-1.jpg","datePublished":"2025-10-14T01:40:36+00:00","dateModified":"2025-10-14T20:31:05+00:00","breadcrumb":{"@id":"https:\/\/perle-in.com\/produit\/chemise-manches-longues-homme-hamell\/#breadcrumb"},"inLanguage":"en-CA","potentialAction":[{"@type":"ReadAction","target":["https:\/\/perle-in.com\/produit\/chemise-manches-longues-homme-hamell\/"]}]},{"@type":"ImageObject","inLanguage":"en-CA","@id":"https:\/\/perle-in.com\/produit\/chemise-manches-longues-homme-hamell\/#primaryimage","url":"https:\/\/perle-in.com\/wp-content\/uploads\/2025\/10\/3816801-1.jpg","contentUrl":"https:\/\/perle-in.com\/wp-content\/uploads\/2025\/10\/3816801-1.jpg","width":1600,"height":1600},{"@type":"BreadcrumbList","@id":"https:\/\/perle-in.com\/produit\/chemise-manches-longues-homme-hamell\/#breadcrumb","itemListElement":[{"@type":"ListItem","position":1,"name":"Accueil","item":"https:\/\/perle-in.com\/"},{"@type":"ListItem","position":2,"name":"Boutique","item":"https:\/\/perle-in.com\/boutique\/"},{"@type":"ListItem","position":3,"name":"Chemise manches longues homme Hamell"}]},{"@type":"WebSite","@id":"https:\/\/perle-in.com\/#website","url":"https:\/\/perle-in.com\/","name":"PERLE IN","description":"","publisher":{"@id":"https:\/\/perle-in.com\/#organization"},"potentialAction":[{"@type":"SearchAction","target":{"@type":"EntryPoint","urlTemplate":"https:\/\/perle-in.com\/?s={search_term_string}"},"query-input":{"@type":"PropertyValueSpecification","valueRequired":true,"valueName":"search_term_string"}}],"inLanguage":"en-CA"},{"@type":"Organization","@id":"https:\/\/perle-in.com\/#organization","name":"PERLE IN","url":"https:\/\/perle-in.com\/","logo":{"@type":"ImageObject","inLanguage":"en-CA","@id":"https:\/\/perle-in.com\/#\/schema\/logo\/image\/","url":"https:\/\/perle-in.com\/wp-content\/uploads\/2022\/12\/LOGO-PERLE-IN-COULEUR@3x.webp","contentUrl":"https:\/\/perle-in.com\/wp-content\/uploads\/2022\/12\/LOGO-PERLE-IN-COULEUR@3x.webp","width":1600,"height":490,"caption":"PERLE IN"},"image":{"@id":"https:\/\/perle-in.com\/#\/schema\/logo\/image\/"}}]}</script>
<!-- / Yoast SEO plugin. -->

La chemise extensible à manches longues Hamell pour homme est une combinaison idéale de style et de confort. Cette chemise tissée se compose d'une popeline légère composée de 97 % de coton et de 3 % d'élasthanne. La popeline est connue pour son tissage serré, qui lui confère une durabilité exceptionnelle tout en conservant une texture douce et lisse sur la peau. Cela signifie que la chemise Hamell n'est pas seulement confortable à porter, mais qu'elle résiste également à l'usure quotidienne, garantissant ainsi une utilisation durable. L'extensibilité supplémentaire offre une liberté de mouvement ultime, garantissant un confort optimal tout au long de la journée. Son col boutonné caché ajoute de la sophistication tout en conservant un look épuré.
