{"id":505379,"date":"2025-10-13T21:40:35","date_gmt":"2025-10-13T19:40:35","guid":{"rendered":"https:\/\/perle-in.com\/produit\/couverture-durgence-a-2-fonctions-frederik\/"},"modified":"2025-10-13T21:40:36","modified_gmt":"2025-10-13T19:40:36","slug":"couverture-durgence-a-2-fonctions-frederik","status":"publish","type":"product","link":"https:\/\/perle-in.com\/en\/product\/couverture-durgence-a-2-fonctions-frederik\/","title":{"rendered":"Couverture d&#8217;urgence \u00e0 2 fonctions Frederik"},"content":{"rendered":"","protected":false},"excerpt":{"rendered":"<p>Couverture d&#8217;urgence capable de fournir une protection contre la chaleur, le froid et l&#8217;humidit\u00e9. Parfaite pour les voyages en camping, les \u00e9v\u00e9nements sportifs et les situations d&#8217;urgence. Lorsque le c\u00f4t\u00e9 argent\u00e9 est contre le corps, elle offre une protection contre le froid. Le c\u00f4t\u00e9 dor\u00e9 contre le corps vous gardera au frais. La taille de la couverture est de 160 x 210 cm. La couverture est r\u00e9glement\u00e9e, test\u00e9e et certifi\u00e9e en tant que dispositif m\u00e9dical de classe I conform\u00e9ment \u00e0 la directive MDD 93\/42\/CEE du 14 juin 1993 relative aux dispositifs m\u00e9dicaux.<\/p>","protected":false},"featured_media":505368,"template":"","meta":{"_eb_attr":""},"product_brand":[],"product_cat":[390,391],"product_tag":[1943,134,737,1942,685,508],"class_list":{"0":"post-505379","1":"product","2":"type-product","3":"status-publish","4":"has-post-thumbnail","6":"product_cat-sant-et-hygine-personnelle","7":"product_cat-trousses-de-secours","8":"product_tag-camping","9":"product_tag-couverture","10":"product_tag-exterieur","11":"product_tag-frederik","12":"product_tag-securite","13":"product_tag-urgence","14":"pa_couleurs-argent-dore","15":"pa_matiere-plastique-pet","17":"first","18":"instock","19":"shipping-taxable","20":"purchasable","21":"product-type-variable"},"yoast_head":"<!-- This site is optimized with the Yoast SEO plugin v27.4 - https:\/\/yoast.com\/product\/yoast-seo-wordpress\/ -->\n<title>Couverture d&#039;urgence \u00e0 2 fonctions Frederik - PERLE IN<\/title>\n<meta name=\"robots\" content=\"noindex, follow, max-snippet:-1, max-image-preview:large, max-video-preview:-1\" \/>\n<meta property=\"og:locale\" content=\"en_US\" \/>\n<meta property=\"og:type\" content=\"article\" \/>\n<meta property=\"og:title\" content=\"Couverture d&#039;urgence \u00e0 2 fonctions Frederik - PERLE IN\" \/>\n<meta property=\"og:description\" content=\"Couverture d&#039;urgence capable de fournir une protection contre la chaleur, le froid et l&#039;humidit\u00e9. Parfaite pour les voyages en camping, les \u00e9v\u00e9nements sportifs et les situations d&#039;urgence. Lorsque le c\u00f4t\u00e9 argent\u00e9 est contre le corps, elle offre une protection contre le froid. Le c\u00f4t\u00e9 dor\u00e9 contre le corps vous gardera au frais. La taille de la couverture est de 160 x 210 cm. La couverture est r\u00e9glement\u00e9e, test\u00e9e et certifi\u00e9e en tant que dispositif m\u00e9dical de classe I conform\u00e9ment \u00e0 la directive MDD 93\/42\/CEE du 14 juin 1993 relative aux dispositifs m\u00e9dicaux.\" \/>\n<meta property=\"og:url\" content=\"https:\/\/perle-in.com\/en\/product\/couverture-durgence-a-2-fonctions-frederik\/\" \/>\n<meta property=\"og:site_name\" content=\"PERLE IN\" \/>\n<meta property=\"article:modified_time\" content=\"2025-10-13T19:40:36+00:00\" \/>\n<meta property=\"og:image\" content=\"https:\/\/perle-in.com\/wp-content\/uploads\/2025\/10\/12200500-1.jpg\" \/>\n\t<meta property=\"og:image:width\" content=\"1600\" \/>\n\t<meta property=\"og:image:height\" content=\"1600\" \/>\n\t<meta property=\"og:image:type\" content=\"image\/jpeg\" \/>\n<meta name=\"twitter:card\" content=\"summary_large_image\" \/>\n<script type=\"application\/ld+json\" class=\"yoast-schema-graph\">{\"@context\":\"https:\\\/\\\/schema.org\",\"@graph\":[{\"@type\":\"WebPage\",\"@id\":\"https:\\\/\\\/perle-in.com\\\/produit\\\/couverture-durgence-a-2-fonctions-frederik\\\/\",\"url\":\"https:\\\/\\\/perle-in.com\\\/produit\\\/couverture-durgence-a-2-fonctions-frederik\\\/\",\"name\":\"Couverture d'urgence \u00e0 2 fonctions Frederik - PERLE IN\",\"isPartOf\":{\"@id\":\"https:\\\/\\\/perle-in.com\\\/#website\"},\"primaryImageOfPage\":{\"@id\":\"https:\\\/\\\/perle-in.com\\\/produit\\\/couverture-durgence-a-2-fonctions-frederik\\\/#primaryimage\"},\"image\":{\"@id\":\"https:\\\/\\\/perle-in.com\\\/produit\\\/couverture-durgence-a-2-fonctions-frederik\\\/#primaryimage\"},\"thumbnailUrl\":\"https:\\\/\\\/perle-in.com\\\/wp-content\\\/uploads\\\/2025\\\/10\\\/12200500-1.jpg\",\"datePublished\":\"2025-10-13T19:40:35+00:00\",\"dateModified\":\"2025-10-13T19:40:36+00:00\",\"breadcrumb\":{\"@id\":\"https:\\\/\\\/perle-in.com\\\/produit\\\/couverture-durgence-a-2-fonctions-frederik\\\/#breadcrumb\"},\"inLanguage\":\"en-CA\",\"potentialAction\":[{\"@type\":\"ReadAction\",\"target\":[\"https:\\\/\\\/perle-in.com\\\/produit\\\/couverture-durgence-a-2-fonctions-frederik\\\/\"]}]},{\"@type\":\"ImageObject\",\"inLanguage\":\"en-CA\",\"@id\":\"https:\\\/\\\/perle-in.com\\\/produit\\\/couverture-durgence-a-2-fonctions-frederik\\\/#primaryimage\",\"url\":\"https:\\\/\\\/perle-in.com\\\/wp-content\\\/uploads\\\/2025\\\/10\\\/12200500-1.jpg\",\"contentUrl\":\"https:\\\/\\\/perle-in.com\\\/wp-content\\\/uploads\\\/2025\\\/10\\\/12200500-1.jpg\",\"width\":1600,\"height\":1600},{\"@type\":\"BreadcrumbList\",\"@id\":\"https:\\\/\\\/perle-in.com\\\/produit\\\/couverture-durgence-a-2-fonctions-frederik\\\/#breadcrumb\",\"itemListElement\":[{\"@type\":\"ListItem\",\"position\":1,\"name\":\"Accueil\",\"item\":\"https:\\\/\\\/perle-in.com\\\/\"},{\"@type\":\"ListItem\",\"position\":2,\"name\":\"Boutique\",\"item\":\"https:\\\/\\\/perle-in.com\\\/boutique\\\/\"},{\"@type\":\"ListItem\",\"position\":3,\"name\":\"Couverture d&#8217;urgence \u00e0 2 fonctions Frederik\"}]},{\"@type\":\"WebSite\",\"@id\":\"https:\\\/\\\/perle-in.com\\\/#website\",\"url\":\"https:\\\/\\\/perle-in.com\\\/\",\"name\":\"PERLE IN\",\"description\":\"\",\"publisher\":{\"@id\":\"https:\\\/\\\/perle-in.com\\\/#organization\"},\"potentialAction\":[{\"@type\":\"SearchAction\",\"target\":{\"@type\":\"EntryPoint\",\"urlTemplate\":\"https:\\\/\\\/perle-in.com\\\/?s={search_term_string}\"},\"query-input\":{\"@type\":\"PropertyValueSpecification\",\"valueRequired\":true,\"valueName\":\"search_term_string\"}}],\"inLanguage\":\"en-CA\"},{\"@type\":\"Organization\",\"@id\":\"https:\\\/\\\/perle-in.com\\\/#organization\",\"name\":\"PERLE IN\",\"url\":\"https:\\\/\\\/perle-in.com\\\/\",\"logo\":{\"@type\":\"ImageObject\",\"inLanguage\":\"en-CA\",\"@id\":\"https:\\\/\\\/perle-in.com\\\/#\\\/schema\\\/logo\\\/image\\\/\",\"url\":\"https:\\\/\\\/perle-in.com\\\/wp-content\\\/uploads\\\/2022\\\/12\\\/LOGO-PERLE-IN-COULEUR@3x.webp\",\"contentUrl\":\"https:\\\/\\\/perle-in.com\\\/wp-content\\\/uploads\\\/2022\\\/12\\\/LOGO-PERLE-IN-COULEUR@3x.webp\",\"width\":1600,\"height\":490,\"caption\":\"PERLE IN\"},\"image\":{\"@id\":\"https:\\\/\\\/perle-in.com\\\/#\\\/schema\\\/logo\\\/image\\\/\"}}]}<\/script>\n<!-- \/ Yoast SEO plugin. -->","yoast_head_json":{"title":"Couverture d'urgence \u00e0 2 fonctions Frederik - PERLE IN","robots":{"index":"noindex","follow":"follow","max-snippet":"max-snippet:-1","max-image-preview":"max-image-preview:large","max-video-preview":"max-video-preview:-1"},"og_locale":"en_US","og_type":"article","og_title":"Couverture d'urgence \u00e0 2 fonctions Frederik - PERLE IN","og_description":"Couverture d'urgence capable de fournir une protection contre la chaleur, le froid et l'humidit\u00e9. Parfaite pour les voyages en camping, les \u00e9v\u00e9nements sportifs et les situations d'urgence. Lorsque le c\u00f4t\u00e9 argent\u00e9 est contre le corps, elle offre une protection contre le froid. Le c\u00f4t\u00e9 dor\u00e9 contre le corps vous gardera au frais. La taille de la couverture est de 160 x 210 cm. La couverture est r\u00e9glement\u00e9e, test\u00e9e et certifi\u00e9e en tant que dispositif m\u00e9dical de classe I conform\u00e9ment \u00e0 la directive MDD 93\/42\/CEE du 14 juin 1993 relative aux dispositifs m\u00e9dicaux.","og_url":"https:\/\/perle-in.com\/en\/product\/couverture-durgence-a-2-fonctions-frederik\/","og_site_name":"PERLE IN","article_modified_time":"2025-10-13T19:40:36+00:00","og_image":[{"width":1600,"height":1600,"url":"https:\/\/perle-in.com\/wp-content\/uploads\/2025\/10\/12200500-1.jpg","type":"image\/jpeg"}],"twitter_card":"summary_large_image","schema":{"@context":"https:\/\/schema.org","@graph":[{"@type":"WebPage","@id":"https:\/\/perle-in.com\/produit\/couverture-durgence-a-2-fonctions-frederik\/","url":"https:\/\/perle-in.com\/produit\/couverture-durgence-a-2-fonctions-frederik\/","name":"Couverture d'urgence \u00e0 2 fonctions Frederik - PERLE IN","isPartOf":{"@id":"https:\/\/perle-in.com\/#website"},"primaryImageOfPage":{"@id":"https:\/\/perle-in.com\/produit\/couverture-durgence-a-2-fonctions-frederik\/#primaryimage"},"image":{"@id":"https:\/\/perle-in.com\/produit\/couverture-durgence-a-2-fonctions-frederik\/#primaryimage"},"thumbnailUrl":"https:\/\/perle-in.com\/wp-content\/uploads\/2025\/10\/12200500-1.jpg","datePublished":"2025-10-13T19:40:35+00:00","dateModified":"2025-10-13T19:40:36+00:00","breadcrumb":{"@id":"https:\/\/perle-in.com\/produit\/couverture-durgence-a-2-fonctions-frederik\/#breadcrumb"},"inLanguage":"en-CA","potentialAction":[{"@type":"ReadAction","target":["https:\/\/perle-in.com\/produit\/couverture-durgence-a-2-fonctions-frederik\/"]}]},{"@type":"ImageObject","inLanguage":"en-CA","@id":"https:\/\/perle-in.com\/produit\/couverture-durgence-a-2-fonctions-frederik\/#primaryimage","url":"https:\/\/perle-in.com\/wp-content\/uploads\/2025\/10\/12200500-1.jpg","contentUrl":"https:\/\/perle-in.com\/wp-content\/uploads\/2025\/10\/12200500-1.jpg","width":1600,"height":1600},{"@type":"BreadcrumbList","@id":"https:\/\/perle-in.com\/produit\/couverture-durgence-a-2-fonctions-frederik\/#breadcrumb","itemListElement":[{"@type":"ListItem","position":1,"name":"Accueil","item":"https:\/\/perle-in.com\/"},{"@type":"ListItem","position":2,"name":"Boutique","item":"https:\/\/perle-in.com\/boutique\/"},{"@type":"ListItem","position":3,"name":"Couverture d&#8217;urgence \u00e0 2 fonctions Frederik"}]},{"@type":"WebSite","@id":"https:\/\/perle-in.com\/#website","url":"https:\/\/perle-in.com\/","name":"PERLE IN","description":"","publisher":{"@id":"https:\/\/perle-in.com\/#organization"},"potentialAction":[{"@type":"SearchAction","target":{"@type":"EntryPoint","urlTemplate":"https:\/\/perle-in.com\/?s={search_term_string}"},"query-input":{"@type":"PropertyValueSpecification","valueRequired":true,"valueName":"search_term_string"}}],"inLanguage":"en-CA"},{"@type":"Organization","@id":"https:\/\/perle-in.com\/#organization","name":"PERLE IN","url":"https:\/\/perle-in.com\/","logo":{"@type":"ImageObject","inLanguage":"en-CA","@id":"https:\/\/perle-in.com\/#\/schema\/logo\/image\/","url":"https:\/\/perle-in.com\/wp-content\/uploads\/2022\/12\/LOGO-PERLE-IN-COULEUR@3x.webp","contentUrl":"https:\/\/perle-in.com\/wp-content\/uploads\/2022\/12\/LOGO-PERLE-IN-COULEUR@3x.webp","width":1600,"height":490,"caption":"PERLE IN"},"image":{"@id":"https:\/\/perle-in.com\/#\/schema\/logo\/image\/"}}]}},"jetpack_sharing_enabled":true,"_links":{"self":[{"href":"https:\/\/perle-in.com\/en\/wp-json\/wp\/v2\/product\/505379","targetHints":{"allow":["GET"]}}],"collection":[{"href":"https:\/\/perle-in.com\/en\/wp-json\/wp\/v2\/product"}],"about":[{"href":"https:\/\/perle-in.com\/en\/wp-json\/wp\/v2\/types\/product"}],"version-history":[{"count":0,"href":"https:\/\/perle-in.com\/en\/wp-json\/wp\/v2\/product\/505379\/revisions"}],"wp:featuredmedia":[{"embeddable":true,"href":"https:\/\/perle-in.com\/en\/wp-json\/wp\/v2\/media\/505368"}],"wp:attachment":[{"href":"https:\/\/perle-in.com\/en\/wp-json\/wp\/v2\/media?parent=505379"}],"wp:term":[{"taxonomy":"product_brand","embeddable":true,"href":"https:\/\/perle-in.com\/en\/wp-json\/wp\/v2\/product_brand?post=505379"},{"taxonomy":"product_cat","embeddable":true,"href":"https:\/\/perle-in.com\/en\/wp-json\/wp\/v2\/product_cat?post=505379"},{"taxonomy":"product_tag","embeddable":true,"href":"https:\/\/perle-in.com\/en\/wp-json\/wp\/v2\/product_tag?post=505379"}],"curies":[{"name":"wp","href":"https:\/\/api.w.org\/{rel}","templated":true}]}}

Couverture d&#8217;urgence à 2 fonctions Frederik

<p>Couverture d&#8217;urgence capable de fournir une protection contre la chaleur, le froid et l&#8217;humidité. Parfaite pour les voyages en camping, les événements sportifs et les situations d&#8217;urgence. Lorsque le côté argenté est contre le corps, elle offre une protection contre le froid. Le côté doré contre le corps vous gardera au frais. La taille de la couverture est de 160 x 210 cm. La couverture est réglementée, testée et certifiée en tant que dispositif médical de classe I conformément à la directive MDD 93/42/CEE du 14 juin 1993 relative aux dispositifs médicaux.</p>

<!-- This site is optimized with the Yoast SEO plugin v27.4 - https://yoast.com/product/yoast-seo-wordpress/ -->
<title>Couverture d&#039;urgence à 2 fonctions Frederik - PERLE IN</title>
<meta name="robots" content="noindex, follow, max-snippet:-1, max-image-preview:large, max-video-preview:-1" />
<meta property="og:locale" content="en_US" />
<meta property="og:type" content="article" />
<meta property="og:title" content="Couverture d&#039;urgence à 2 fonctions Frederik - PERLE IN" />
<meta property="og:description" content="Couverture d&#039;urgence capable de fournir une protection contre la chaleur, le froid et l&#039;humidité. Parfaite pour les voyages en camping, les événements sportifs et les situations d&#039;urgence. Lorsque le côté argenté est contre le corps, elle offre une protection contre le froid. Le côté doré contre le corps vous gardera au frais. La taille de la couverture est de 160 x 210 cm. La couverture est réglementée, testée et certifiée en tant que dispositif médical de classe I conformément à la directive MDD 93/42/CEE du 14 juin 1993 relative aux dispositifs médicaux." />
<meta property="og:url" content="https://perle-in.com/en/product/couverture-durgence-a-2-fonctions-frederik/" />
<meta property="og:site_name" content="PERLE IN" />
<meta property="article:modified_time" content="2025-10-13T19:40:36+00:00" />
<meta property="og:image" content="https://perle-in.com/wp-content/uploads/2025/10/12200500-1.jpg" />
	<meta property="og:image:width" content="1600" />
	<meta property="og:image:height" content="1600" />
	<meta property="og:image:type" content="image/jpeg" />
<meta name="twitter:card" content="summary_large_image" />
<script type="application/ld+json" class="yoast-schema-graph">{"@context":"https:\/\/schema.org","@graph":[{"@type":"WebPage","@id":"https:\/\/perle-in.com\/produit\/couverture-durgence-a-2-fonctions-frederik\/","url":"https:\/\/perle-in.com\/produit\/couverture-durgence-a-2-fonctions-frederik\/","name":"Couverture d'urgence à 2 fonctions Frederik - PERLE IN","isPartOf":{"@id":"https:\/\/perle-in.com\/#website"},"primaryImageOfPage":{"@id":"https:\/\/perle-in.com\/produit\/couverture-durgence-a-2-fonctions-frederik\/#primaryimage"},"image":{"@id":"https:\/\/perle-in.com\/produit\/couverture-durgence-a-2-fonctions-frederik\/#primaryimage"},"thumbnailUrl":"https:\/\/perle-in.com\/wp-content\/uploads\/2025\/10\/12200500-1.jpg","datePublished":"2025-10-13T19:40:35+00:00","dateModified":"2025-10-13T19:40:36+00:00","breadcrumb":{"@id":"https:\/\/perle-in.com\/produit\/couverture-durgence-a-2-fonctions-frederik\/#breadcrumb"},"inLanguage":"en-CA","potentialAction":[{"@type":"ReadAction","target":["https:\/\/perle-in.com\/produit\/couverture-durgence-a-2-fonctions-frederik\/"]}]},{"@type":"ImageObject","inLanguage":"en-CA","@id":"https:\/\/perle-in.com\/produit\/couverture-durgence-a-2-fonctions-frederik\/#primaryimage","url":"https:\/\/perle-in.com\/wp-content\/uploads\/2025\/10\/12200500-1.jpg","contentUrl":"https:\/\/perle-in.com\/wp-content\/uploads\/2025\/10\/12200500-1.jpg","width":1600,"height":1600},{"@type":"BreadcrumbList","@id":"https:\/\/perle-in.com\/produit\/couverture-durgence-a-2-fonctions-frederik\/#breadcrumb","itemListElement":[{"@type":"ListItem","position":1,"name":"Accueil","item":"https:\/\/perle-in.com\/"},{"@type":"ListItem","position":2,"name":"Boutique","item":"https:\/\/perle-in.com\/boutique\/"},{"@type":"ListItem","position":3,"name":"Couverture d&#8217;urgence à 2 fonctions Frederik"}]},{"@type":"WebSite","@id":"https:\/\/perle-in.com\/#website","url":"https:\/\/perle-in.com\/","name":"PERLE IN","description":"","publisher":{"@id":"https:\/\/perle-in.com\/#organization"},"potentialAction":[{"@type":"SearchAction","target":{"@type":"EntryPoint","urlTemplate":"https:\/\/perle-in.com\/?s={search_term_string}"},"query-input":{"@type":"PropertyValueSpecification","valueRequired":true,"valueName":"search_term_string"}}],"inLanguage":"en-CA"},{"@type":"Organization","@id":"https:\/\/perle-in.com\/#organization","name":"PERLE IN","url":"https:\/\/perle-in.com\/","logo":{"@type":"ImageObject","inLanguage":"en-CA","@id":"https:\/\/perle-in.com\/#\/schema\/logo\/image\/","url":"https:\/\/perle-in.com\/wp-content\/uploads\/2022\/12\/LOGO-PERLE-IN-COULEUR@3x.webp","contentUrl":"https:\/\/perle-in.com\/wp-content\/uploads\/2022\/12\/LOGO-PERLE-IN-COULEUR@3x.webp","width":1600,"height":490,"caption":"PERLE IN"},"image":{"@id":"https:\/\/perle-in.com\/#\/schema\/logo\/image\/"}}]}</script>
<!-- / Yoast SEO plugin. -->

Couverture d'urgence à 2 fonctions Frederik - PERLE IN

Couverture d'urgence capable de fournir une protection contre la chaleur, le froid et l'humidité. Parfaite pour les voyages en camping, les événements sportifs et les situations d'urgence. Lorsque le côté argenté est contre le corps, elle offre une protection contre le froid. Le côté doré contre le corps vous gardera au frais. La taille de la couverture est de 160 x 210 cm. La couverture est réglementée, testée et certifiée en tant que dispositif médical de classe I conformément à la directive MDD 93/42/CEE du 14 juin 1993 relative aux dispositifs médicaux.
