{"id":504928,"date":"2025-10-13T21:02:48","date_gmt":"2025-10-13T19:02:48","guid":{"rendered":"https:\/\/perle-in.com\/produit\/sac-coton-odessa-220-gr-m%c2%b2-13l\/"},"modified":"2025-10-13T21:03:00","modified_gmt":"2025-10-13T19:03:00","slug":"sac-coton-odessa-220-gr-m%c2%b2-13l","status":"publish","type":"product","link":"https:\/\/perle-in.com\/en\/product\/sac-coton-odessa-220-gr-m%c2%b2-13l\/","title":{"rendered":"Sac coton Odessa 220 gr\/m\u00b2 13L"},"content":{"rendered":"","protected":false},"excerpt":{"rendered":"<p>Le sac fourre-tout Odessa est con\u00e7u pour un portage confortable avec ses poign\u00e9es de 30 cm de long et son grand compartiment principal \u00e0 soufflet. Que ce soit pour transporter des livres lourds ou des courses, ce sac est con\u00e7u pour couvrir tous les besoins. Le coton de 220 g\/m\u00b2 assure durabilit\u00e9 et fiabilit\u00e9, conf\u00e9rant au sac une r\u00e9sistance jusqu&#8217;\u00e0 un poids de 10 kg. Fabriqu\u00e9 en Inde et certifi\u00e9 OEKO-Tex.<\/p>","protected":false},"featured_media":504910,"template":"","meta":{"_eb_attr":""},"product_brand":[],"product_cat":[159,959],"product_tag":[1009,1792,1786,1796,1797,1787,1794,282,1795,1789,287,289,1788,1790,1798,1799,283,1793,288,290,1791,1800,1801,1779,291],"class_list":{"0":"post-504928","1":"product","2":"type-product","3":"status-publish","4":"has-post-thumbnail","6":"product_cat-sacs","7":"product_cat-sacs-de-shopping","8":"product_tag-conference","9":"product_tag-conferences","10":"product_tag-coton","11":"product_tag-document","12":"product_tag-documents","13":"product_tag-fourre-tout-en-coton","14":"product_tag-porte-documents","15":"product_tag-sac","16":"product_tag-sac-de-conference","17":"product_tag-sac-de-courses-en-coton","18":"product_tag-sac-de-transport","19":"product_tag-sac-de-voyage","20":"product_tag-sac-en-coton","21":"product_tag-sac-shopping","22":"product_tag-sacoche","23":"product_tag-sacoches","24":"product_tag-sacs","25":"product_tag-sacs-de-conference","26":"product_tag-sacs-de-transport","27":"product_tag-sacs-de-voyage","28":"product_tag-sacs-shopping","29":"product_tag-serviette","30":"product_tag-serviettes","31":"product_tag-totebag","32":"product_tag-voyage","33":"pa_couleurs-blanc","34":"pa_couleurs-bleu-process","35":"pa_couleurs-bleu-royal","36":"pa_couleurs-citron-vert","37":"pa_couleurs-gris","38":"pa_couleurs-marine","39":"pa_couleurs-naturel","40":"pa_couleurs-noir","41":"pa_couleurs-orange","42":"pa_couleurs-rouge","43":"pa_matiere-coton-220-g-m2","44":"pa_pays-d-origine-inde","46":"first","47":"instock","48":"shipping-taxable","49":"purchasable","50":"product-type-variable"},"yoast_head":"<!-- This site is optimized with the Yoast SEO plugin v27.4 - https:\/\/yoast.com\/product\/yoast-seo-wordpress\/ -->\n<title>Sac coton Odessa 220 gr\/m\u00b2 13L - PERLE IN<\/title>\n<meta name=\"robots\" content=\"noindex, follow, max-snippet:-1, max-image-preview:large, max-video-preview:-1\" \/>\n<meta property=\"og:locale\" content=\"en_US\" \/>\n<meta property=\"og:type\" content=\"article\" \/>\n<meta property=\"og:title\" content=\"Sac coton Odessa 220 gr\/m\u00b2 13L - PERLE IN\" \/>\n<meta property=\"og:description\" content=\"Le sac fourre-tout Odessa est con\u00e7u pour un portage confortable avec ses poign\u00e9es de 30 cm de long et son grand compartiment principal \u00e0 soufflet. Que ce soit pour transporter des livres lourds ou des courses, ce sac est con\u00e7u pour couvrir tous les besoins. Le coton de 220 g\/m\u00b2 assure durabilit\u00e9 et fiabilit\u00e9, conf\u00e9rant au sac une r\u00e9sistance jusqu&#039;\u00e0 un poids de 10 kg. Fabriqu\u00e9 en Inde et certifi\u00e9 OEKO-Tex.\" \/>\n<meta property=\"og:url\" content=\"https:\/\/perle-in.com\/en\/product\/sac-coton-odessa-220-gr-m\u00b2-13l\/\" \/>\n<meta property=\"og:site_name\" content=\"PERLE IN\" \/>\n<meta property=\"article:modified_time\" content=\"2025-10-13T19:03:00+00:00\" \/>\n<meta property=\"og:image\" content=\"https:\/\/perle-in.com\/wp-content\/uploads\/2025\/10\/12013500-1.jpg\" \/>\n\t<meta property=\"og:image:width\" content=\"1600\" \/>\n\t<meta property=\"og:image:height\" content=\"1600\" \/>\n\t<meta property=\"og:image:type\" content=\"image\/jpeg\" \/>\n<meta name=\"twitter:card\" content=\"summary_large_image\" \/>\n<script type=\"application\/ld+json\" class=\"yoast-schema-graph\">{\"@context\":\"https:\\\/\\\/schema.org\",\"@graph\":[{\"@type\":\"WebPage\",\"@id\":\"https:\\\/\\\/perle-in.com\\\/produit\\\/sac-coton-odessa-220-gr-m%c2%b2-13l\\\/\",\"url\":\"https:\\\/\\\/perle-in.com\\\/produit\\\/sac-coton-odessa-220-gr-m%c2%b2-13l\\\/\",\"name\":\"Sac coton Odessa 220 gr\\\/m\u00b2 13L - PERLE IN\",\"isPartOf\":{\"@id\":\"https:\\\/\\\/perle-in.com\\\/#website\"},\"primaryImageOfPage\":{\"@id\":\"https:\\\/\\\/perle-in.com\\\/produit\\\/sac-coton-odessa-220-gr-m%c2%b2-13l\\\/#primaryimage\"},\"image\":{\"@id\":\"https:\\\/\\\/perle-in.com\\\/produit\\\/sac-coton-odessa-220-gr-m%c2%b2-13l\\\/#primaryimage\"},\"thumbnailUrl\":\"https:\\\/\\\/perle-in.com\\\/wp-content\\\/uploads\\\/2025\\\/10\\\/12013500-1.jpg\",\"datePublished\":\"2025-10-13T19:02:48+00:00\",\"dateModified\":\"2025-10-13T19:03:00+00:00\",\"breadcrumb\":{\"@id\":\"https:\\\/\\\/perle-in.com\\\/produit\\\/sac-coton-odessa-220-gr-m%c2%b2-13l\\\/#breadcrumb\"},\"inLanguage\":\"en-CA\",\"potentialAction\":[{\"@type\":\"ReadAction\",\"target\":[\"https:\\\/\\\/perle-in.com\\\/produit\\\/sac-coton-odessa-220-gr-m%c2%b2-13l\\\/\"]}]},{\"@type\":\"ImageObject\",\"inLanguage\":\"en-CA\",\"@id\":\"https:\\\/\\\/perle-in.com\\\/produit\\\/sac-coton-odessa-220-gr-m%c2%b2-13l\\\/#primaryimage\",\"url\":\"https:\\\/\\\/perle-in.com\\\/wp-content\\\/uploads\\\/2025\\\/10\\\/12013500-1.jpg\",\"contentUrl\":\"https:\\\/\\\/perle-in.com\\\/wp-content\\\/uploads\\\/2025\\\/10\\\/12013500-1.jpg\",\"width\":1600,\"height\":1600},{\"@type\":\"BreadcrumbList\",\"@id\":\"https:\\\/\\\/perle-in.com\\\/produit\\\/sac-coton-odessa-220-gr-m%c2%b2-13l\\\/#breadcrumb\",\"itemListElement\":[{\"@type\":\"ListItem\",\"position\":1,\"name\":\"Accueil\",\"item\":\"https:\\\/\\\/perle-in.com\\\/\"},{\"@type\":\"ListItem\",\"position\":2,\"name\":\"Boutique\",\"item\":\"https:\\\/\\\/perle-in.com\\\/boutique\\\/\"},{\"@type\":\"ListItem\",\"position\":3,\"name\":\"Sac coton Odessa 220 gr\\\/m\u00b2 13L\"}]},{\"@type\":\"WebSite\",\"@id\":\"https:\\\/\\\/perle-in.com\\\/#website\",\"url\":\"https:\\\/\\\/perle-in.com\\\/\",\"name\":\"PERLE IN\",\"description\":\"\",\"publisher\":{\"@id\":\"https:\\\/\\\/perle-in.com\\\/#organization\"},\"potentialAction\":[{\"@type\":\"SearchAction\",\"target\":{\"@type\":\"EntryPoint\",\"urlTemplate\":\"https:\\\/\\\/perle-in.com\\\/?s={search_term_string}\"},\"query-input\":{\"@type\":\"PropertyValueSpecification\",\"valueRequired\":true,\"valueName\":\"search_term_string\"}}],\"inLanguage\":\"en-CA\"},{\"@type\":\"Organization\",\"@id\":\"https:\\\/\\\/perle-in.com\\\/#organization\",\"name\":\"PERLE IN\",\"url\":\"https:\\\/\\\/perle-in.com\\\/\",\"logo\":{\"@type\":\"ImageObject\",\"inLanguage\":\"en-CA\",\"@id\":\"https:\\\/\\\/perle-in.com\\\/#\\\/schema\\\/logo\\\/image\\\/\",\"url\":\"https:\\\/\\\/perle-in.com\\\/wp-content\\\/uploads\\\/2022\\\/12\\\/LOGO-PERLE-IN-COULEUR@3x.webp\",\"contentUrl\":\"https:\\\/\\\/perle-in.com\\\/wp-content\\\/uploads\\\/2022\\\/12\\\/LOGO-PERLE-IN-COULEUR@3x.webp\",\"width\":1600,\"height\":490,\"caption\":\"PERLE IN\"},\"image\":{\"@id\":\"https:\\\/\\\/perle-in.com\\\/#\\\/schema\\\/logo\\\/image\\\/\"}}]}<\/script>\n<!-- \/ Yoast SEO plugin. -->","yoast_head_json":{"title":"Sac coton Odessa 220 gr\/m\u00b2 13L - PERLE IN","robots":{"index":"noindex","follow":"follow","max-snippet":"max-snippet:-1","max-image-preview":"max-image-preview:large","max-video-preview":"max-video-preview:-1"},"og_locale":"en_US","og_type":"article","og_title":"Sac coton Odessa 220 gr\/m\u00b2 13L - PERLE IN","og_description":"Le sac fourre-tout Odessa est con\u00e7u pour un portage confortable avec ses poign\u00e9es de 30 cm de long et son grand compartiment principal \u00e0 soufflet. Que ce soit pour transporter des livres lourds ou des courses, ce sac est con\u00e7u pour couvrir tous les besoins. Le coton de 220 g\/m\u00b2 assure durabilit\u00e9 et fiabilit\u00e9, conf\u00e9rant au sac une r\u00e9sistance jusqu'\u00e0 un poids de 10 kg. Fabriqu\u00e9 en Inde et certifi\u00e9 OEKO-Tex.","og_url":"https:\/\/perle-in.com\/en\/product\/sac-coton-odessa-220-gr-m\u00b2-13l\/","og_site_name":"PERLE IN","article_modified_time":"2025-10-13T19:03:00+00:00","og_image":[{"width":1600,"height":1600,"url":"https:\/\/perle-in.com\/wp-content\/uploads\/2025\/10\/12013500-1.jpg","type":"image\/jpeg"}],"twitter_card":"summary_large_image","schema":{"@context":"https:\/\/schema.org","@graph":[{"@type":"WebPage","@id":"https:\/\/perle-in.com\/produit\/sac-coton-odessa-220-gr-m%c2%b2-13l\/","url":"https:\/\/perle-in.com\/produit\/sac-coton-odessa-220-gr-m%c2%b2-13l\/","name":"Sac coton Odessa 220 gr\/m\u00b2 13L - PERLE IN","isPartOf":{"@id":"https:\/\/perle-in.com\/#website"},"primaryImageOfPage":{"@id":"https:\/\/perle-in.com\/produit\/sac-coton-odessa-220-gr-m%c2%b2-13l\/#primaryimage"},"image":{"@id":"https:\/\/perle-in.com\/produit\/sac-coton-odessa-220-gr-m%c2%b2-13l\/#primaryimage"},"thumbnailUrl":"https:\/\/perle-in.com\/wp-content\/uploads\/2025\/10\/12013500-1.jpg","datePublished":"2025-10-13T19:02:48+00:00","dateModified":"2025-10-13T19:03:00+00:00","breadcrumb":{"@id":"https:\/\/perle-in.com\/produit\/sac-coton-odessa-220-gr-m%c2%b2-13l\/#breadcrumb"},"inLanguage":"en-CA","potentialAction":[{"@type":"ReadAction","target":["https:\/\/perle-in.com\/produit\/sac-coton-odessa-220-gr-m%c2%b2-13l\/"]}]},{"@type":"ImageObject","inLanguage":"en-CA","@id":"https:\/\/perle-in.com\/produit\/sac-coton-odessa-220-gr-m%c2%b2-13l\/#primaryimage","url":"https:\/\/perle-in.com\/wp-content\/uploads\/2025\/10\/12013500-1.jpg","contentUrl":"https:\/\/perle-in.com\/wp-content\/uploads\/2025\/10\/12013500-1.jpg","width":1600,"height":1600},{"@type":"BreadcrumbList","@id":"https:\/\/perle-in.com\/produit\/sac-coton-odessa-220-gr-m%c2%b2-13l\/#breadcrumb","itemListElement":[{"@type":"ListItem","position":1,"name":"Accueil","item":"https:\/\/perle-in.com\/"},{"@type":"ListItem","position":2,"name":"Boutique","item":"https:\/\/perle-in.com\/boutique\/"},{"@type":"ListItem","position":3,"name":"Sac coton Odessa 220 gr\/m\u00b2 13L"}]},{"@type":"WebSite","@id":"https:\/\/perle-in.com\/#website","url":"https:\/\/perle-in.com\/","name":"PERLE IN","description":"","publisher":{"@id":"https:\/\/perle-in.com\/#organization"},"potentialAction":[{"@type":"SearchAction","target":{"@type":"EntryPoint","urlTemplate":"https:\/\/perle-in.com\/?s={search_term_string}"},"query-input":{"@type":"PropertyValueSpecification","valueRequired":true,"valueName":"search_term_string"}}],"inLanguage":"en-CA"},{"@type":"Organization","@id":"https:\/\/perle-in.com\/#organization","name":"PERLE IN","url":"https:\/\/perle-in.com\/","logo":{"@type":"ImageObject","inLanguage":"en-CA","@id":"https:\/\/perle-in.com\/#\/schema\/logo\/image\/","url":"https:\/\/perle-in.com\/wp-content\/uploads\/2022\/12\/LOGO-PERLE-IN-COULEUR@3x.webp","contentUrl":"https:\/\/perle-in.com\/wp-content\/uploads\/2022\/12\/LOGO-PERLE-IN-COULEUR@3x.webp","width":1600,"height":490,"caption":"PERLE IN"},"image":{"@id":"https:\/\/perle-in.com\/#\/schema\/logo\/image\/"}}]}},"jetpack_sharing_enabled":true,"_links":{"self":[{"href":"https:\/\/perle-in.com\/en\/wp-json\/wp\/v2\/product\/504928","targetHints":{"allow":["GET"]}}],"collection":[{"href":"https:\/\/perle-in.com\/en\/wp-json\/wp\/v2\/product"}],"about":[{"href":"https:\/\/perle-in.com\/en\/wp-json\/wp\/v2\/types\/product"}],"version-history":[{"count":0,"href":"https:\/\/perle-in.com\/en\/wp-json\/wp\/v2\/product\/504928\/revisions"}],"wp:featuredmedia":[{"embeddable":true,"href":"https:\/\/perle-in.com\/en\/wp-json\/wp\/v2\/media\/504910"}],"wp:attachment":[{"href":"https:\/\/perle-in.com\/en\/wp-json\/wp\/v2\/media?parent=504928"}],"wp:term":[{"taxonomy":"product_brand","embeddable":true,"href":"https:\/\/perle-in.com\/en\/wp-json\/wp\/v2\/product_brand?post=504928"},{"taxonomy":"product_cat","embeddable":true,"href":"https:\/\/perle-in.com\/en\/wp-json\/wp\/v2\/product_cat?post=504928"},{"taxonomy":"product_tag","embeddable":true,"href":"https:\/\/perle-in.com\/en\/wp-json\/wp\/v2\/product_tag?post=504928"}],"curies":[{"name":"wp","href":"https:\/\/api.w.org\/{rel}","templated":true}]}}

<p>Le sac fourre-tout Odessa est conçu pour un portage confortable avec ses poignées de 30 cm de long et son grand compartiment principal à soufflet. Que ce soit pour transporter des livres lourds ou des courses, ce sac est conçu pour couvrir tous les besoins. Le coton de 220 g/m² assure durabilité et fiabilité, conférant au sac une résistance jusqu&#8217;à un poids de 10 kg. Fabriqué en Inde et certifié OEKO-Tex.</p>

<!-- This site is optimized with the Yoast SEO plugin v27.4 - https://yoast.com/product/yoast-seo-wordpress/ -->
<title>Sac coton Odessa 220 gr/m² 13L - PERLE IN</title>
<meta name="robots" content="noindex, follow, max-snippet:-1, max-image-preview:large, max-video-preview:-1" />
<meta property="og:locale" content="en_US" />
<meta property="og:type" content="article" />
<meta property="og:title" content="Sac coton Odessa 220 gr/m² 13L - PERLE IN" />
<meta property="og:description" content="Le sac fourre-tout Odessa est conçu pour un portage confortable avec ses poignées de 30 cm de long et son grand compartiment principal à soufflet. Que ce soit pour transporter des livres lourds ou des courses, ce sac est conçu pour couvrir tous les besoins. Le coton de 220 g/m² assure durabilité et fiabilité, conférant au sac une résistance jusqu&#039;à un poids de 10 kg. Fabriqué en Inde et certifié OEKO-Tex." />
<meta property="og:url" content="https://perle-in.com/en/product/sac-coton-odessa-220-gr-m²-13l/" />
<meta property="og:site_name" content="PERLE IN" />
<meta property="article:modified_time" content="2025-10-13T19:03:00+00:00" />
<meta property="og:image" content="https://perle-in.com/wp-content/uploads/2025/10/12013500-1.jpg" />
	<meta property="og:image:width" content="1600" />
	<meta property="og:image:height" content="1600" />
	<meta property="og:image:type" content="image/jpeg" />
<meta name="twitter:card" content="summary_large_image" />
<script type="application/ld+json" class="yoast-schema-graph">{"@context":"https:\/\/schema.org","@graph":[{"@type":"WebPage","@id":"https:\/\/perle-in.com\/produit\/sac-coton-odessa-220-gr-m%c2%b2-13l\/","url":"https:\/\/perle-in.com\/produit\/sac-coton-odessa-220-gr-m%c2%b2-13l\/","name":"Sac coton Odessa 220 gr\/m² 13L - PERLE IN","isPartOf":{"@id":"https:\/\/perle-in.com\/#website"},"primaryImageOfPage":{"@id":"https:\/\/perle-in.com\/produit\/sac-coton-odessa-220-gr-m%c2%b2-13l\/#primaryimage"},"image":{"@id":"https:\/\/perle-in.com\/produit\/sac-coton-odessa-220-gr-m%c2%b2-13l\/#primaryimage"},"thumbnailUrl":"https:\/\/perle-in.com\/wp-content\/uploads\/2025\/10\/12013500-1.jpg","datePublished":"2025-10-13T19:02:48+00:00","dateModified":"2025-10-13T19:03:00+00:00","breadcrumb":{"@id":"https:\/\/perle-in.com\/produit\/sac-coton-odessa-220-gr-m%c2%b2-13l\/#breadcrumb"},"inLanguage":"en-CA","potentialAction":[{"@type":"ReadAction","target":["https:\/\/perle-in.com\/produit\/sac-coton-odessa-220-gr-m%c2%b2-13l\/"]}]},{"@type":"ImageObject","inLanguage":"en-CA","@id":"https:\/\/perle-in.com\/produit\/sac-coton-odessa-220-gr-m%c2%b2-13l\/#primaryimage","url":"https:\/\/perle-in.com\/wp-content\/uploads\/2025\/10\/12013500-1.jpg","contentUrl":"https:\/\/perle-in.com\/wp-content\/uploads\/2025\/10\/12013500-1.jpg","width":1600,"height":1600},{"@type":"BreadcrumbList","@id":"https:\/\/perle-in.com\/produit\/sac-coton-odessa-220-gr-m%c2%b2-13l\/#breadcrumb","itemListElement":[{"@type":"ListItem","position":1,"name":"Accueil","item":"https:\/\/perle-in.com\/"},{"@type":"ListItem","position":2,"name":"Boutique","item":"https:\/\/perle-in.com\/boutique\/"},{"@type":"ListItem","position":3,"name":"Sac coton Odessa 220 gr\/m² 13L"}]},{"@type":"WebSite","@id":"https:\/\/perle-in.com\/#website","url":"https:\/\/perle-in.com\/","name":"PERLE IN","description":"","publisher":{"@id":"https:\/\/perle-in.com\/#organization"},"potentialAction":[{"@type":"SearchAction","target":{"@type":"EntryPoint","urlTemplate":"https:\/\/perle-in.com\/?s={search_term_string}"},"query-input":{"@type":"PropertyValueSpecification","valueRequired":true,"valueName":"search_term_string"}}],"inLanguage":"en-CA"},{"@type":"Organization","@id":"https:\/\/perle-in.com\/#organization","name":"PERLE IN","url":"https:\/\/perle-in.com\/","logo":{"@type":"ImageObject","inLanguage":"en-CA","@id":"https:\/\/perle-in.com\/#\/schema\/logo\/image\/","url":"https:\/\/perle-in.com\/wp-content\/uploads\/2022\/12\/LOGO-PERLE-IN-COULEUR@3x.webp","contentUrl":"https:\/\/perle-in.com\/wp-content\/uploads\/2022\/12\/LOGO-PERLE-IN-COULEUR@3x.webp","width":1600,"height":490,"caption":"PERLE IN"},"image":{"@id":"https:\/\/perle-in.com\/#\/schema\/logo\/image\/"}}]}</script>
<!-- / Yoast SEO plugin. -->

Le sac fourre-tout Odessa est conçu pour un portage confortable avec ses poignées de 30 cm de long et son grand compartiment principal à soufflet. Que ce soit pour transporter des livres lourds ou des courses, ce sac est conçu pour couvrir tous les besoins. Le coton de 220 g/m² assure durabilité et fiabilité, conférant au sac une résistance jusqu'à un poids de 10 kg. Fabriqué en Inde et certifié OEKO-Tex.
