{"id":504830,"date":"2025-10-13T20:55:51","date_gmt":"2025-10-13T18:55:51","guid":{"rendered":"https:\/\/perle-in.com\/produit\/sac-premium-coton-oregon-5l\/"},"modified":"2025-10-13T20:56:01","modified_gmt":"2025-10-13T18:56:01","slug":"sac-premium-coton-oregon-5l","status":"publish","type":"product","link":"https:\/\/perle-in.com\/en\/product\/sac-premium-coton-oregon-5l\/","title":{"rendered":"Sac premium coton Oregon 5L"},"content":{"rendered":"","protected":false},"excerpt":{"rendered":"<p>Qu&#8217;il soit offert lors d&#8217;un \u00e9v\u00e9nement, d&#8217;une conf\u00e9rence ou d&#8217;une s\u00e9ance de sport, le sac \u00e0 dos Oregon \u00e0 cordon de serrage est un bon choix pour contenir des articles l\u00e9gers. La fermeture par cordon de serrage permet d&#8217;ouvrir et de fermer facilement le sac, id\u00e9al pour le porter sur le dos ou sur l&#8217;\u00e9paule.   <\/p>","protected":false},"featured_media":504814,"template":"","meta":{"_eb_attr":""},"product_brand":[],"product_cat":[159,956],"product_tag":[282,1347,287,289,1825,1826,283,1348,288,290,291],"class_list":{"0":"post-504830","1":"product","2":"type-product","3":"status-publish","4":"has-post-thumbnail","6":"product_cat-sacs","7":"product_cat-sacs-a-dos-ficelle","8":"product_tag-sac","9":"product_tag-sac-a-dos","10":"product_tag-sac-de-transport","11":"product_tag-sac-de-voyage","12":"product_tag-sac-ficelle","13":"product_tag-sac-premium","14":"product_tag-sacs","15":"product_tag-sacs-a-dos","16":"product_tag-sacs-de-transport","17":"product_tag-sacs-de-voyage","18":"product_tag-voyage","19":"pa_couleurs-blanc","20":"pa_couleurs-bleu-royal","21":"pa_couleurs-citron-vert","22":"pa_couleurs-gris","23":"pa_couleurs-marine","24":"pa_couleurs-naturel","25":"pa_couleurs-noir","26":"pa_couleurs-orange","27":"pa_couleurs-rouge","28":"pa_matiere-coton-100-g-m2","29":"pa_pays-d-origine-inde","31":"first","32":"instock","33":"shipping-taxable","34":"purchasable","35":"product-type-variable"},"yoast_head":"<!-- This site is optimized with the Yoast SEO plugin v27.4 - https:\/\/yoast.com\/product\/yoast-seo-wordpress\/ -->\n<title>Sac premium coton Oregon 5L - PERLE IN<\/title>\n<meta name=\"robots\" content=\"noindex, follow, max-snippet:-1, max-image-preview:large, max-video-preview:-1\" \/>\n<meta property=\"og:locale\" content=\"en_US\" \/>\n<meta property=\"og:type\" content=\"article\" \/>\n<meta property=\"og:title\" content=\"Sac premium coton Oregon 5L - PERLE IN\" \/>\n<meta property=\"og:description\" content=\"Qu&#039;il soit offert lors d&#039;un \u00e9v\u00e9nement, d&#039;une conf\u00e9rence ou d&#039;une s\u00e9ance de sport, le sac \u00e0 dos Oregon \u00e0 cordon de serrage est un bon choix pour contenir des articles l\u00e9gers. La fermeture par cordon de serrage permet d&#039;ouvrir et de fermer facilement le sac, id\u00e9al pour le porter sur le dos ou sur l&#039;\u00e9paule.\" \/>\n<meta property=\"og:url\" content=\"https:\/\/perle-in.com\/en\/product\/sac-premium-coton-oregon-5l\/\" \/>\n<meta property=\"og:site_name\" content=\"PERLE IN\" \/>\n<meta property=\"article:modified_time\" content=\"2025-10-13T18:56:01+00:00\" \/>\n<meta property=\"og:image\" content=\"https:\/\/perle-in.com\/wp-content\/uploads\/2025\/10\/12011300-1.jpg\" \/>\n\t<meta property=\"og:image:width\" content=\"1600\" \/>\n\t<meta property=\"og:image:height\" content=\"1600\" \/>\n\t<meta property=\"og:image:type\" content=\"image\/jpeg\" \/>\n<meta name=\"twitter:card\" content=\"summary_large_image\" \/>\n<script type=\"application\/ld+json\" class=\"yoast-schema-graph\">{\"@context\":\"https:\\\/\\\/schema.org\",\"@graph\":[{\"@type\":\"WebPage\",\"@id\":\"https:\\\/\\\/perle-in.com\\\/produit\\\/sac-premium-coton-oregon-5l\\\/\",\"url\":\"https:\\\/\\\/perle-in.com\\\/produit\\\/sac-premium-coton-oregon-5l\\\/\",\"name\":\"Sac premium coton Oregon 5L - PERLE IN\",\"isPartOf\":{\"@id\":\"https:\\\/\\\/perle-in.com\\\/#website\"},\"primaryImageOfPage\":{\"@id\":\"https:\\\/\\\/perle-in.com\\\/produit\\\/sac-premium-coton-oregon-5l\\\/#primaryimage\"},\"image\":{\"@id\":\"https:\\\/\\\/perle-in.com\\\/produit\\\/sac-premium-coton-oregon-5l\\\/#primaryimage\"},\"thumbnailUrl\":\"https:\\\/\\\/perle-in.com\\\/wp-content\\\/uploads\\\/2025\\\/10\\\/12011300-1.jpg\",\"datePublished\":\"2025-10-13T18:55:51+00:00\",\"dateModified\":\"2025-10-13T18:56:01+00:00\",\"breadcrumb\":{\"@id\":\"https:\\\/\\\/perle-in.com\\\/produit\\\/sac-premium-coton-oregon-5l\\\/#breadcrumb\"},\"inLanguage\":\"en-CA\",\"potentialAction\":[{\"@type\":\"ReadAction\",\"target\":[\"https:\\\/\\\/perle-in.com\\\/produit\\\/sac-premium-coton-oregon-5l\\\/\"]}]},{\"@type\":\"ImageObject\",\"inLanguage\":\"en-CA\",\"@id\":\"https:\\\/\\\/perle-in.com\\\/produit\\\/sac-premium-coton-oregon-5l\\\/#primaryimage\",\"url\":\"https:\\\/\\\/perle-in.com\\\/wp-content\\\/uploads\\\/2025\\\/10\\\/12011300-1.jpg\",\"contentUrl\":\"https:\\\/\\\/perle-in.com\\\/wp-content\\\/uploads\\\/2025\\\/10\\\/12011300-1.jpg\",\"width\":1600,\"height\":1600},{\"@type\":\"BreadcrumbList\",\"@id\":\"https:\\\/\\\/perle-in.com\\\/produit\\\/sac-premium-coton-oregon-5l\\\/#breadcrumb\",\"itemListElement\":[{\"@type\":\"ListItem\",\"position\":1,\"name\":\"Accueil\",\"item\":\"https:\\\/\\\/perle-in.com\\\/\"},{\"@type\":\"ListItem\",\"position\":2,\"name\":\"Boutique\",\"item\":\"https:\\\/\\\/perle-in.com\\\/boutique\\\/\"},{\"@type\":\"ListItem\",\"position\":3,\"name\":\"Sac premium coton Oregon 5L\"}]},{\"@type\":\"WebSite\",\"@id\":\"https:\\\/\\\/perle-in.com\\\/#website\",\"url\":\"https:\\\/\\\/perle-in.com\\\/\",\"name\":\"PERLE IN\",\"description\":\"\",\"publisher\":{\"@id\":\"https:\\\/\\\/perle-in.com\\\/#organization\"},\"potentialAction\":[{\"@type\":\"SearchAction\",\"target\":{\"@type\":\"EntryPoint\",\"urlTemplate\":\"https:\\\/\\\/perle-in.com\\\/?s={search_term_string}\"},\"query-input\":{\"@type\":\"PropertyValueSpecification\",\"valueRequired\":true,\"valueName\":\"search_term_string\"}}],\"inLanguage\":\"en-CA\"},{\"@type\":\"Organization\",\"@id\":\"https:\\\/\\\/perle-in.com\\\/#organization\",\"name\":\"PERLE IN\",\"url\":\"https:\\\/\\\/perle-in.com\\\/\",\"logo\":{\"@type\":\"ImageObject\",\"inLanguage\":\"en-CA\",\"@id\":\"https:\\\/\\\/perle-in.com\\\/#\\\/schema\\\/logo\\\/image\\\/\",\"url\":\"https:\\\/\\\/perle-in.com\\\/wp-content\\\/uploads\\\/2022\\\/12\\\/LOGO-PERLE-IN-COULEUR@3x.webp\",\"contentUrl\":\"https:\\\/\\\/perle-in.com\\\/wp-content\\\/uploads\\\/2022\\\/12\\\/LOGO-PERLE-IN-COULEUR@3x.webp\",\"width\":1600,\"height\":490,\"caption\":\"PERLE IN\"},\"image\":{\"@id\":\"https:\\\/\\\/perle-in.com\\\/#\\\/schema\\\/logo\\\/image\\\/\"}}]}<\/script>\n<!-- \/ Yoast SEO plugin. -->","yoast_head_json":{"title":"Sac premium coton Oregon 5L - PERLE IN","robots":{"index":"noindex","follow":"follow","max-snippet":"max-snippet:-1","max-image-preview":"max-image-preview:large","max-video-preview":"max-video-preview:-1"},"og_locale":"en_US","og_type":"article","og_title":"Sac premium coton Oregon 5L - PERLE IN","og_description":"Qu'il soit offert lors d'un \u00e9v\u00e9nement, d'une conf\u00e9rence ou d'une s\u00e9ance de sport, le sac \u00e0 dos Oregon \u00e0 cordon de serrage est un bon choix pour contenir des articles l\u00e9gers. La fermeture par cordon de serrage permet d'ouvrir et de fermer facilement le sac, id\u00e9al pour le porter sur le dos ou sur l'\u00e9paule.","og_url":"https:\/\/perle-in.com\/en\/product\/sac-premium-coton-oregon-5l\/","og_site_name":"PERLE IN","article_modified_time":"2025-10-13T18:56:01+00:00","og_image":[{"width":1600,"height":1600,"url":"https:\/\/perle-in.com\/wp-content\/uploads\/2025\/10\/12011300-1.jpg","type":"image\/jpeg"}],"twitter_card":"summary_large_image","schema":{"@context":"https:\/\/schema.org","@graph":[{"@type":"WebPage","@id":"https:\/\/perle-in.com\/produit\/sac-premium-coton-oregon-5l\/","url":"https:\/\/perle-in.com\/produit\/sac-premium-coton-oregon-5l\/","name":"Sac premium coton Oregon 5L - PERLE IN","isPartOf":{"@id":"https:\/\/perle-in.com\/#website"},"primaryImageOfPage":{"@id":"https:\/\/perle-in.com\/produit\/sac-premium-coton-oregon-5l\/#primaryimage"},"image":{"@id":"https:\/\/perle-in.com\/produit\/sac-premium-coton-oregon-5l\/#primaryimage"},"thumbnailUrl":"https:\/\/perle-in.com\/wp-content\/uploads\/2025\/10\/12011300-1.jpg","datePublished":"2025-10-13T18:55:51+00:00","dateModified":"2025-10-13T18:56:01+00:00","breadcrumb":{"@id":"https:\/\/perle-in.com\/produit\/sac-premium-coton-oregon-5l\/#breadcrumb"},"inLanguage":"en-CA","potentialAction":[{"@type":"ReadAction","target":["https:\/\/perle-in.com\/produit\/sac-premium-coton-oregon-5l\/"]}]},{"@type":"ImageObject","inLanguage":"en-CA","@id":"https:\/\/perle-in.com\/produit\/sac-premium-coton-oregon-5l\/#primaryimage","url":"https:\/\/perle-in.com\/wp-content\/uploads\/2025\/10\/12011300-1.jpg","contentUrl":"https:\/\/perle-in.com\/wp-content\/uploads\/2025\/10\/12011300-1.jpg","width":1600,"height":1600},{"@type":"BreadcrumbList","@id":"https:\/\/perle-in.com\/produit\/sac-premium-coton-oregon-5l\/#breadcrumb","itemListElement":[{"@type":"ListItem","position":1,"name":"Accueil","item":"https:\/\/perle-in.com\/"},{"@type":"ListItem","position":2,"name":"Boutique","item":"https:\/\/perle-in.com\/boutique\/"},{"@type":"ListItem","position":3,"name":"Sac premium coton Oregon 5L"}]},{"@type":"WebSite","@id":"https:\/\/perle-in.com\/#website","url":"https:\/\/perle-in.com\/","name":"PERLE IN","description":"","publisher":{"@id":"https:\/\/perle-in.com\/#organization"},"potentialAction":[{"@type":"SearchAction","target":{"@type":"EntryPoint","urlTemplate":"https:\/\/perle-in.com\/?s={search_term_string}"},"query-input":{"@type":"PropertyValueSpecification","valueRequired":true,"valueName":"search_term_string"}}],"inLanguage":"en-CA"},{"@type":"Organization","@id":"https:\/\/perle-in.com\/#organization","name":"PERLE IN","url":"https:\/\/perle-in.com\/","logo":{"@type":"ImageObject","inLanguage":"en-CA","@id":"https:\/\/perle-in.com\/#\/schema\/logo\/image\/","url":"https:\/\/perle-in.com\/wp-content\/uploads\/2022\/12\/LOGO-PERLE-IN-COULEUR@3x.webp","contentUrl":"https:\/\/perle-in.com\/wp-content\/uploads\/2022\/12\/LOGO-PERLE-IN-COULEUR@3x.webp","width":1600,"height":490,"caption":"PERLE IN"},"image":{"@id":"https:\/\/perle-in.com\/#\/schema\/logo\/image\/"}}]}},"jetpack_sharing_enabled":true,"_links":{"self":[{"href":"https:\/\/perle-in.com\/en\/wp-json\/wp\/v2\/product\/504830","targetHints":{"allow":["GET"]}}],"collection":[{"href":"https:\/\/perle-in.com\/en\/wp-json\/wp\/v2\/product"}],"about":[{"href":"https:\/\/perle-in.com\/en\/wp-json\/wp\/v2\/types\/product"}],"version-history":[{"count":0,"href":"https:\/\/perle-in.com\/en\/wp-json\/wp\/v2\/product\/504830\/revisions"}],"wp:featuredmedia":[{"embeddable":true,"href":"https:\/\/perle-in.com\/en\/wp-json\/wp\/v2\/media\/504814"}],"wp:attachment":[{"href":"https:\/\/perle-in.com\/en\/wp-json\/wp\/v2\/media?parent=504830"}],"wp:term":[{"taxonomy":"product_brand","embeddable":true,"href":"https:\/\/perle-in.com\/en\/wp-json\/wp\/v2\/product_brand?post=504830"},{"taxonomy":"product_cat","embeddable":true,"href":"https:\/\/perle-in.com\/en\/wp-json\/wp\/v2\/product_cat?post=504830"},{"taxonomy":"product_tag","embeddable":true,"href":"https:\/\/perle-in.com\/en\/wp-json\/wp\/v2\/product_tag?post=504830"}],"curies":[{"name":"wp","href":"https:\/\/api.w.org\/{rel}","templated":true}]}}

<p>Qu&#8217;il soit offert lors d&#8217;un événement, d&#8217;une conférence ou d&#8217;une séance de sport, le sac à dos Oregon à cordon de serrage est un bon choix pour contenir des articles légers. La fermeture par cordon de serrage permet d&#8217;ouvrir et de fermer facilement le sac, idéal pour le porter sur le dos ou sur l&#8217;épaule.   </p>

<!-- This site is optimized with the Yoast SEO plugin v27.4 - https://yoast.com/product/yoast-seo-wordpress/ -->
<title>Sac premium coton Oregon 5L - PERLE IN</title>
<meta name="robots" content="noindex, follow, max-snippet:-1, max-image-preview:large, max-video-preview:-1" />
<meta property="og:locale" content="en_US" />
<meta property="og:type" content="article" />
<meta property="og:title" content="Sac premium coton Oregon 5L - PERLE IN" />
<meta property="og:description" content="Qu&#039;il soit offert lors d&#039;un événement, d&#039;une conférence ou d&#039;une séance de sport, le sac à dos Oregon à cordon de serrage est un bon choix pour contenir des articles légers. La fermeture par cordon de serrage permet d&#039;ouvrir et de fermer facilement le sac, idéal pour le porter sur le dos ou sur l&#039;épaule." />
<meta property="og:url" content="https://perle-in.com/en/product/sac-premium-coton-oregon-5l/" />
<meta property="og:site_name" content="PERLE IN" />
<meta property="article:modified_time" content="2025-10-13T18:56:01+00:00" />
<meta property="og:image" content="https://perle-in.com/wp-content/uploads/2025/10/12011300-1.jpg" />
	<meta property="og:image:width" content="1600" />
	<meta property="og:image:height" content="1600" />
	<meta property="og:image:type" content="image/jpeg" />
<meta name="twitter:card" content="summary_large_image" />
<script type="application/ld+json" class="yoast-schema-graph">{"@context":"https:\/\/schema.org","@graph":[{"@type":"WebPage","@id":"https:\/\/perle-in.com\/produit\/sac-premium-coton-oregon-5l\/","url":"https:\/\/perle-in.com\/produit\/sac-premium-coton-oregon-5l\/","name":"Sac premium coton Oregon 5L - PERLE IN","isPartOf":{"@id":"https:\/\/perle-in.com\/#website"},"primaryImageOfPage":{"@id":"https:\/\/perle-in.com\/produit\/sac-premium-coton-oregon-5l\/#primaryimage"},"image":{"@id":"https:\/\/perle-in.com\/produit\/sac-premium-coton-oregon-5l\/#primaryimage"},"thumbnailUrl":"https:\/\/perle-in.com\/wp-content\/uploads\/2025\/10\/12011300-1.jpg","datePublished":"2025-10-13T18:55:51+00:00","dateModified":"2025-10-13T18:56:01+00:00","breadcrumb":{"@id":"https:\/\/perle-in.com\/produit\/sac-premium-coton-oregon-5l\/#breadcrumb"},"inLanguage":"en-CA","potentialAction":[{"@type":"ReadAction","target":["https:\/\/perle-in.com\/produit\/sac-premium-coton-oregon-5l\/"]}]},{"@type":"ImageObject","inLanguage":"en-CA","@id":"https:\/\/perle-in.com\/produit\/sac-premium-coton-oregon-5l\/#primaryimage","url":"https:\/\/perle-in.com\/wp-content\/uploads\/2025\/10\/12011300-1.jpg","contentUrl":"https:\/\/perle-in.com\/wp-content\/uploads\/2025\/10\/12011300-1.jpg","width":1600,"height":1600},{"@type":"BreadcrumbList","@id":"https:\/\/perle-in.com\/produit\/sac-premium-coton-oregon-5l\/#breadcrumb","itemListElement":[{"@type":"ListItem","position":1,"name":"Accueil","item":"https:\/\/perle-in.com\/"},{"@type":"ListItem","position":2,"name":"Boutique","item":"https:\/\/perle-in.com\/boutique\/"},{"@type":"ListItem","position":3,"name":"Sac premium coton Oregon 5L"}]},{"@type":"WebSite","@id":"https:\/\/perle-in.com\/#website","url":"https:\/\/perle-in.com\/","name":"PERLE IN","description":"","publisher":{"@id":"https:\/\/perle-in.com\/#organization"},"potentialAction":[{"@type":"SearchAction","target":{"@type":"EntryPoint","urlTemplate":"https:\/\/perle-in.com\/?s={search_term_string}"},"query-input":{"@type":"PropertyValueSpecification","valueRequired":true,"valueName":"search_term_string"}}],"inLanguage":"en-CA"},{"@type":"Organization","@id":"https:\/\/perle-in.com\/#organization","name":"PERLE IN","url":"https:\/\/perle-in.com\/","logo":{"@type":"ImageObject","inLanguage":"en-CA","@id":"https:\/\/perle-in.com\/#\/schema\/logo\/image\/","url":"https:\/\/perle-in.com\/wp-content\/uploads\/2022\/12\/LOGO-PERLE-IN-COULEUR@3x.webp","contentUrl":"https:\/\/perle-in.com\/wp-content\/uploads\/2022\/12\/LOGO-PERLE-IN-COULEUR@3x.webp","width":1600,"height":490,"caption":"PERLE IN"},"image":{"@id":"https:\/\/perle-in.com\/#\/schema\/logo\/image\/"}}]}</script>
<!-- / Yoast SEO plugin. -->

Qu'il soit offert lors d'un événement, d'une conférence ou d'une séance de sport, le sac à dos Oregon à cordon de serrage est un bon choix pour contenir des articles légers. La fermeture par cordon de serrage permet d'ouvrir et de fermer facilement le sac, idéal pour le porter sur le dos ou sur l'épaule.
