{"id":504681,"date":"2025-10-13T20:41:46","date_gmt":"2025-10-13T18:41:46","guid":{"rendered":"https:\/\/perle-in.com\/produit\/sac-a-dos-pour-ordinateur-17-reso-25l\/"},"modified":"2025-10-13T20:41:48","modified_gmt":"2025-10-13T18:41:48","slug":"sac-a-dos-pour-ordinateur-17-reso-25l","status":"publish","type":"product","link":"https:\/\/perle-in.com\/en\/product\/sac-a-dos-pour-ordinateur-17-reso-25l\/","title":{"rendered":"Sac \u00e0 dos pour ordinateur 17&#8243; Reso 25L"},"content":{"rendered":"","protected":false},"excerpt":{"rendered":"<p>Sac \u00e0 dos au design exclusif avec compartiment pour ordinateur d\u00e9di\u00e9 pour grands \u00e9crans jusqu&#8217;\u00e0 17&#8243;. Vaste espace de rangement int\u00e9rieur pour des livres, des fichiers et des dossiers. Le panneau d&#8217;organisation stocke vos appareils \u00e9lectroniques portables, stylos et plus encore. Speed \u200b\u200bPocket\u2122 &#8211; Un endroit s\u00fbr \u00e0 acc\u00e8s rapide pour mettre les objets de valeur (montres, cl\u00e9s, t\u00e9l\u00e9phone portable, etc.) avant de passer s\u00e9curit\u00e9 de l&#8217;a\u00e9roport. Poche externe \u00e0 treillis.<\/p>","protected":false},"featured_media":504651,"template":"","meta":{"_eb_attr":""},"product_brand":[],"product_cat":[1214,159],"product_tag":[1827,1828,1861,1862,1009,786,1832,1829,282,1347,1795,287,289,1830,1833,283,1348,1793,288,290,1831,1834,1189,1440,291],"class_list":{"0":"post-504681","1":"product","2":"type-product","3":"status-publish","4":"has-post-thumbnail","6":"product_cat-sac-a-dos-pour-ordinateur","7":"product_cat-sacs","8":"product_tag-besace","9":"product_tag-besaces","10":"product_tag-case-logic","11":"product_tag-caselogic","12":"product_tag-conference","13":"product_tag-ordinateur","14":"product_tag-ordinateurs","15":"product_tag-porte-document","16":"product_tag-sac","17":"product_tag-sac-a-dos","18":"product_tag-sac-de-conference","19":"product_tag-sac-de-transport","20":"product_tag-sac-de-voyage","21":"product_tag-sac-pour-ordinateur-portable","22":"product_tag-sac-pour-tablette","23":"product_tag-sacs","24":"product_tag-sacs-a-dos","25":"product_tag-sacs-de-conference","26":"product_tag-sacs-de-transport","27":"product_tag-sacs-de-voyage","28":"product_tag-sacs-pour-ordinateurs-portables","29":"product_tag-sacs-pour-tablette","30":"product_tag-tablette","31":"product_tag-tablettes","32":"product_tag-voyage","33":"pa_couleurs-noir-gris","34":"pa_marque-case-logic","35":"pa_matiere-400d-nylon","37":"first","38":"instock","39":"shipping-taxable","40":"purchasable","41":"product-type-variable"},"yoast_head":"<!-- This site is optimized with the Yoast SEO plugin v27.4 - https:\/\/yoast.com\/product\/yoast-seo-wordpress\/ -->\n<title>Sac \u00e0 dos pour ordinateur 17&quot; Reso 25L - PERLE IN<\/title>\n<meta name=\"robots\" content=\"noindex, follow, max-snippet:-1, max-image-preview:large, max-video-preview:-1\" \/>\n<meta property=\"og:locale\" content=\"en_US\" \/>\n<meta property=\"og:type\" content=\"article\" \/>\n<meta property=\"og:title\" content=\"Sac \u00e0 dos pour ordinateur 17&quot; Reso 25L - PERLE IN\" \/>\n<meta property=\"og:description\" content=\"Sac \u00e0 dos au design exclusif avec compartiment pour ordinateur d\u00e9di\u00e9 pour grands \u00e9crans jusqu&#039;\u00e0 17&quot;. Vaste espace de rangement int\u00e9rieur pour des livres, des fichiers et des dossiers. Le panneau d&#039;organisation stocke vos appareils \u00e9lectroniques portables, stylos et plus encore. Speed \u200b\u200bPocket\u2122 - Un endroit s\u00fbr \u00e0 acc\u00e8s rapide pour mettre les objets de valeur (montres, cl\u00e9s, t\u00e9l\u00e9phone portable, etc.) avant de passer s\u00e9curit\u00e9 de l&#039;a\u00e9roport. Poche externe \u00e0 treillis.\" \/>\n<meta property=\"og:url\" content=\"https:\/\/perle-in.com\/en\/product\/sac-a-dos-pour-ordinateur-17-reso-25l\/\" \/>\n<meta property=\"og:site_name\" content=\"PERLE IN\" \/>\n<meta property=\"article:modified_time\" content=\"2025-10-13T18:41:48+00:00\" \/>\n<meta property=\"og:image\" content=\"https:\/\/perle-in.com\/wp-content\/uploads\/2025\/10\/11985500-1.jpg\" \/>\n\t<meta property=\"og:image:width\" content=\"1600\" \/>\n\t<meta property=\"og:image:height\" content=\"1600\" \/>\n\t<meta property=\"og:image:type\" content=\"image\/jpeg\" \/>\n<meta name=\"twitter:card\" content=\"summary_large_image\" \/>\n<script type=\"application\/ld+json\" class=\"yoast-schema-graph\">{\"@context\":\"https:\\\/\\\/schema.org\",\"@graph\":[{\"@type\":\"WebPage\",\"@id\":\"https:\\\/\\\/perle-in.com\\\/produit\\\/sac-a-dos-pour-ordinateur-17-reso-25l\\\/\",\"url\":\"https:\\\/\\\/perle-in.com\\\/produit\\\/sac-a-dos-pour-ordinateur-17-reso-25l\\\/\",\"name\":\"Sac \u00e0 dos pour ordinateur 17\\\" Reso 25L - PERLE IN\",\"isPartOf\":{\"@id\":\"https:\\\/\\\/perle-in.com\\\/#website\"},\"primaryImageOfPage\":{\"@id\":\"https:\\\/\\\/perle-in.com\\\/produit\\\/sac-a-dos-pour-ordinateur-17-reso-25l\\\/#primaryimage\"},\"image\":{\"@id\":\"https:\\\/\\\/perle-in.com\\\/produit\\\/sac-a-dos-pour-ordinateur-17-reso-25l\\\/#primaryimage\"},\"thumbnailUrl\":\"https:\\\/\\\/perle-in.com\\\/wp-content\\\/uploads\\\/2025\\\/10\\\/11985500-1.jpg\",\"datePublished\":\"2025-10-13T18:41:46+00:00\",\"dateModified\":\"2025-10-13T18:41:48+00:00\",\"breadcrumb\":{\"@id\":\"https:\\\/\\\/perle-in.com\\\/produit\\\/sac-a-dos-pour-ordinateur-17-reso-25l\\\/#breadcrumb\"},\"inLanguage\":\"en-CA\",\"potentialAction\":[{\"@type\":\"ReadAction\",\"target\":[\"https:\\\/\\\/perle-in.com\\\/produit\\\/sac-a-dos-pour-ordinateur-17-reso-25l\\\/\"]}]},{\"@type\":\"ImageObject\",\"inLanguage\":\"en-CA\",\"@id\":\"https:\\\/\\\/perle-in.com\\\/produit\\\/sac-a-dos-pour-ordinateur-17-reso-25l\\\/#primaryimage\",\"url\":\"https:\\\/\\\/perle-in.com\\\/wp-content\\\/uploads\\\/2025\\\/10\\\/11985500-1.jpg\",\"contentUrl\":\"https:\\\/\\\/perle-in.com\\\/wp-content\\\/uploads\\\/2025\\\/10\\\/11985500-1.jpg\",\"width\":1600,\"height\":1600},{\"@type\":\"BreadcrumbList\",\"@id\":\"https:\\\/\\\/perle-in.com\\\/produit\\\/sac-a-dos-pour-ordinateur-17-reso-25l\\\/#breadcrumb\",\"itemListElement\":[{\"@type\":\"ListItem\",\"position\":1,\"name\":\"Accueil\",\"item\":\"https:\\\/\\\/perle-in.com\\\/\"},{\"@type\":\"ListItem\",\"position\":2,\"name\":\"Boutique\",\"item\":\"https:\\\/\\\/perle-in.com\\\/boutique\\\/\"},{\"@type\":\"ListItem\",\"position\":3,\"name\":\"Sac \u00e0 dos pour ordinateur 17&#8243; Reso 25L\"}]},{\"@type\":\"WebSite\",\"@id\":\"https:\\\/\\\/perle-in.com\\\/#website\",\"url\":\"https:\\\/\\\/perle-in.com\\\/\",\"name\":\"PERLE IN\",\"description\":\"\",\"publisher\":{\"@id\":\"https:\\\/\\\/perle-in.com\\\/#organization\"},\"potentialAction\":[{\"@type\":\"SearchAction\",\"target\":{\"@type\":\"EntryPoint\",\"urlTemplate\":\"https:\\\/\\\/perle-in.com\\\/?s={search_term_string}\"},\"query-input\":{\"@type\":\"PropertyValueSpecification\",\"valueRequired\":true,\"valueName\":\"search_term_string\"}}],\"inLanguage\":\"en-CA\"},{\"@type\":\"Organization\",\"@id\":\"https:\\\/\\\/perle-in.com\\\/#organization\",\"name\":\"PERLE IN\",\"url\":\"https:\\\/\\\/perle-in.com\\\/\",\"logo\":{\"@type\":\"ImageObject\",\"inLanguage\":\"en-CA\",\"@id\":\"https:\\\/\\\/perle-in.com\\\/#\\\/schema\\\/logo\\\/image\\\/\",\"url\":\"https:\\\/\\\/perle-in.com\\\/wp-content\\\/uploads\\\/2022\\\/12\\\/LOGO-PERLE-IN-COULEUR@3x.webp\",\"contentUrl\":\"https:\\\/\\\/perle-in.com\\\/wp-content\\\/uploads\\\/2022\\\/12\\\/LOGO-PERLE-IN-COULEUR@3x.webp\",\"width\":1600,\"height\":490,\"caption\":\"PERLE IN\"},\"image\":{\"@id\":\"https:\\\/\\\/perle-in.com\\\/#\\\/schema\\\/logo\\\/image\\\/\"}}]}<\/script>\n<!-- \/ Yoast SEO plugin. -->","yoast_head_json":{"title":"Sac \u00e0 dos pour ordinateur 17\" Reso 25L - PERLE IN","robots":{"index":"noindex","follow":"follow","max-snippet":"max-snippet:-1","max-image-preview":"max-image-preview:large","max-video-preview":"max-video-preview:-1"},"og_locale":"en_US","og_type":"article","og_title":"Sac \u00e0 dos pour ordinateur 17\" Reso 25L - PERLE IN","og_description":"Sac \u00e0 dos au design exclusif avec compartiment pour ordinateur d\u00e9di\u00e9 pour grands \u00e9crans jusqu'\u00e0 17\". Vaste espace de rangement int\u00e9rieur pour des livres, des fichiers et des dossiers. Le panneau d'organisation stocke vos appareils \u00e9lectroniques portables, stylos et plus encore. Speed \u200b\u200bPocket\u2122 - Un endroit s\u00fbr \u00e0 acc\u00e8s rapide pour mettre les objets de valeur (montres, cl\u00e9s, t\u00e9l\u00e9phone portable, etc.) avant de passer s\u00e9curit\u00e9 de l'a\u00e9roport. Poche externe \u00e0 treillis.","og_url":"https:\/\/perle-in.com\/en\/product\/sac-a-dos-pour-ordinateur-17-reso-25l\/","og_site_name":"PERLE IN","article_modified_time":"2025-10-13T18:41:48+00:00","og_image":[{"width":1600,"height":1600,"url":"https:\/\/perle-in.com\/wp-content\/uploads\/2025\/10\/11985500-1.jpg","type":"image\/jpeg"}],"twitter_card":"summary_large_image","schema":{"@context":"https:\/\/schema.org","@graph":[{"@type":"WebPage","@id":"https:\/\/perle-in.com\/produit\/sac-a-dos-pour-ordinateur-17-reso-25l\/","url":"https:\/\/perle-in.com\/produit\/sac-a-dos-pour-ordinateur-17-reso-25l\/","name":"Sac \u00e0 dos pour ordinateur 17\" Reso 25L - PERLE IN","isPartOf":{"@id":"https:\/\/perle-in.com\/#website"},"primaryImageOfPage":{"@id":"https:\/\/perle-in.com\/produit\/sac-a-dos-pour-ordinateur-17-reso-25l\/#primaryimage"},"image":{"@id":"https:\/\/perle-in.com\/produit\/sac-a-dos-pour-ordinateur-17-reso-25l\/#primaryimage"},"thumbnailUrl":"https:\/\/perle-in.com\/wp-content\/uploads\/2025\/10\/11985500-1.jpg","datePublished":"2025-10-13T18:41:46+00:00","dateModified":"2025-10-13T18:41:48+00:00","breadcrumb":{"@id":"https:\/\/perle-in.com\/produit\/sac-a-dos-pour-ordinateur-17-reso-25l\/#breadcrumb"},"inLanguage":"en-CA","potentialAction":[{"@type":"ReadAction","target":["https:\/\/perle-in.com\/produit\/sac-a-dos-pour-ordinateur-17-reso-25l\/"]}]},{"@type":"ImageObject","inLanguage":"en-CA","@id":"https:\/\/perle-in.com\/produit\/sac-a-dos-pour-ordinateur-17-reso-25l\/#primaryimage","url":"https:\/\/perle-in.com\/wp-content\/uploads\/2025\/10\/11985500-1.jpg","contentUrl":"https:\/\/perle-in.com\/wp-content\/uploads\/2025\/10\/11985500-1.jpg","width":1600,"height":1600},{"@type":"BreadcrumbList","@id":"https:\/\/perle-in.com\/produit\/sac-a-dos-pour-ordinateur-17-reso-25l\/#breadcrumb","itemListElement":[{"@type":"ListItem","position":1,"name":"Accueil","item":"https:\/\/perle-in.com\/"},{"@type":"ListItem","position":2,"name":"Boutique","item":"https:\/\/perle-in.com\/boutique\/"},{"@type":"ListItem","position":3,"name":"Sac \u00e0 dos pour ordinateur 17&#8243; Reso 25L"}]},{"@type":"WebSite","@id":"https:\/\/perle-in.com\/#website","url":"https:\/\/perle-in.com\/","name":"PERLE IN","description":"","publisher":{"@id":"https:\/\/perle-in.com\/#organization"},"potentialAction":[{"@type":"SearchAction","target":{"@type":"EntryPoint","urlTemplate":"https:\/\/perle-in.com\/?s={search_term_string}"},"query-input":{"@type":"PropertyValueSpecification","valueRequired":true,"valueName":"search_term_string"}}],"inLanguage":"en-CA"},{"@type":"Organization","@id":"https:\/\/perle-in.com\/#organization","name":"PERLE IN","url":"https:\/\/perle-in.com\/","logo":{"@type":"ImageObject","inLanguage":"en-CA","@id":"https:\/\/perle-in.com\/#\/schema\/logo\/image\/","url":"https:\/\/perle-in.com\/wp-content\/uploads\/2022\/12\/LOGO-PERLE-IN-COULEUR@3x.webp","contentUrl":"https:\/\/perle-in.com\/wp-content\/uploads\/2022\/12\/LOGO-PERLE-IN-COULEUR@3x.webp","width":1600,"height":490,"caption":"PERLE IN"},"image":{"@id":"https:\/\/perle-in.com\/#\/schema\/logo\/image\/"}}]}},"jetpack_sharing_enabled":true,"_links":{"self":[{"href":"https:\/\/perle-in.com\/en\/wp-json\/wp\/v2\/product\/504681","targetHints":{"allow":["GET"]}}],"collection":[{"href":"https:\/\/perle-in.com\/en\/wp-json\/wp\/v2\/product"}],"about":[{"href":"https:\/\/perle-in.com\/en\/wp-json\/wp\/v2\/types\/product"}],"version-history":[{"count":0,"href":"https:\/\/perle-in.com\/en\/wp-json\/wp\/v2\/product\/504681\/revisions"}],"wp:featuredmedia":[{"embeddable":true,"href":"https:\/\/perle-in.com\/en\/wp-json\/wp\/v2\/media\/504651"}],"wp:attachment":[{"href":"https:\/\/perle-in.com\/en\/wp-json\/wp\/v2\/media?parent=504681"}],"wp:term":[{"taxonomy":"product_brand","embeddable":true,"href":"https:\/\/perle-in.com\/en\/wp-json\/wp\/v2\/product_brand?post=504681"},{"taxonomy":"product_cat","embeddable":true,"href":"https:\/\/perle-in.com\/en\/wp-json\/wp\/v2\/product_cat?post=504681"},{"taxonomy":"product_tag","embeddable":true,"href":"https:\/\/perle-in.com\/en\/wp-json\/wp\/v2\/product_tag?post=504681"}],"curies":[{"name":"wp","href":"https:\/\/api.w.org\/{rel}","templated":true}]}}

Sac à dos pour ordinateur 17&#8243; Reso 25L

<p>Sac à dos au design exclusif avec compartiment pour ordinateur dédié pour grands écrans jusqu&#8217;à 17&#8243;. Vaste espace de rangement intérieur pour des livres, des fichiers et des dossiers. Le panneau d&#8217;organisation stocke vos appareils électroniques portables, stylos et plus encore. Speed ​​Pocket™ &#8211; Un endroit sûr à accès rapide pour mettre les objets de valeur (montres, clés, téléphone portable, etc.) avant de passer sécurité de l&#8217;aéroport. Poche externe à treillis.</p>

<!-- This site is optimized with the Yoast SEO plugin v27.4 - https://yoast.com/product/yoast-seo-wordpress/ -->
<title>Sac à dos pour ordinateur 17&quot; Reso 25L - PERLE IN</title>
<meta name="robots" content="noindex, follow, max-snippet:-1, max-image-preview:large, max-video-preview:-1" />
<meta property="og:locale" content="en_US" />
<meta property="og:type" content="article" />
<meta property="og:title" content="Sac à dos pour ordinateur 17&quot; Reso 25L - PERLE IN" />
<meta property="og:description" content="Sac à dos au design exclusif avec compartiment pour ordinateur dédié pour grands écrans jusqu&#039;à 17&quot;. Vaste espace de rangement intérieur pour des livres, des fichiers et des dossiers. Le panneau d&#039;organisation stocke vos appareils électroniques portables, stylos et plus encore. Speed ​​Pocket™ - Un endroit sûr à accès rapide pour mettre les objets de valeur (montres, clés, téléphone portable, etc.) avant de passer sécurité de l&#039;aéroport. Poche externe à treillis." />
<meta property="og:url" content="https://perle-in.com/en/product/sac-a-dos-pour-ordinateur-17-reso-25l/" />
<meta property="og:site_name" content="PERLE IN" />
<meta property="article:modified_time" content="2025-10-13T18:41:48+00:00" />
<meta property="og:image" content="https://perle-in.com/wp-content/uploads/2025/10/11985500-1.jpg" />
	<meta property="og:image:width" content="1600" />
	<meta property="og:image:height" content="1600" />
	<meta property="og:image:type" content="image/jpeg" />
<meta name="twitter:card" content="summary_large_image" />
<script type="application/ld+json" class="yoast-schema-graph">{"@context":"https:\/\/schema.org","@graph":[{"@type":"WebPage","@id":"https:\/\/perle-in.com\/produit\/sac-a-dos-pour-ordinateur-17-reso-25l\/","url":"https:\/\/perle-in.com\/produit\/sac-a-dos-pour-ordinateur-17-reso-25l\/","name":"Sac à dos pour ordinateur 17\" Reso 25L - PERLE IN","isPartOf":{"@id":"https:\/\/perle-in.com\/#website"},"primaryImageOfPage":{"@id":"https:\/\/perle-in.com\/produit\/sac-a-dos-pour-ordinateur-17-reso-25l\/#primaryimage"},"image":{"@id":"https:\/\/perle-in.com\/produit\/sac-a-dos-pour-ordinateur-17-reso-25l\/#primaryimage"},"thumbnailUrl":"https:\/\/perle-in.com\/wp-content\/uploads\/2025\/10\/11985500-1.jpg","datePublished":"2025-10-13T18:41:46+00:00","dateModified":"2025-10-13T18:41:48+00:00","breadcrumb":{"@id":"https:\/\/perle-in.com\/produit\/sac-a-dos-pour-ordinateur-17-reso-25l\/#breadcrumb"},"inLanguage":"en-CA","potentialAction":[{"@type":"ReadAction","target":["https:\/\/perle-in.com\/produit\/sac-a-dos-pour-ordinateur-17-reso-25l\/"]}]},{"@type":"ImageObject","inLanguage":"en-CA","@id":"https:\/\/perle-in.com\/produit\/sac-a-dos-pour-ordinateur-17-reso-25l\/#primaryimage","url":"https:\/\/perle-in.com\/wp-content\/uploads\/2025\/10\/11985500-1.jpg","contentUrl":"https:\/\/perle-in.com\/wp-content\/uploads\/2025\/10\/11985500-1.jpg","width":1600,"height":1600},{"@type":"BreadcrumbList","@id":"https:\/\/perle-in.com\/produit\/sac-a-dos-pour-ordinateur-17-reso-25l\/#breadcrumb","itemListElement":[{"@type":"ListItem","position":1,"name":"Accueil","item":"https:\/\/perle-in.com\/"},{"@type":"ListItem","position":2,"name":"Boutique","item":"https:\/\/perle-in.com\/boutique\/"},{"@type":"ListItem","position":3,"name":"Sac à dos pour ordinateur 17&#8243; Reso 25L"}]},{"@type":"WebSite","@id":"https:\/\/perle-in.com\/#website","url":"https:\/\/perle-in.com\/","name":"PERLE IN","description":"","publisher":{"@id":"https:\/\/perle-in.com\/#organization"},"potentialAction":[{"@type":"SearchAction","target":{"@type":"EntryPoint","urlTemplate":"https:\/\/perle-in.com\/?s={search_term_string}"},"query-input":{"@type":"PropertyValueSpecification","valueRequired":true,"valueName":"search_term_string"}}],"inLanguage":"en-CA"},{"@type":"Organization","@id":"https:\/\/perle-in.com\/#organization","name":"PERLE IN","url":"https:\/\/perle-in.com\/","logo":{"@type":"ImageObject","inLanguage":"en-CA","@id":"https:\/\/perle-in.com\/#\/schema\/logo\/image\/","url":"https:\/\/perle-in.com\/wp-content\/uploads\/2022\/12\/LOGO-PERLE-IN-COULEUR@3x.webp","contentUrl":"https:\/\/perle-in.com\/wp-content\/uploads\/2022\/12\/LOGO-PERLE-IN-COULEUR@3x.webp","width":1600,"height":490,"caption":"PERLE IN"},"image":{"@id":"https:\/\/perle-in.com\/#\/schema\/logo\/image\/"}}]}</script>
<!-- / Yoast SEO plugin. -->

Sac à dos pour ordinateur 17" Reso 25L - PERLE IN

Sac à dos au design exclusif avec compartiment pour ordinateur dédié pour grands écrans jusqu'à 17". Vaste espace de rangement intérieur pour des livres, des fichiers et des dossiers. Le panneau d'organisation stocke vos appareils électroniques portables, stylos et plus encore. Speed ​​Pocket™ - Un endroit sûr à accès rapide pour mettre les objets de valeur (montres, clés, téléphone portable, etc.) avant de passer sécurité de l'aéroport. Poche externe à treillis.
