{"id":504576,"date":"2025-10-13T20:31:48","date_gmt":"2025-10-13T18:31:48","guid":{"rendered":"https:\/\/perle-in.com\/produit\/sac-a-dos-premium-non-tisse-eco-5l\/"},"modified":"2025-10-13T20:31:58","modified_gmt":"2025-10-13T18:31:58","slug":"sac-a-dos-premium-non-tisse-eco-5l","status":"publish","type":"product","link":"https:\/\/perle-in.com\/en\/product\/sac-a-dos-premium-non-tisse-eco-5l\/","title":{"rendered":"Sac \u00e0 dos premium non tiss\u00e9 Eco 5L"},"content":{"rendered":"","protected":false},"excerpt":{"rendered":"<p>Le sac \u00e0 dos Evergreen est une excellente option lorsque vous recherchez un sac qui fonctionne bien comme un cadeau facile \u00e0 manipuler pour promouvoir toute marque ou campagne de marketing. Ce sac \u00e0 dos l\u00e9ger et \u00e9conomique est dot\u00e9 d&#8217;un cordon de serrage qui permet de le porter facilement sur l&#8217;\u00e9paule ou comme un sac \u00e0 dos. Le sac est fabriqu\u00e9 en plastique PP de 80 g\/m\u00b2, poss\u00e8de un grand compartiment principal et laisse suffisamment d&#8217;espace \u00e0 l&#8217;ext\u00e9rieur pour afficher tout logo ou autre message. <\/p>","protected":false},"featured_media":504563,"template":"","meta":{"_eb_attr":""},"product_brand":[],"product_cat":[159,956],"product_tag":[282,1347,287,289,1825,1826,283,1348,288,290,291],"class_list":{"0":"post-504576","1":"product","2":"type-product","3":"status-publish","4":"has-post-thumbnail","6":"product_cat-sacs","7":"product_cat-sacs-a-dos-ficelle","8":"product_tag-sac","9":"product_tag-sac-a-dos","10":"product_tag-sac-de-transport","11":"product_tag-sac-de-voyage","12":"product_tag-sac-ficelle","13":"product_tag-sac-premium","14":"product_tag-sacs","15":"product_tag-sacs-a-dos","16":"product_tag-sacs-de-transport","17":"product_tag-sacs-de-voyage","18":"product_tag-voyage","19":"pa_couleurs-blanc","20":"pa_couleurs-bleu-royal","21":"pa_couleurs-citron-vert","22":"pa_couleurs-jaune","23":"pa_couleurs-marine","24":"pa_couleurs-noir","25":"pa_couleurs-orange","26":"pa_couleurs-rouge","28":"first","29":"instock","30":"shipping-taxable","31":"purchasable","32":"product-type-variable"},"yoast_head":"<!-- This site is optimized with the Yoast SEO plugin v27.4 - https:\/\/yoast.com\/product\/yoast-seo-wordpress\/ -->\n<title>Sac \u00e0 dos premium non tiss\u00e9 Eco 5L - PERLE IN<\/title>\n<meta name=\"robots\" content=\"noindex, follow, max-snippet:-1, max-image-preview:large, max-video-preview:-1\" \/>\n<meta property=\"og:locale\" content=\"en_US\" \/>\n<meta property=\"og:type\" content=\"article\" \/>\n<meta property=\"og:title\" content=\"Sac \u00e0 dos premium non tiss\u00e9 Eco 5L - PERLE IN\" \/>\n<meta property=\"og:description\" content=\"Le sac \u00e0 dos Evergreen est une excellente option lorsque vous recherchez un sac qui fonctionne bien comme un cadeau facile \u00e0 manipuler pour promouvoir toute marque ou campagne de marketing. Ce sac \u00e0 dos l\u00e9ger et \u00e9conomique est dot\u00e9 d&#039;un cordon de serrage qui permet de le porter facilement sur l&#039;\u00e9paule ou comme un sac \u00e0 dos. Le sac est fabriqu\u00e9 en plastique PP de 80 g\/m\u00b2, poss\u00e8de un grand compartiment principal et laisse suffisamment d&#039;espace \u00e0 l&#039;ext\u00e9rieur pour afficher tout logo ou autre message.\" \/>\n<meta property=\"og:url\" content=\"https:\/\/perle-in.com\/en\/product\/sac-a-dos-premium-non-tisse-eco-5l\/\" \/>\n<meta property=\"og:site_name\" content=\"PERLE IN\" \/>\n<meta property=\"article:modified_time\" content=\"2025-10-13T18:31:58+00:00\" \/>\n<meta property=\"og:image\" content=\"https:\/\/perle-in.com\/wp-content\/uploads\/2025\/10\/11961900-1.jpg\" \/>\n\t<meta property=\"og:image:width\" content=\"1600\" \/>\n\t<meta property=\"og:image:height\" content=\"1600\" \/>\n\t<meta property=\"og:image:type\" content=\"image\/jpeg\" \/>\n<meta name=\"twitter:card\" content=\"summary_large_image\" \/>\n<script type=\"application\/ld+json\" class=\"yoast-schema-graph\">{\"@context\":\"https:\\\/\\\/schema.org\",\"@graph\":[{\"@type\":\"WebPage\",\"@id\":\"https:\\\/\\\/perle-in.com\\\/produit\\\/sac-a-dos-premium-non-tisse-eco-5l\\\/\",\"url\":\"https:\\\/\\\/perle-in.com\\\/produit\\\/sac-a-dos-premium-non-tisse-eco-5l\\\/\",\"name\":\"Sac \u00e0 dos premium non tiss\u00e9 Eco 5L - PERLE IN\",\"isPartOf\":{\"@id\":\"https:\\\/\\\/perle-in.com\\\/#website\"},\"primaryImageOfPage\":{\"@id\":\"https:\\\/\\\/perle-in.com\\\/produit\\\/sac-a-dos-premium-non-tisse-eco-5l\\\/#primaryimage\"},\"image\":{\"@id\":\"https:\\\/\\\/perle-in.com\\\/produit\\\/sac-a-dos-premium-non-tisse-eco-5l\\\/#primaryimage\"},\"thumbnailUrl\":\"https:\\\/\\\/perle-in.com\\\/wp-content\\\/uploads\\\/2025\\\/10\\\/11961900-1.jpg\",\"datePublished\":\"2025-10-13T18:31:48+00:00\",\"dateModified\":\"2025-10-13T18:31:58+00:00\",\"breadcrumb\":{\"@id\":\"https:\\\/\\\/perle-in.com\\\/produit\\\/sac-a-dos-premium-non-tisse-eco-5l\\\/#breadcrumb\"},\"inLanguage\":\"en-CA\",\"potentialAction\":[{\"@type\":\"ReadAction\",\"target\":[\"https:\\\/\\\/perle-in.com\\\/produit\\\/sac-a-dos-premium-non-tisse-eco-5l\\\/\"]}]},{\"@type\":\"ImageObject\",\"inLanguage\":\"en-CA\",\"@id\":\"https:\\\/\\\/perle-in.com\\\/produit\\\/sac-a-dos-premium-non-tisse-eco-5l\\\/#primaryimage\",\"url\":\"https:\\\/\\\/perle-in.com\\\/wp-content\\\/uploads\\\/2025\\\/10\\\/11961900-1.jpg\",\"contentUrl\":\"https:\\\/\\\/perle-in.com\\\/wp-content\\\/uploads\\\/2025\\\/10\\\/11961900-1.jpg\",\"width\":1600,\"height\":1600},{\"@type\":\"BreadcrumbList\",\"@id\":\"https:\\\/\\\/perle-in.com\\\/produit\\\/sac-a-dos-premium-non-tisse-eco-5l\\\/#breadcrumb\",\"itemListElement\":[{\"@type\":\"ListItem\",\"position\":1,\"name\":\"Accueil\",\"item\":\"https:\\\/\\\/perle-in.com\\\/\"},{\"@type\":\"ListItem\",\"position\":2,\"name\":\"Boutique\",\"item\":\"https:\\\/\\\/perle-in.com\\\/boutique\\\/\"},{\"@type\":\"ListItem\",\"position\":3,\"name\":\"Sac \u00e0 dos premium non tiss\u00e9 Eco 5L\"}]},{\"@type\":\"WebSite\",\"@id\":\"https:\\\/\\\/perle-in.com\\\/#website\",\"url\":\"https:\\\/\\\/perle-in.com\\\/\",\"name\":\"PERLE IN\",\"description\":\"\",\"publisher\":{\"@id\":\"https:\\\/\\\/perle-in.com\\\/#organization\"},\"potentialAction\":[{\"@type\":\"SearchAction\",\"target\":{\"@type\":\"EntryPoint\",\"urlTemplate\":\"https:\\\/\\\/perle-in.com\\\/?s={search_term_string}\"},\"query-input\":{\"@type\":\"PropertyValueSpecification\",\"valueRequired\":true,\"valueName\":\"search_term_string\"}}],\"inLanguage\":\"en-CA\"},{\"@type\":\"Organization\",\"@id\":\"https:\\\/\\\/perle-in.com\\\/#organization\",\"name\":\"PERLE IN\",\"url\":\"https:\\\/\\\/perle-in.com\\\/\",\"logo\":{\"@type\":\"ImageObject\",\"inLanguage\":\"en-CA\",\"@id\":\"https:\\\/\\\/perle-in.com\\\/#\\\/schema\\\/logo\\\/image\\\/\",\"url\":\"https:\\\/\\\/perle-in.com\\\/wp-content\\\/uploads\\\/2022\\\/12\\\/LOGO-PERLE-IN-COULEUR@3x.webp\",\"contentUrl\":\"https:\\\/\\\/perle-in.com\\\/wp-content\\\/uploads\\\/2022\\\/12\\\/LOGO-PERLE-IN-COULEUR@3x.webp\",\"width\":1600,\"height\":490,\"caption\":\"PERLE IN\"},\"image\":{\"@id\":\"https:\\\/\\\/perle-in.com\\\/#\\\/schema\\\/logo\\\/image\\\/\"}}]}<\/script>\n<!-- \/ Yoast SEO plugin. -->","yoast_head_json":{"title":"Sac \u00e0 dos premium non tiss\u00e9 Eco 5L - PERLE IN","robots":{"index":"noindex","follow":"follow","max-snippet":"max-snippet:-1","max-image-preview":"max-image-preview:large","max-video-preview":"max-video-preview:-1"},"og_locale":"en_US","og_type":"article","og_title":"Sac \u00e0 dos premium non tiss\u00e9 Eco 5L - PERLE IN","og_description":"Le sac \u00e0 dos Evergreen est une excellente option lorsque vous recherchez un sac qui fonctionne bien comme un cadeau facile \u00e0 manipuler pour promouvoir toute marque ou campagne de marketing. Ce sac \u00e0 dos l\u00e9ger et \u00e9conomique est dot\u00e9 d'un cordon de serrage qui permet de le porter facilement sur l'\u00e9paule ou comme un sac \u00e0 dos. Le sac est fabriqu\u00e9 en plastique PP de 80 g\/m\u00b2, poss\u00e8de un grand compartiment principal et laisse suffisamment d'espace \u00e0 l'ext\u00e9rieur pour afficher tout logo ou autre message.","og_url":"https:\/\/perle-in.com\/en\/product\/sac-a-dos-premium-non-tisse-eco-5l\/","og_site_name":"PERLE IN","article_modified_time":"2025-10-13T18:31:58+00:00","og_image":[{"width":1600,"height":1600,"url":"https:\/\/perle-in.com\/wp-content\/uploads\/2025\/10\/11961900-1.jpg","type":"image\/jpeg"}],"twitter_card":"summary_large_image","schema":{"@context":"https:\/\/schema.org","@graph":[{"@type":"WebPage","@id":"https:\/\/perle-in.com\/produit\/sac-a-dos-premium-non-tisse-eco-5l\/","url":"https:\/\/perle-in.com\/produit\/sac-a-dos-premium-non-tisse-eco-5l\/","name":"Sac \u00e0 dos premium non tiss\u00e9 Eco 5L - PERLE IN","isPartOf":{"@id":"https:\/\/perle-in.com\/#website"},"primaryImageOfPage":{"@id":"https:\/\/perle-in.com\/produit\/sac-a-dos-premium-non-tisse-eco-5l\/#primaryimage"},"image":{"@id":"https:\/\/perle-in.com\/produit\/sac-a-dos-premium-non-tisse-eco-5l\/#primaryimage"},"thumbnailUrl":"https:\/\/perle-in.com\/wp-content\/uploads\/2025\/10\/11961900-1.jpg","datePublished":"2025-10-13T18:31:48+00:00","dateModified":"2025-10-13T18:31:58+00:00","breadcrumb":{"@id":"https:\/\/perle-in.com\/produit\/sac-a-dos-premium-non-tisse-eco-5l\/#breadcrumb"},"inLanguage":"en-CA","potentialAction":[{"@type":"ReadAction","target":["https:\/\/perle-in.com\/produit\/sac-a-dos-premium-non-tisse-eco-5l\/"]}]},{"@type":"ImageObject","inLanguage":"en-CA","@id":"https:\/\/perle-in.com\/produit\/sac-a-dos-premium-non-tisse-eco-5l\/#primaryimage","url":"https:\/\/perle-in.com\/wp-content\/uploads\/2025\/10\/11961900-1.jpg","contentUrl":"https:\/\/perle-in.com\/wp-content\/uploads\/2025\/10\/11961900-1.jpg","width":1600,"height":1600},{"@type":"BreadcrumbList","@id":"https:\/\/perle-in.com\/produit\/sac-a-dos-premium-non-tisse-eco-5l\/#breadcrumb","itemListElement":[{"@type":"ListItem","position":1,"name":"Accueil","item":"https:\/\/perle-in.com\/"},{"@type":"ListItem","position":2,"name":"Boutique","item":"https:\/\/perle-in.com\/boutique\/"},{"@type":"ListItem","position":3,"name":"Sac \u00e0 dos premium non tiss\u00e9 Eco 5L"}]},{"@type":"WebSite","@id":"https:\/\/perle-in.com\/#website","url":"https:\/\/perle-in.com\/","name":"PERLE IN","description":"","publisher":{"@id":"https:\/\/perle-in.com\/#organization"},"potentialAction":[{"@type":"SearchAction","target":{"@type":"EntryPoint","urlTemplate":"https:\/\/perle-in.com\/?s={search_term_string}"},"query-input":{"@type":"PropertyValueSpecification","valueRequired":true,"valueName":"search_term_string"}}],"inLanguage":"en-CA"},{"@type":"Organization","@id":"https:\/\/perle-in.com\/#organization","name":"PERLE IN","url":"https:\/\/perle-in.com\/","logo":{"@type":"ImageObject","inLanguage":"en-CA","@id":"https:\/\/perle-in.com\/#\/schema\/logo\/image\/","url":"https:\/\/perle-in.com\/wp-content\/uploads\/2022\/12\/LOGO-PERLE-IN-COULEUR@3x.webp","contentUrl":"https:\/\/perle-in.com\/wp-content\/uploads\/2022\/12\/LOGO-PERLE-IN-COULEUR@3x.webp","width":1600,"height":490,"caption":"PERLE IN"},"image":{"@id":"https:\/\/perle-in.com\/#\/schema\/logo\/image\/"}}]}},"jetpack_sharing_enabled":true,"_links":{"self":[{"href":"https:\/\/perle-in.com\/en\/wp-json\/wp\/v2\/product\/504576","targetHints":{"allow":["GET"]}}],"collection":[{"href":"https:\/\/perle-in.com\/en\/wp-json\/wp\/v2\/product"}],"about":[{"href":"https:\/\/perle-in.com\/en\/wp-json\/wp\/v2\/types\/product"}],"version-history":[{"count":0,"href":"https:\/\/perle-in.com\/en\/wp-json\/wp\/v2\/product\/504576\/revisions"}],"wp:featuredmedia":[{"embeddable":true,"href":"https:\/\/perle-in.com\/en\/wp-json\/wp\/v2\/media\/504563"}],"wp:attachment":[{"href":"https:\/\/perle-in.com\/en\/wp-json\/wp\/v2\/media?parent=504576"}],"wp:term":[{"taxonomy":"product_brand","embeddable":true,"href":"https:\/\/perle-in.com\/en\/wp-json\/wp\/v2\/product_brand?post=504576"},{"taxonomy":"product_cat","embeddable":true,"href":"https:\/\/perle-in.com\/en\/wp-json\/wp\/v2\/product_cat?post=504576"},{"taxonomy":"product_tag","embeddable":true,"href":"https:\/\/perle-in.com\/en\/wp-json\/wp\/v2\/product_tag?post=504576"}],"curies":[{"name":"wp","href":"https:\/\/api.w.org\/{rel}","templated":true}]}}

Sac à dos premium non tissé Eco 5L

<p>Le sac à dos Evergreen est une excellente option lorsque vous recherchez un sac qui fonctionne bien comme un cadeau facile à manipuler pour promouvoir toute marque ou campagne de marketing. Ce sac à dos léger et économique est doté d&#8217;un cordon de serrage qui permet de le porter facilement sur l&#8217;épaule ou comme un sac à dos. Le sac est fabriqué en plastique PP de 80 g/m², possède un grand compartiment principal et laisse suffisamment d&#8217;espace à l&#8217;extérieur pour afficher tout logo ou autre message. </p>

<!-- This site is optimized with the Yoast SEO plugin v27.4 - https://yoast.com/product/yoast-seo-wordpress/ -->
<title>Sac à dos premium non tissé Eco 5L - PERLE IN</title>
<meta name="robots" content="noindex, follow, max-snippet:-1, max-image-preview:large, max-video-preview:-1" />
<meta property="og:locale" content="en_US" />
<meta property="og:type" content="article" />
<meta property="og:title" content="Sac à dos premium non tissé Eco 5L - PERLE IN" />
<meta property="og:description" content="Le sac à dos Evergreen est une excellente option lorsque vous recherchez un sac qui fonctionne bien comme un cadeau facile à manipuler pour promouvoir toute marque ou campagne de marketing. Ce sac à dos léger et économique est doté d&#039;un cordon de serrage qui permet de le porter facilement sur l&#039;épaule ou comme un sac à dos. Le sac est fabriqué en plastique PP de 80 g/m², possède un grand compartiment principal et laisse suffisamment d&#039;espace à l&#039;extérieur pour afficher tout logo ou autre message." />
<meta property="og:url" content="https://perle-in.com/en/product/sac-a-dos-premium-non-tisse-eco-5l/" />
<meta property="og:site_name" content="PERLE IN" />
<meta property="article:modified_time" content="2025-10-13T18:31:58+00:00" />
<meta property="og:image" content="https://perle-in.com/wp-content/uploads/2025/10/11961900-1.jpg" />
	<meta property="og:image:width" content="1600" />
	<meta property="og:image:height" content="1600" />
	<meta property="og:image:type" content="image/jpeg" />
<meta name="twitter:card" content="summary_large_image" />
<script type="application/ld+json" class="yoast-schema-graph">{"@context":"https:\/\/schema.org","@graph":[{"@type":"WebPage","@id":"https:\/\/perle-in.com\/produit\/sac-a-dos-premium-non-tisse-eco-5l\/","url":"https:\/\/perle-in.com\/produit\/sac-a-dos-premium-non-tisse-eco-5l\/","name":"Sac à dos premium non tissé Eco 5L - PERLE IN","isPartOf":{"@id":"https:\/\/perle-in.com\/#website"},"primaryImageOfPage":{"@id":"https:\/\/perle-in.com\/produit\/sac-a-dos-premium-non-tisse-eco-5l\/#primaryimage"},"image":{"@id":"https:\/\/perle-in.com\/produit\/sac-a-dos-premium-non-tisse-eco-5l\/#primaryimage"},"thumbnailUrl":"https:\/\/perle-in.com\/wp-content\/uploads\/2025\/10\/11961900-1.jpg","datePublished":"2025-10-13T18:31:48+00:00","dateModified":"2025-10-13T18:31:58+00:00","breadcrumb":{"@id":"https:\/\/perle-in.com\/produit\/sac-a-dos-premium-non-tisse-eco-5l\/#breadcrumb"},"inLanguage":"en-CA","potentialAction":[{"@type":"ReadAction","target":["https:\/\/perle-in.com\/produit\/sac-a-dos-premium-non-tisse-eco-5l\/"]}]},{"@type":"ImageObject","inLanguage":"en-CA","@id":"https:\/\/perle-in.com\/produit\/sac-a-dos-premium-non-tisse-eco-5l\/#primaryimage","url":"https:\/\/perle-in.com\/wp-content\/uploads\/2025\/10\/11961900-1.jpg","contentUrl":"https:\/\/perle-in.com\/wp-content\/uploads\/2025\/10\/11961900-1.jpg","width":1600,"height":1600},{"@type":"BreadcrumbList","@id":"https:\/\/perle-in.com\/produit\/sac-a-dos-premium-non-tisse-eco-5l\/#breadcrumb","itemListElement":[{"@type":"ListItem","position":1,"name":"Accueil","item":"https:\/\/perle-in.com\/"},{"@type":"ListItem","position":2,"name":"Boutique","item":"https:\/\/perle-in.com\/boutique\/"},{"@type":"ListItem","position":3,"name":"Sac à dos premium non tissé Eco 5L"}]},{"@type":"WebSite","@id":"https:\/\/perle-in.com\/#website","url":"https:\/\/perle-in.com\/","name":"PERLE IN","description":"","publisher":{"@id":"https:\/\/perle-in.com\/#organization"},"potentialAction":[{"@type":"SearchAction","target":{"@type":"EntryPoint","urlTemplate":"https:\/\/perle-in.com\/?s={search_term_string}"},"query-input":{"@type":"PropertyValueSpecification","valueRequired":true,"valueName":"search_term_string"}}],"inLanguage":"en-CA"},{"@type":"Organization","@id":"https:\/\/perle-in.com\/#organization","name":"PERLE IN","url":"https:\/\/perle-in.com\/","logo":{"@type":"ImageObject","inLanguage":"en-CA","@id":"https:\/\/perle-in.com\/#\/schema\/logo\/image\/","url":"https:\/\/perle-in.com\/wp-content\/uploads\/2022\/12\/LOGO-PERLE-IN-COULEUR@3x.webp","contentUrl":"https:\/\/perle-in.com\/wp-content\/uploads\/2022\/12\/LOGO-PERLE-IN-COULEUR@3x.webp","width":1600,"height":490,"caption":"PERLE IN"},"image":{"@id":"https:\/\/perle-in.com\/#\/schema\/logo\/image\/"}}]}</script>
<!-- / Yoast SEO plugin. -->

Sac à dos premium non tissé Eco 5L - PERLE IN

Le sac à dos Evergreen est une excellente option lorsque vous recherchez un sac qui fonctionne bien comme un cadeau facile à manipuler pour promouvoir toute marque ou campagne de marketing. Ce sac à dos léger et économique est doté d'un cordon de serrage qui permet de le porter facilement sur l'épaule ou comme un sac à dos. Le sac est fabriqué en plastique PP de 80 g/m², possède un grand compartiment principal et laisse suffisamment d'espace à l'extérieur pour afficher tout logo ou autre message.
