{"id":504451,"date":"2025-10-13T20:19:36","date_gmt":"2025-10-13T18:19:36","guid":{"rendered":"https:\/\/perle-in.com\/produit\/sac-convention-non-tisse-large-zeus-6l\/"},"modified":"2025-10-13T20:19:48","modified_gmt":"2025-10-13T18:19:48","slug":"sac-convention-non-tisse-large-zeus-6l","status":"publish","type":"product","link":"https:\/\/perle-in.com\/en\/product\/sac-convention-non-tisse-large-zeus-6l\/","title":{"rendered":"Sac convention non tiss\u00e9 Large Zeus 6L"},"content":{"rendered":"","protected":false},"excerpt":{"rendered":"<p>Vous avez besoin d&#8217;un bon sac pour une foire ou une conf\u00e9rence ? Le grand sac shopping non tiss\u00e9 Zeus est une option parfaite. Son design fin en fait un mod\u00e8le \u00e9l\u00e9gant et adapt\u00e9 au transport d&#8217;articles l\u00e9gers comme un cahier et un stylo. Les poign\u00e9es mesurent 29 cm de long et sont donc faciles \u00e0 porter \u00e0 l&#8217;\u00e9paule. Peut supporter jusqu&#8217;\u00e0 5 kg.<\/p>","protected":false},"featured_media":504435,"template":"","meta":{"_eb_attr":""},"product_brand":[],"product_cat":[159,1220],"product_tag":[1009,1792,1796,1797,1805,1802,1794,282,1795,287,289,1806,1803,1798,1799,283,1793,288,290,1804,1800,1801,1779,291],"class_list":{"0":"post-504451","1":"product","2":"type-product","3":"status-publish","4":"has-post-thumbnail","6":"product_cat-sacs","7":"product_cat-serviette","8":"product_tag-conference","9":"product_tag-conferences","10":"product_tag-document","11":"product_tag-documents","12":"product_tag-intisse","13":"product_tag-non-tisse","14":"product_tag-porte-documents","15":"product_tag-sac","16":"product_tag-sac-de-conference","17":"product_tag-sac-de-transport","18":"product_tag-sac-de-voyage","19":"product_tag-sac-intisse","20":"product_tag-sac-non-tisse","21":"product_tag-sacoche","22":"product_tag-sacoches","23":"product_tag-sacs","24":"product_tag-sacs-de-conference","25":"product_tag-sacs-de-transport","26":"product_tag-sacs-de-voyage","27":"product_tag-sacs-non-tisses","28":"product_tag-serviette","29":"product_tag-serviettes","30":"product_tag-totebag","31":"product_tag-voyage","32":"pa_couleurs-blanc","33":"pa_couleurs-bleu-process","34":"pa_couleurs-bleu-royal","35":"pa_couleurs-citron-vert","36":"pa_couleurs-gris","37":"pa_couleurs-jaune","38":"pa_couleurs-marine","39":"pa_couleurs-noir","40":"pa_couleurs-orange","41":"pa_couleurs-rouge","42":"pa_couleurs-vert","44":"first","45":"instock","46":"shipping-taxable","47":"purchasable","48":"product-type-variable"},"yoast_head":"<!-- This site is optimized with the Yoast SEO plugin v27.4 - https:\/\/yoast.com\/product\/yoast-seo-wordpress\/ -->\n<title>Sac convention non tiss\u00e9 Large Zeus 6L - PERLE IN<\/title>\n<meta name=\"robots\" content=\"noindex, follow, max-snippet:-1, max-image-preview:large, max-video-preview:-1\" \/>\n<meta property=\"og:locale\" content=\"en_US\" \/>\n<meta property=\"og:type\" content=\"article\" \/>\n<meta property=\"og:title\" content=\"Sac convention non tiss\u00e9 Large Zeus 6L - PERLE IN\" \/>\n<meta property=\"og:description\" content=\"Vous avez besoin d&#039;un bon sac pour une foire ou une conf\u00e9rence ? Le grand sac shopping non tiss\u00e9 Zeus est une option parfaite. Son design fin en fait un mod\u00e8le \u00e9l\u00e9gant et adapt\u00e9 au transport d&#039;articles l\u00e9gers comme un cahier et un stylo. Les poign\u00e9es mesurent 29 cm de long et sont donc faciles \u00e0 porter \u00e0 l&#039;\u00e9paule. Peut supporter jusqu&#039;\u00e0 5 kg.\" \/>\n<meta property=\"og:url\" content=\"https:\/\/perle-in.com\/en\/product\/sac-convention-non-tisse-large-zeus-6l\/\" \/>\n<meta property=\"og:site_name\" content=\"PERLE IN\" \/>\n<meta property=\"article:modified_time\" content=\"2025-10-13T18:19:48+00:00\" \/>\n<meta property=\"og:image\" content=\"https:\/\/perle-in.com\/wp-content\/uploads\/2025\/10\/11941200-1.jpg\" \/>\n\t<meta property=\"og:image:width\" content=\"1600\" \/>\n\t<meta property=\"og:image:height\" content=\"1600\" \/>\n\t<meta property=\"og:image:type\" content=\"image\/jpeg\" \/>\n<meta name=\"twitter:card\" content=\"summary_large_image\" \/>\n<script type=\"application\/ld+json\" class=\"yoast-schema-graph\">{\"@context\":\"https:\\\/\\\/schema.org\",\"@graph\":[{\"@type\":\"WebPage\",\"@id\":\"https:\\\/\\\/perle-in.com\\\/produit\\\/sac-convention-non-tisse-large-zeus-6l\\\/\",\"url\":\"https:\\\/\\\/perle-in.com\\\/produit\\\/sac-convention-non-tisse-large-zeus-6l\\\/\",\"name\":\"Sac convention non tiss\u00e9 Large Zeus 6L - PERLE IN\",\"isPartOf\":{\"@id\":\"https:\\\/\\\/perle-in.com\\\/#website\"},\"primaryImageOfPage\":{\"@id\":\"https:\\\/\\\/perle-in.com\\\/produit\\\/sac-convention-non-tisse-large-zeus-6l\\\/#primaryimage\"},\"image\":{\"@id\":\"https:\\\/\\\/perle-in.com\\\/produit\\\/sac-convention-non-tisse-large-zeus-6l\\\/#primaryimage\"},\"thumbnailUrl\":\"https:\\\/\\\/perle-in.com\\\/wp-content\\\/uploads\\\/2025\\\/10\\\/11941200-1.jpg\",\"datePublished\":\"2025-10-13T18:19:36+00:00\",\"dateModified\":\"2025-10-13T18:19:48+00:00\",\"breadcrumb\":{\"@id\":\"https:\\\/\\\/perle-in.com\\\/produit\\\/sac-convention-non-tisse-large-zeus-6l\\\/#breadcrumb\"},\"inLanguage\":\"en-CA\",\"potentialAction\":[{\"@type\":\"ReadAction\",\"target\":[\"https:\\\/\\\/perle-in.com\\\/produit\\\/sac-convention-non-tisse-large-zeus-6l\\\/\"]}]},{\"@type\":\"ImageObject\",\"inLanguage\":\"en-CA\",\"@id\":\"https:\\\/\\\/perle-in.com\\\/produit\\\/sac-convention-non-tisse-large-zeus-6l\\\/#primaryimage\",\"url\":\"https:\\\/\\\/perle-in.com\\\/wp-content\\\/uploads\\\/2025\\\/10\\\/11941200-1.jpg\",\"contentUrl\":\"https:\\\/\\\/perle-in.com\\\/wp-content\\\/uploads\\\/2025\\\/10\\\/11941200-1.jpg\",\"width\":1600,\"height\":1600},{\"@type\":\"BreadcrumbList\",\"@id\":\"https:\\\/\\\/perle-in.com\\\/produit\\\/sac-convention-non-tisse-large-zeus-6l\\\/#breadcrumb\",\"itemListElement\":[{\"@type\":\"ListItem\",\"position\":1,\"name\":\"Accueil\",\"item\":\"https:\\\/\\\/perle-in.com\\\/\"},{\"@type\":\"ListItem\",\"position\":2,\"name\":\"Boutique\",\"item\":\"https:\\\/\\\/perle-in.com\\\/boutique\\\/\"},{\"@type\":\"ListItem\",\"position\":3,\"name\":\"Sac convention non tiss\u00e9 Large Zeus 6L\"}]},{\"@type\":\"WebSite\",\"@id\":\"https:\\\/\\\/perle-in.com\\\/#website\",\"url\":\"https:\\\/\\\/perle-in.com\\\/\",\"name\":\"PERLE IN\",\"description\":\"\",\"publisher\":{\"@id\":\"https:\\\/\\\/perle-in.com\\\/#organization\"},\"potentialAction\":[{\"@type\":\"SearchAction\",\"target\":{\"@type\":\"EntryPoint\",\"urlTemplate\":\"https:\\\/\\\/perle-in.com\\\/?s={search_term_string}\"},\"query-input\":{\"@type\":\"PropertyValueSpecification\",\"valueRequired\":true,\"valueName\":\"search_term_string\"}}],\"inLanguage\":\"en-CA\"},{\"@type\":\"Organization\",\"@id\":\"https:\\\/\\\/perle-in.com\\\/#organization\",\"name\":\"PERLE IN\",\"url\":\"https:\\\/\\\/perle-in.com\\\/\",\"logo\":{\"@type\":\"ImageObject\",\"inLanguage\":\"en-CA\",\"@id\":\"https:\\\/\\\/perle-in.com\\\/#\\\/schema\\\/logo\\\/image\\\/\",\"url\":\"https:\\\/\\\/perle-in.com\\\/wp-content\\\/uploads\\\/2022\\\/12\\\/LOGO-PERLE-IN-COULEUR@3x.webp\",\"contentUrl\":\"https:\\\/\\\/perle-in.com\\\/wp-content\\\/uploads\\\/2022\\\/12\\\/LOGO-PERLE-IN-COULEUR@3x.webp\",\"width\":1600,\"height\":490,\"caption\":\"PERLE IN\"},\"image\":{\"@id\":\"https:\\\/\\\/perle-in.com\\\/#\\\/schema\\\/logo\\\/image\\\/\"}}]}<\/script>\n<!-- \/ Yoast SEO plugin. -->","yoast_head_json":{"title":"Sac convention non tiss\u00e9 Large Zeus 6L - PERLE IN","robots":{"index":"noindex","follow":"follow","max-snippet":"max-snippet:-1","max-image-preview":"max-image-preview:large","max-video-preview":"max-video-preview:-1"},"og_locale":"en_US","og_type":"article","og_title":"Sac convention non tiss\u00e9 Large Zeus 6L - PERLE IN","og_description":"Vous avez besoin d'un bon sac pour une foire ou une conf\u00e9rence ? Le grand sac shopping non tiss\u00e9 Zeus est une option parfaite. Son design fin en fait un mod\u00e8le \u00e9l\u00e9gant et adapt\u00e9 au transport d'articles l\u00e9gers comme un cahier et un stylo. Les poign\u00e9es mesurent 29 cm de long et sont donc faciles \u00e0 porter \u00e0 l'\u00e9paule. Peut supporter jusqu'\u00e0 5 kg.","og_url":"https:\/\/perle-in.com\/en\/product\/sac-convention-non-tisse-large-zeus-6l\/","og_site_name":"PERLE IN","article_modified_time":"2025-10-13T18:19:48+00:00","og_image":[{"width":1600,"height":1600,"url":"https:\/\/perle-in.com\/wp-content\/uploads\/2025\/10\/11941200-1.jpg","type":"image\/jpeg"}],"twitter_card":"summary_large_image","schema":{"@context":"https:\/\/schema.org","@graph":[{"@type":"WebPage","@id":"https:\/\/perle-in.com\/produit\/sac-convention-non-tisse-large-zeus-6l\/","url":"https:\/\/perle-in.com\/produit\/sac-convention-non-tisse-large-zeus-6l\/","name":"Sac convention non tiss\u00e9 Large Zeus 6L - PERLE IN","isPartOf":{"@id":"https:\/\/perle-in.com\/#website"},"primaryImageOfPage":{"@id":"https:\/\/perle-in.com\/produit\/sac-convention-non-tisse-large-zeus-6l\/#primaryimage"},"image":{"@id":"https:\/\/perle-in.com\/produit\/sac-convention-non-tisse-large-zeus-6l\/#primaryimage"},"thumbnailUrl":"https:\/\/perle-in.com\/wp-content\/uploads\/2025\/10\/11941200-1.jpg","datePublished":"2025-10-13T18:19:36+00:00","dateModified":"2025-10-13T18:19:48+00:00","breadcrumb":{"@id":"https:\/\/perle-in.com\/produit\/sac-convention-non-tisse-large-zeus-6l\/#breadcrumb"},"inLanguage":"en-CA","potentialAction":[{"@type":"ReadAction","target":["https:\/\/perle-in.com\/produit\/sac-convention-non-tisse-large-zeus-6l\/"]}]},{"@type":"ImageObject","inLanguage":"en-CA","@id":"https:\/\/perle-in.com\/produit\/sac-convention-non-tisse-large-zeus-6l\/#primaryimage","url":"https:\/\/perle-in.com\/wp-content\/uploads\/2025\/10\/11941200-1.jpg","contentUrl":"https:\/\/perle-in.com\/wp-content\/uploads\/2025\/10\/11941200-1.jpg","width":1600,"height":1600},{"@type":"BreadcrumbList","@id":"https:\/\/perle-in.com\/produit\/sac-convention-non-tisse-large-zeus-6l\/#breadcrumb","itemListElement":[{"@type":"ListItem","position":1,"name":"Accueil","item":"https:\/\/perle-in.com\/"},{"@type":"ListItem","position":2,"name":"Boutique","item":"https:\/\/perle-in.com\/boutique\/"},{"@type":"ListItem","position":3,"name":"Sac convention non tiss\u00e9 Large Zeus 6L"}]},{"@type":"WebSite","@id":"https:\/\/perle-in.com\/#website","url":"https:\/\/perle-in.com\/","name":"PERLE IN","description":"","publisher":{"@id":"https:\/\/perle-in.com\/#organization"},"potentialAction":[{"@type":"SearchAction","target":{"@type":"EntryPoint","urlTemplate":"https:\/\/perle-in.com\/?s={search_term_string}"},"query-input":{"@type":"PropertyValueSpecification","valueRequired":true,"valueName":"search_term_string"}}],"inLanguage":"en-CA"},{"@type":"Organization","@id":"https:\/\/perle-in.com\/#organization","name":"PERLE IN","url":"https:\/\/perle-in.com\/","logo":{"@type":"ImageObject","inLanguage":"en-CA","@id":"https:\/\/perle-in.com\/#\/schema\/logo\/image\/","url":"https:\/\/perle-in.com\/wp-content\/uploads\/2022\/12\/LOGO-PERLE-IN-COULEUR@3x.webp","contentUrl":"https:\/\/perle-in.com\/wp-content\/uploads\/2022\/12\/LOGO-PERLE-IN-COULEUR@3x.webp","width":1600,"height":490,"caption":"PERLE IN"},"image":{"@id":"https:\/\/perle-in.com\/#\/schema\/logo\/image\/"}}]}},"jetpack_sharing_enabled":true,"_links":{"self":[{"href":"https:\/\/perle-in.com\/en\/wp-json\/wp\/v2\/product\/504451","targetHints":{"allow":["GET"]}}],"collection":[{"href":"https:\/\/perle-in.com\/en\/wp-json\/wp\/v2\/product"}],"about":[{"href":"https:\/\/perle-in.com\/en\/wp-json\/wp\/v2\/types\/product"}],"version-history":[{"count":0,"href":"https:\/\/perle-in.com\/en\/wp-json\/wp\/v2\/product\/504451\/revisions"}],"wp:featuredmedia":[{"embeddable":true,"href":"https:\/\/perle-in.com\/en\/wp-json\/wp\/v2\/media\/504435"}],"wp:attachment":[{"href":"https:\/\/perle-in.com\/en\/wp-json\/wp\/v2\/media?parent=504451"}],"wp:term":[{"taxonomy":"product_brand","embeddable":true,"href":"https:\/\/perle-in.com\/en\/wp-json\/wp\/v2\/product_brand?post=504451"},{"taxonomy":"product_cat","embeddable":true,"href":"https:\/\/perle-in.com\/en\/wp-json\/wp\/v2\/product_cat?post=504451"},{"taxonomy":"product_tag","embeddable":true,"href":"https:\/\/perle-in.com\/en\/wp-json\/wp\/v2\/product_tag?post=504451"}],"curies":[{"name":"wp","href":"https:\/\/api.w.org\/{rel}","templated":true}]}}

Sac convention non tissé Large Zeus 6L

<p>Vous avez besoin d&#8217;un bon sac pour une foire ou une conférence ? Le grand sac shopping non tissé Zeus est une option parfaite. Son design fin en fait un modèle élégant et adapté au transport d&#8217;articles légers comme un cahier et un stylo. Les poignées mesurent 29 cm de long et sont donc faciles à porter à l&#8217;épaule. Peut supporter jusqu&#8217;à 5 kg.</p>

<!-- This site is optimized with the Yoast SEO plugin v27.4 - https://yoast.com/product/yoast-seo-wordpress/ -->
<title>Sac convention non tissé Large Zeus 6L - PERLE IN</title>
<meta name="robots" content="noindex, follow, max-snippet:-1, max-image-preview:large, max-video-preview:-1" />
<meta property="og:locale" content="en_US" />
<meta property="og:type" content="article" />
<meta property="og:title" content="Sac convention non tissé Large Zeus 6L - PERLE IN" />
<meta property="og:description" content="Vous avez besoin d&#039;un bon sac pour une foire ou une conférence ? Le grand sac shopping non tissé Zeus est une option parfaite. Son design fin en fait un modèle élégant et adapté au transport d&#039;articles légers comme un cahier et un stylo. Les poignées mesurent 29 cm de long et sont donc faciles à porter à l&#039;épaule. Peut supporter jusqu&#039;à 5 kg." />
<meta property="og:url" content="https://perle-in.com/en/product/sac-convention-non-tisse-large-zeus-6l/" />
<meta property="og:site_name" content="PERLE IN" />
<meta property="article:modified_time" content="2025-10-13T18:19:48+00:00" />
<meta property="og:image" content="https://perle-in.com/wp-content/uploads/2025/10/11941200-1.jpg" />
	<meta property="og:image:width" content="1600" />
	<meta property="og:image:height" content="1600" />
	<meta property="og:image:type" content="image/jpeg" />
<meta name="twitter:card" content="summary_large_image" />
<script type="application/ld+json" class="yoast-schema-graph">{"@context":"https:\/\/schema.org","@graph":[{"@type":"WebPage","@id":"https:\/\/perle-in.com\/produit\/sac-convention-non-tisse-large-zeus-6l\/","url":"https:\/\/perle-in.com\/produit\/sac-convention-non-tisse-large-zeus-6l\/","name":"Sac convention non tissé Large Zeus 6L - PERLE IN","isPartOf":{"@id":"https:\/\/perle-in.com\/#website"},"primaryImageOfPage":{"@id":"https:\/\/perle-in.com\/produit\/sac-convention-non-tisse-large-zeus-6l\/#primaryimage"},"image":{"@id":"https:\/\/perle-in.com\/produit\/sac-convention-non-tisse-large-zeus-6l\/#primaryimage"},"thumbnailUrl":"https:\/\/perle-in.com\/wp-content\/uploads\/2025\/10\/11941200-1.jpg","datePublished":"2025-10-13T18:19:36+00:00","dateModified":"2025-10-13T18:19:48+00:00","breadcrumb":{"@id":"https:\/\/perle-in.com\/produit\/sac-convention-non-tisse-large-zeus-6l\/#breadcrumb"},"inLanguage":"en-CA","potentialAction":[{"@type":"ReadAction","target":["https:\/\/perle-in.com\/produit\/sac-convention-non-tisse-large-zeus-6l\/"]}]},{"@type":"ImageObject","inLanguage":"en-CA","@id":"https:\/\/perle-in.com\/produit\/sac-convention-non-tisse-large-zeus-6l\/#primaryimage","url":"https:\/\/perle-in.com\/wp-content\/uploads\/2025\/10\/11941200-1.jpg","contentUrl":"https:\/\/perle-in.com\/wp-content\/uploads\/2025\/10\/11941200-1.jpg","width":1600,"height":1600},{"@type":"BreadcrumbList","@id":"https:\/\/perle-in.com\/produit\/sac-convention-non-tisse-large-zeus-6l\/#breadcrumb","itemListElement":[{"@type":"ListItem","position":1,"name":"Accueil","item":"https:\/\/perle-in.com\/"},{"@type":"ListItem","position":2,"name":"Boutique","item":"https:\/\/perle-in.com\/boutique\/"},{"@type":"ListItem","position":3,"name":"Sac convention non tissé Large Zeus 6L"}]},{"@type":"WebSite","@id":"https:\/\/perle-in.com\/#website","url":"https:\/\/perle-in.com\/","name":"PERLE IN","description":"","publisher":{"@id":"https:\/\/perle-in.com\/#organization"},"potentialAction":[{"@type":"SearchAction","target":{"@type":"EntryPoint","urlTemplate":"https:\/\/perle-in.com\/?s={search_term_string}"},"query-input":{"@type":"PropertyValueSpecification","valueRequired":true,"valueName":"search_term_string"}}],"inLanguage":"en-CA"},{"@type":"Organization","@id":"https:\/\/perle-in.com\/#organization","name":"PERLE IN","url":"https:\/\/perle-in.com\/","logo":{"@type":"ImageObject","inLanguage":"en-CA","@id":"https:\/\/perle-in.com\/#\/schema\/logo\/image\/","url":"https:\/\/perle-in.com\/wp-content\/uploads\/2022\/12\/LOGO-PERLE-IN-COULEUR@3x.webp","contentUrl":"https:\/\/perle-in.com\/wp-content\/uploads\/2022\/12\/LOGO-PERLE-IN-COULEUR@3x.webp","width":1600,"height":490,"caption":"PERLE IN"},"image":{"@id":"https:\/\/perle-in.com\/#\/schema\/logo\/image\/"}}]}</script>
<!-- / Yoast SEO plugin. -->

Sac convention non tissé Large Zeus 6L - PERLE IN

Vous avez besoin d'un bon sac pour une foire ou une conférence ? Le grand sac shopping non tissé Zeus est une option parfaite. Son design fin en fait un modèle élégant et adapté au transport d'articles légers comme un cahier et un stylo. Les poignées mesurent 29 cm de long et sont donc faciles à porter à l'épaule. Peut supporter jusqu'à 5 kg.
