{"id":504000,"date":"2025-10-13T19:44:29","date_gmt":"2025-10-13T17:44:29","guid":{"rendered":"https:\/\/perle-in.com\/produit\/bonnet-irwin\/"},"modified":"2025-10-13T19:44:36","modified_gmt":"2025-10-13T17:44:36","slug":"bonnet-irwin","status":"publish","type":"product","link":"https:\/\/perle-in.com\/en\/product\/bonnet-irwin\/","title":{"rendered":"Bonnet Irwin"},"content":{"rendered":"","protected":false},"excerpt":{"rendered":"<p>Le bonnet Irwin &#8211; votre indispensable pour les temps froids &#8211; est fabriqu\u00e9 en acrylique tricot\u00e9 en c\u00f4tes 1&#215;1, avec un bord doublement pli\u00e9 pour une chaleur accrue et un ajustement s\u00fbr. Con\u00e7u pour le confort et le style, il vous gardera bien au chaud pendant vos aventures hivernales. Avec son look classique et ses diff\u00e9rentes options de couleurs, le bonnet Irwin est un compl\u00e9ment polyvalent \u00e0 toute garde-robe pour rester au chaud et \u00e0 la mode.<\/p>","protected":false},"featured_media":503988,"template":"","meta":{"_eb_attr":""},"product_brand":[],"product_cat":[1025,1024],"product_tag":[234,235,1029,1701,1030,1702,1699,1700,1697,1698,1696],"class_list":{"0":"post-504000","1":"product","2":"type-product","3":"status-publish","4":"has-post-thumbnail","6":"product_cat-bonnets","7":"product_cat-vetements","8":"product_tag-bandeau","9":"product_tag-bandeaux","10":"product_tag-bonnet","11":"product_tag-bonnet-tricote","12":"product_tag-bonnets","13":"product_tag-bonnets-tricotes","14":"product_tag-casquette","15":"product_tag-casquettes","16":"product_tag-chapeau","17":"product_tag-chapeaux","18":"product_tag-coiffe","19":"pa_couleurs-bleu-hale","20":"pa_couleurs-gres","21":"pa_couleurs-gris-melange","22":"pa_couleurs-marine","23":"pa_couleurs-noir","24":"pa_couleurs-rouge","25":"pa_couleurs-vert","26":"pa_genre-unisex","27":"pa_green-points-1692","28":"pa_marque-elevate-essentials","29":"pa_matiere-tricot-cotele-1x1-acrylique","31":"first","32":"instock","33":"shipping-taxable","34":"purchasable","35":"product-type-variable"},"yoast_head":"<!-- This site is optimized with the Yoast SEO plugin v27.4 - https:\/\/yoast.com\/product\/yoast-seo-wordpress\/ -->\n<title>Bonnet Irwin - PERLE IN<\/title>\n<meta name=\"robots\" content=\"noindex, follow, max-snippet:-1, max-image-preview:large, max-video-preview:-1\" \/>\n<meta property=\"og:locale\" content=\"en_US\" \/>\n<meta property=\"og:type\" content=\"article\" \/>\n<meta property=\"og:title\" content=\"Bonnet Irwin - PERLE IN\" \/>\n<meta property=\"og:description\" content=\"Le bonnet Irwin - votre indispensable pour les temps froids - est fabriqu\u00e9 en acrylique tricot\u00e9 en c\u00f4tes 1x1, avec un bord doublement pli\u00e9 pour une chaleur accrue et un ajustement s\u00fbr. Con\u00e7u pour le confort et le style, il vous gardera bien au chaud pendant vos aventures hivernales. Avec son look classique et ses diff\u00e9rentes options de couleurs, le bonnet Irwin est un compl\u00e9ment polyvalent \u00e0 toute garde-robe pour rester au chaud et \u00e0 la mode.\" \/>\n<meta property=\"og:url\" content=\"https:\/\/perle-in.com\/en\/product\/bonnet-irwin\/\" \/>\n<meta property=\"og:site_name\" content=\"PERLE IN\" \/>\n<meta property=\"article:modified_time\" content=\"2025-10-13T17:44:36+00:00\" \/>\n<meta property=\"og:image\" content=\"https:\/\/perle-in.com\/wp-content\/uploads\/2025\/10\/11104300-1.jpg\" \/>\n\t<meta property=\"og:image:width\" content=\"1600\" \/>\n\t<meta property=\"og:image:height\" content=\"1600\" \/>\n\t<meta property=\"og:image:type\" content=\"image\/jpeg\" \/>\n<meta name=\"twitter:card\" content=\"summary_large_image\" \/>\n<script type=\"application\/ld+json\" class=\"yoast-schema-graph\">{\"@context\":\"https:\\\/\\\/schema.org\",\"@graph\":[{\"@type\":\"WebPage\",\"@id\":\"https:\\\/\\\/perle-in.com\\\/produit\\\/bonnet-irwin\\\/\",\"url\":\"https:\\\/\\\/perle-in.com\\\/produit\\\/bonnet-irwin\\\/\",\"name\":\"Bonnet Irwin - PERLE IN\",\"isPartOf\":{\"@id\":\"https:\\\/\\\/perle-in.com\\\/#website\"},\"primaryImageOfPage\":{\"@id\":\"https:\\\/\\\/perle-in.com\\\/produit\\\/bonnet-irwin\\\/#primaryimage\"},\"image\":{\"@id\":\"https:\\\/\\\/perle-in.com\\\/produit\\\/bonnet-irwin\\\/#primaryimage\"},\"thumbnailUrl\":\"https:\\\/\\\/perle-in.com\\\/wp-content\\\/uploads\\\/2025\\\/10\\\/11104300-1.jpg\",\"datePublished\":\"2025-10-13T17:44:29+00:00\",\"dateModified\":\"2025-10-13T17:44:36+00:00\",\"breadcrumb\":{\"@id\":\"https:\\\/\\\/perle-in.com\\\/produit\\\/bonnet-irwin\\\/#breadcrumb\"},\"inLanguage\":\"en-CA\",\"potentialAction\":[{\"@type\":\"ReadAction\",\"target\":[\"https:\\\/\\\/perle-in.com\\\/produit\\\/bonnet-irwin\\\/\"]}]},{\"@type\":\"ImageObject\",\"inLanguage\":\"en-CA\",\"@id\":\"https:\\\/\\\/perle-in.com\\\/produit\\\/bonnet-irwin\\\/#primaryimage\",\"url\":\"https:\\\/\\\/perle-in.com\\\/wp-content\\\/uploads\\\/2025\\\/10\\\/11104300-1.jpg\",\"contentUrl\":\"https:\\\/\\\/perle-in.com\\\/wp-content\\\/uploads\\\/2025\\\/10\\\/11104300-1.jpg\",\"width\":1600,\"height\":1600},{\"@type\":\"BreadcrumbList\",\"@id\":\"https:\\\/\\\/perle-in.com\\\/produit\\\/bonnet-irwin\\\/#breadcrumb\",\"itemListElement\":[{\"@type\":\"ListItem\",\"position\":1,\"name\":\"Accueil\",\"item\":\"https:\\\/\\\/perle-in.com\\\/\"},{\"@type\":\"ListItem\",\"position\":2,\"name\":\"Boutique\",\"item\":\"https:\\\/\\\/perle-in.com\\\/boutique\\\/\"},{\"@type\":\"ListItem\",\"position\":3,\"name\":\"Bonnet Irwin\"}]},{\"@type\":\"WebSite\",\"@id\":\"https:\\\/\\\/perle-in.com\\\/#website\",\"url\":\"https:\\\/\\\/perle-in.com\\\/\",\"name\":\"PERLE IN\",\"description\":\"\",\"publisher\":{\"@id\":\"https:\\\/\\\/perle-in.com\\\/#organization\"},\"potentialAction\":[{\"@type\":\"SearchAction\",\"target\":{\"@type\":\"EntryPoint\",\"urlTemplate\":\"https:\\\/\\\/perle-in.com\\\/?s={search_term_string}\"},\"query-input\":{\"@type\":\"PropertyValueSpecification\",\"valueRequired\":true,\"valueName\":\"search_term_string\"}}],\"inLanguage\":\"en-CA\"},{\"@type\":\"Organization\",\"@id\":\"https:\\\/\\\/perle-in.com\\\/#organization\",\"name\":\"PERLE IN\",\"url\":\"https:\\\/\\\/perle-in.com\\\/\",\"logo\":{\"@type\":\"ImageObject\",\"inLanguage\":\"en-CA\",\"@id\":\"https:\\\/\\\/perle-in.com\\\/#\\\/schema\\\/logo\\\/image\\\/\",\"url\":\"https:\\\/\\\/perle-in.com\\\/wp-content\\\/uploads\\\/2022\\\/12\\\/LOGO-PERLE-IN-COULEUR@3x.webp\",\"contentUrl\":\"https:\\\/\\\/perle-in.com\\\/wp-content\\\/uploads\\\/2022\\\/12\\\/LOGO-PERLE-IN-COULEUR@3x.webp\",\"width\":1600,\"height\":490,\"caption\":\"PERLE IN\"},\"image\":{\"@id\":\"https:\\\/\\\/perle-in.com\\\/#\\\/schema\\\/logo\\\/image\\\/\"}}]}<\/script>\n<!-- \/ Yoast SEO plugin. -->","yoast_head_json":{"title":"Bonnet Irwin - PERLE IN","robots":{"index":"noindex","follow":"follow","max-snippet":"max-snippet:-1","max-image-preview":"max-image-preview:large","max-video-preview":"max-video-preview:-1"},"og_locale":"en_US","og_type":"article","og_title":"Bonnet Irwin - PERLE IN","og_description":"Le bonnet Irwin - votre indispensable pour les temps froids - est fabriqu\u00e9 en acrylique tricot\u00e9 en c\u00f4tes 1x1, avec un bord doublement pli\u00e9 pour une chaleur accrue et un ajustement s\u00fbr. Con\u00e7u pour le confort et le style, il vous gardera bien au chaud pendant vos aventures hivernales. Avec son look classique et ses diff\u00e9rentes options de couleurs, le bonnet Irwin est un compl\u00e9ment polyvalent \u00e0 toute garde-robe pour rester au chaud et \u00e0 la mode.","og_url":"https:\/\/perle-in.com\/en\/product\/bonnet-irwin\/","og_site_name":"PERLE IN","article_modified_time":"2025-10-13T17:44:36+00:00","og_image":[{"width":1600,"height":1600,"url":"https:\/\/perle-in.com\/wp-content\/uploads\/2025\/10\/11104300-1.jpg","type":"image\/jpeg"}],"twitter_card":"summary_large_image","schema":{"@context":"https:\/\/schema.org","@graph":[{"@type":"WebPage","@id":"https:\/\/perle-in.com\/produit\/bonnet-irwin\/","url":"https:\/\/perle-in.com\/produit\/bonnet-irwin\/","name":"Bonnet Irwin - PERLE IN","isPartOf":{"@id":"https:\/\/perle-in.com\/#website"},"primaryImageOfPage":{"@id":"https:\/\/perle-in.com\/produit\/bonnet-irwin\/#primaryimage"},"image":{"@id":"https:\/\/perle-in.com\/produit\/bonnet-irwin\/#primaryimage"},"thumbnailUrl":"https:\/\/perle-in.com\/wp-content\/uploads\/2025\/10\/11104300-1.jpg","datePublished":"2025-10-13T17:44:29+00:00","dateModified":"2025-10-13T17:44:36+00:00","breadcrumb":{"@id":"https:\/\/perle-in.com\/produit\/bonnet-irwin\/#breadcrumb"},"inLanguage":"en-CA","potentialAction":[{"@type":"ReadAction","target":["https:\/\/perle-in.com\/produit\/bonnet-irwin\/"]}]},{"@type":"ImageObject","inLanguage":"en-CA","@id":"https:\/\/perle-in.com\/produit\/bonnet-irwin\/#primaryimage","url":"https:\/\/perle-in.com\/wp-content\/uploads\/2025\/10\/11104300-1.jpg","contentUrl":"https:\/\/perle-in.com\/wp-content\/uploads\/2025\/10\/11104300-1.jpg","width":1600,"height":1600},{"@type":"BreadcrumbList","@id":"https:\/\/perle-in.com\/produit\/bonnet-irwin\/#breadcrumb","itemListElement":[{"@type":"ListItem","position":1,"name":"Accueil","item":"https:\/\/perle-in.com\/"},{"@type":"ListItem","position":2,"name":"Boutique","item":"https:\/\/perle-in.com\/boutique\/"},{"@type":"ListItem","position":3,"name":"Bonnet Irwin"}]},{"@type":"WebSite","@id":"https:\/\/perle-in.com\/#website","url":"https:\/\/perle-in.com\/","name":"PERLE IN","description":"","publisher":{"@id":"https:\/\/perle-in.com\/#organization"},"potentialAction":[{"@type":"SearchAction","target":{"@type":"EntryPoint","urlTemplate":"https:\/\/perle-in.com\/?s={search_term_string}"},"query-input":{"@type":"PropertyValueSpecification","valueRequired":true,"valueName":"search_term_string"}}],"inLanguage":"en-CA"},{"@type":"Organization","@id":"https:\/\/perle-in.com\/#organization","name":"PERLE IN","url":"https:\/\/perle-in.com\/","logo":{"@type":"ImageObject","inLanguage":"en-CA","@id":"https:\/\/perle-in.com\/#\/schema\/logo\/image\/","url":"https:\/\/perle-in.com\/wp-content\/uploads\/2022\/12\/LOGO-PERLE-IN-COULEUR@3x.webp","contentUrl":"https:\/\/perle-in.com\/wp-content\/uploads\/2022\/12\/LOGO-PERLE-IN-COULEUR@3x.webp","width":1600,"height":490,"caption":"PERLE IN"},"image":{"@id":"https:\/\/perle-in.com\/#\/schema\/logo\/image\/"}}]}},"jetpack_sharing_enabled":true,"_links":{"self":[{"href":"https:\/\/perle-in.com\/en\/wp-json\/wp\/v2\/product\/504000","targetHints":{"allow":["GET"]}}],"collection":[{"href":"https:\/\/perle-in.com\/en\/wp-json\/wp\/v2\/product"}],"about":[{"href":"https:\/\/perle-in.com\/en\/wp-json\/wp\/v2\/types\/product"}],"version-history":[{"count":0,"href":"https:\/\/perle-in.com\/en\/wp-json\/wp\/v2\/product\/504000\/revisions"}],"wp:featuredmedia":[{"embeddable":true,"href":"https:\/\/perle-in.com\/en\/wp-json\/wp\/v2\/media\/503988"}],"wp:attachment":[{"href":"https:\/\/perle-in.com\/en\/wp-json\/wp\/v2\/media?parent=504000"}],"wp:term":[{"taxonomy":"product_brand","embeddable":true,"href":"https:\/\/perle-in.com\/en\/wp-json\/wp\/v2\/product_brand?post=504000"},{"taxonomy":"product_cat","embeddable":true,"href":"https:\/\/perle-in.com\/en\/wp-json\/wp\/v2\/product_cat?post=504000"},{"taxonomy":"product_tag","embeddable":true,"href":"https:\/\/perle-in.com\/en\/wp-json\/wp\/v2\/product_tag?post=504000"}],"curies":[{"name":"wp","href":"https:\/\/api.w.org\/{rel}","templated":true}]}}

<p>Le bonnet Irwin &#8211; votre indispensable pour les temps froids &#8211; est fabriqué en acrylique tricoté en côtes 1&#215;1, avec un bord doublement plié pour une chaleur accrue et un ajustement sûr. Conçu pour le confort et le style, il vous gardera bien au chaud pendant vos aventures hivernales. Avec son look classique et ses différentes options de couleurs, le bonnet Irwin est un complément polyvalent à toute garde-robe pour rester au chaud et à la mode.</p>

<!-- This site is optimized with the Yoast SEO plugin v27.4 - https://yoast.com/product/yoast-seo-wordpress/ -->
<title>Bonnet Irwin - PERLE IN</title>
<meta name="robots" content="noindex, follow, max-snippet:-1, max-image-preview:large, max-video-preview:-1" />
<meta property="og:locale" content="en_US" />
<meta property="og:type" content="article" />
<meta property="og:title" content="Bonnet Irwin - PERLE IN" />
<meta property="og:description" content="Le bonnet Irwin - votre indispensable pour les temps froids - est fabriqué en acrylique tricoté en côtes 1x1, avec un bord doublement plié pour une chaleur accrue et un ajustement sûr. Conçu pour le confort et le style, il vous gardera bien au chaud pendant vos aventures hivernales. Avec son look classique et ses différentes options de couleurs, le bonnet Irwin est un complément polyvalent à toute garde-robe pour rester au chaud et à la mode." />
<meta property="og:url" content="https://perle-in.com/en/product/bonnet-irwin/" />
<meta property="og:site_name" content="PERLE IN" />
<meta property="article:modified_time" content="2025-10-13T17:44:36+00:00" />
<meta property="og:image" content="https://perle-in.com/wp-content/uploads/2025/10/11104300-1.jpg" />
	<meta property="og:image:width" content="1600" />
	<meta property="og:image:height" content="1600" />
	<meta property="og:image:type" content="image/jpeg" />
<meta name="twitter:card" content="summary_large_image" />
<script type="application/ld+json" class="yoast-schema-graph">{"@context":"https:\/\/schema.org","@graph":[{"@type":"WebPage","@id":"https:\/\/perle-in.com\/produit\/bonnet-irwin\/","url":"https:\/\/perle-in.com\/produit\/bonnet-irwin\/","name":"Bonnet Irwin - PERLE IN","isPartOf":{"@id":"https:\/\/perle-in.com\/#website"},"primaryImageOfPage":{"@id":"https:\/\/perle-in.com\/produit\/bonnet-irwin\/#primaryimage"},"image":{"@id":"https:\/\/perle-in.com\/produit\/bonnet-irwin\/#primaryimage"},"thumbnailUrl":"https:\/\/perle-in.com\/wp-content\/uploads\/2025\/10\/11104300-1.jpg","datePublished":"2025-10-13T17:44:29+00:00","dateModified":"2025-10-13T17:44:36+00:00","breadcrumb":{"@id":"https:\/\/perle-in.com\/produit\/bonnet-irwin\/#breadcrumb"},"inLanguage":"en-CA","potentialAction":[{"@type":"ReadAction","target":["https:\/\/perle-in.com\/produit\/bonnet-irwin\/"]}]},{"@type":"ImageObject","inLanguage":"en-CA","@id":"https:\/\/perle-in.com\/produit\/bonnet-irwin\/#primaryimage","url":"https:\/\/perle-in.com\/wp-content\/uploads\/2025\/10\/11104300-1.jpg","contentUrl":"https:\/\/perle-in.com\/wp-content\/uploads\/2025\/10\/11104300-1.jpg","width":1600,"height":1600},{"@type":"BreadcrumbList","@id":"https:\/\/perle-in.com\/produit\/bonnet-irwin\/#breadcrumb","itemListElement":[{"@type":"ListItem","position":1,"name":"Accueil","item":"https:\/\/perle-in.com\/"},{"@type":"ListItem","position":2,"name":"Boutique","item":"https:\/\/perle-in.com\/boutique\/"},{"@type":"ListItem","position":3,"name":"Bonnet Irwin"}]},{"@type":"WebSite","@id":"https:\/\/perle-in.com\/#website","url":"https:\/\/perle-in.com\/","name":"PERLE IN","description":"","publisher":{"@id":"https:\/\/perle-in.com\/#organization"},"potentialAction":[{"@type":"SearchAction","target":{"@type":"EntryPoint","urlTemplate":"https:\/\/perle-in.com\/?s={search_term_string}"},"query-input":{"@type":"PropertyValueSpecification","valueRequired":true,"valueName":"search_term_string"}}],"inLanguage":"en-CA"},{"@type":"Organization","@id":"https:\/\/perle-in.com\/#organization","name":"PERLE IN","url":"https:\/\/perle-in.com\/","logo":{"@type":"ImageObject","inLanguage":"en-CA","@id":"https:\/\/perle-in.com\/#\/schema\/logo\/image\/","url":"https:\/\/perle-in.com\/wp-content\/uploads\/2022\/12\/LOGO-PERLE-IN-COULEUR@3x.webp","contentUrl":"https:\/\/perle-in.com\/wp-content\/uploads\/2022\/12\/LOGO-PERLE-IN-COULEUR@3x.webp","width":1600,"height":490,"caption":"PERLE IN"},"image":{"@id":"https:\/\/perle-in.com\/#\/schema\/logo\/image\/"}}]}</script>
<!-- / Yoast SEO plugin. -->

Le bonnet Irwin - votre indispensable pour les temps froids - est fabriqué en acrylique tricoté en côtes 1x1, avec un bord doublement plié pour une chaleur accrue et un ajustement sûr. Conçu pour le confort et le style, il vous gardera bien au chaud pendant vos aventures hivernales. Avec son look classique et ses différentes options de couleurs, le bonnet Irwin est un complément polyvalent à toute garde-robe pour rester au chaud et à la mode.
