{"id":503000,"date":"2025-10-13T18:15:27","date_gmt":"2025-10-13T16:15:27","guid":{"rendered":"https:\/\/perle-in.com\/produit\/coffret-cadeau-avec-carnet-tactical\/"},"modified":"2025-10-13T18:15:28","modified_gmt":"2025-10-13T16:15:28","slug":"coffret-cadeau-avec-carnet-tactical","status":"publish","type":"product","link":"https:\/\/perle-in.com\/en\/product\/coffret-cadeau-avec-carnet-tactical\/","title":{"rendered":"Coffret cadeau avec carnet Tactical"},"content":{"rendered":"","protected":false},"excerpt":{"rendered":"<p>Carnet au design exclusif (r\u00e9f\u00e9rence A5) avec la couverture en PU thermo, ruban marque-pages noir, fermeture magn\u00e9tique et 80 feuilles (80 g\/m2) de papier cr\u00e8me lign\u00e9. Assorti d&#8217;un stylo \u00e0 bille Tactical \u00e0 bouton-poussoir. Les deux articles sont emball\u00e9s dans une bo\u00eete cadeau \u00ab LUXE \u00bb. Dimensions du carnet\u00a0: 13,5 x 20,5 cm. Longueur du stylo : 14 cm. Diam\u00e8tre du stylo\u00a0: 1,05 cm.<\/p>","protected":false},"featured_media":502991,"template":"","meta":{"_eb_attr":""},"product_brand":[],"product_cat":[1246,552],"product_tag":[1522,1520,1519,1523,1517,1518],"class_list":{"0":"post-503000","1":"product","2":"type-product","3":"status-publish","4":"has-post-thumbnail","6":"product_cat-parure-de-stylos","7":"product_cat-stylos-et-ecriture","8":"product_tag-cahier-a5","9":"product_tag-coffret-cadeau","10":"product_tag-coffret-cadeau-de-stylos","11":"product_tag-coffret-de-cahiers","12":"product_tag-etui-a-stylos","13":"product_tag-etuis-a-stylos","14":"pa_couleurs-noir","15":"pa_marque-luxe","16":"pa_matiere-pu-thermo","18":"first","19":"instock","20":"shipping-taxable","21":"purchasable","22":"product-type-variable"},"yoast_head":"<!-- This site is optimized with the Yoast SEO plugin v27.4 - https:\/\/yoast.com\/product\/yoast-seo-wordpress\/ -->\n<title>Coffret cadeau avec carnet Tactical - PERLE IN<\/title>\n<meta name=\"robots\" content=\"noindex, follow, max-snippet:-1, max-image-preview:large, max-video-preview:-1\" \/>\n<meta property=\"og:locale\" content=\"en_US\" \/>\n<meta property=\"og:type\" content=\"article\" \/>\n<meta property=\"og:title\" content=\"Coffret cadeau avec carnet Tactical - PERLE IN\" \/>\n<meta property=\"og:description\" content=\"Carnet au design exclusif (r\u00e9f\u00e9rence A5) avec la couverture en PU thermo, ruban marque-pages noir, fermeture magn\u00e9tique et 80 feuilles (80 g\/m2) de papier cr\u00e8me lign\u00e9. Assorti d&#039;un stylo \u00e0 bille Tactical \u00e0 bouton-poussoir. Les deux articles sont emball\u00e9s dans une bo\u00eete cadeau \u00ab LUXE \u00bb. Dimensions du carnet\u00a0: 13,5 x 20,5 cm. Longueur du stylo : 14 cm. Diam\u00e8tre du stylo\u00a0: 1,05 cm.\" \/>\n<meta property=\"og:url\" content=\"https:\/\/perle-in.com\/en\/product\/coffret-cadeau-avec-carnet-tactical\/\" \/>\n<meta property=\"og:site_name\" content=\"PERLE IN\" \/>\n<meta property=\"article:modified_time\" content=\"2025-10-13T16:15:28+00:00\" \/>\n<meta property=\"og:image\" content=\"https:\/\/perle-in.com\/wp-content\/uploads\/2025\/10\/10711100-1.jpg\" \/>\n\t<meta property=\"og:image:width\" content=\"1600\" \/>\n\t<meta property=\"og:image:height\" content=\"1600\" \/>\n\t<meta property=\"og:image:type\" content=\"image\/jpeg\" \/>\n<meta name=\"twitter:card\" content=\"summary_large_image\" \/>\n<script type=\"application\/ld+json\" class=\"yoast-schema-graph\">{\"@context\":\"https:\\\/\\\/schema.org\",\"@graph\":[{\"@type\":\"WebPage\",\"@id\":\"https:\\\/\\\/perle-in.com\\\/produit\\\/coffret-cadeau-avec-carnet-tactical\\\/\",\"url\":\"https:\\\/\\\/perle-in.com\\\/produit\\\/coffret-cadeau-avec-carnet-tactical\\\/\",\"name\":\"Coffret cadeau avec carnet Tactical - PERLE IN\",\"isPartOf\":{\"@id\":\"https:\\\/\\\/perle-in.com\\\/#website\"},\"primaryImageOfPage\":{\"@id\":\"https:\\\/\\\/perle-in.com\\\/produit\\\/coffret-cadeau-avec-carnet-tactical\\\/#primaryimage\"},\"image\":{\"@id\":\"https:\\\/\\\/perle-in.com\\\/produit\\\/coffret-cadeau-avec-carnet-tactical\\\/#primaryimage\"},\"thumbnailUrl\":\"https:\\\/\\\/perle-in.com\\\/wp-content\\\/uploads\\\/2025\\\/10\\\/10711100-1.jpg\",\"datePublished\":\"2025-10-13T16:15:27+00:00\",\"dateModified\":\"2025-10-13T16:15:28+00:00\",\"breadcrumb\":{\"@id\":\"https:\\\/\\\/perle-in.com\\\/produit\\\/coffret-cadeau-avec-carnet-tactical\\\/#breadcrumb\"},\"inLanguage\":\"en-CA\",\"potentialAction\":[{\"@type\":\"ReadAction\",\"target\":[\"https:\\\/\\\/perle-in.com\\\/produit\\\/coffret-cadeau-avec-carnet-tactical\\\/\"]}]},{\"@type\":\"ImageObject\",\"inLanguage\":\"en-CA\",\"@id\":\"https:\\\/\\\/perle-in.com\\\/produit\\\/coffret-cadeau-avec-carnet-tactical\\\/#primaryimage\",\"url\":\"https:\\\/\\\/perle-in.com\\\/wp-content\\\/uploads\\\/2025\\\/10\\\/10711100-1.jpg\",\"contentUrl\":\"https:\\\/\\\/perle-in.com\\\/wp-content\\\/uploads\\\/2025\\\/10\\\/10711100-1.jpg\",\"width\":1600,\"height\":1600},{\"@type\":\"BreadcrumbList\",\"@id\":\"https:\\\/\\\/perle-in.com\\\/produit\\\/coffret-cadeau-avec-carnet-tactical\\\/#breadcrumb\",\"itemListElement\":[{\"@type\":\"ListItem\",\"position\":1,\"name\":\"Accueil\",\"item\":\"https:\\\/\\\/perle-in.com\\\/\"},{\"@type\":\"ListItem\",\"position\":2,\"name\":\"Boutique\",\"item\":\"https:\\\/\\\/perle-in.com\\\/boutique\\\/\"},{\"@type\":\"ListItem\",\"position\":3,\"name\":\"Coffret cadeau avec carnet Tactical\"}]},{\"@type\":\"WebSite\",\"@id\":\"https:\\\/\\\/perle-in.com\\\/#website\",\"url\":\"https:\\\/\\\/perle-in.com\\\/\",\"name\":\"PERLE IN\",\"description\":\"\",\"publisher\":{\"@id\":\"https:\\\/\\\/perle-in.com\\\/#organization\"},\"potentialAction\":[{\"@type\":\"SearchAction\",\"target\":{\"@type\":\"EntryPoint\",\"urlTemplate\":\"https:\\\/\\\/perle-in.com\\\/?s={search_term_string}\"},\"query-input\":{\"@type\":\"PropertyValueSpecification\",\"valueRequired\":true,\"valueName\":\"search_term_string\"}}],\"inLanguage\":\"en-CA\"},{\"@type\":\"Organization\",\"@id\":\"https:\\\/\\\/perle-in.com\\\/#organization\",\"name\":\"PERLE IN\",\"url\":\"https:\\\/\\\/perle-in.com\\\/\",\"logo\":{\"@type\":\"ImageObject\",\"inLanguage\":\"en-CA\",\"@id\":\"https:\\\/\\\/perle-in.com\\\/#\\\/schema\\\/logo\\\/image\\\/\",\"url\":\"https:\\\/\\\/perle-in.com\\\/wp-content\\\/uploads\\\/2022\\\/12\\\/LOGO-PERLE-IN-COULEUR@3x.webp\",\"contentUrl\":\"https:\\\/\\\/perle-in.com\\\/wp-content\\\/uploads\\\/2022\\\/12\\\/LOGO-PERLE-IN-COULEUR@3x.webp\",\"width\":1600,\"height\":490,\"caption\":\"PERLE IN\"},\"image\":{\"@id\":\"https:\\\/\\\/perle-in.com\\\/#\\\/schema\\\/logo\\\/image\\\/\"}}]}<\/script>\n<!-- \/ Yoast SEO plugin. -->","yoast_head_json":{"title":"Coffret cadeau avec carnet Tactical - PERLE IN","robots":{"index":"noindex","follow":"follow","max-snippet":"max-snippet:-1","max-image-preview":"max-image-preview:large","max-video-preview":"max-video-preview:-1"},"og_locale":"en_US","og_type":"article","og_title":"Coffret cadeau avec carnet Tactical - PERLE IN","og_description":"Carnet au design exclusif (r\u00e9f\u00e9rence A5) avec la couverture en PU thermo, ruban marque-pages noir, fermeture magn\u00e9tique et 80 feuilles (80 g\/m2) de papier cr\u00e8me lign\u00e9. Assorti d'un stylo \u00e0 bille Tactical \u00e0 bouton-poussoir. Les deux articles sont emball\u00e9s dans une bo\u00eete cadeau \u00ab LUXE \u00bb. Dimensions du carnet\u00a0: 13,5 x 20,5 cm. Longueur du stylo : 14 cm. Diam\u00e8tre du stylo\u00a0: 1,05 cm.","og_url":"https:\/\/perle-in.com\/en\/product\/coffret-cadeau-avec-carnet-tactical\/","og_site_name":"PERLE IN","article_modified_time":"2025-10-13T16:15:28+00:00","og_image":[{"width":1600,"height":1600,"url":"https:\/\/perle-in.com\/wp-content\/uploads\/2025\/10\/10711100-1.jpg","type":"image\/jpeg"}],"twitter_card":"summary_large_image","schema":{"@context":"https:\/\/schema.org","@graph":[{"@type":"WebPage","@id":"https:\/\/perle-in.com\/produit\/coffret-cadeau-avec-carnet-tactical\/","url":"https:\/\/perle-in.com\/produit\/coffret-cadeau-avec-carnet-tactical\/","name":"Coffret cadeau avec carnet Tactical - PERLE IN","isPartOf":{"@id":"https:\/\/perle-in.com\/#website"},"primaryImageOfPage":{"@id":"https:\/\/perle-in.com\/produit\/coffret-cadeau-avec-carnet-tactical\/#primaryimage"},"image":{"@id":"https:\/\/perle-in.com\/produit\/coffret-cadeau-avec-carnet-tactical\/#primaryimage"},"thumbnailUrl":"https:\/\/perle-in.com\/wp-content\/uploads\/2025\/10\/10711100-1.jpg","datePublished":"2025-10-13T16:15:27+00:00","dateModified":"2025-10-13T16:15:28+00:00","breadcrumb":{"@id":"https:\/\/perle-in.com\/produit\/coffret-cadeau-avec-carnet-tactical\/#breadcrumb"},"inLanguage":"en-CA","potentialAction":[{"@type":"ReadAction","target":["https:\/\/perle-in.com\/produit\/coffret-cadeau-avec-carnet-tactical\/"]}]},{"@type":"ImageObject","inLanguage":"en-CA","@id":"https:\/\/perle-in.com\/produit\/coffret-cadeau-avec-carnet-tactical\/#primaryimage","url":"https:\/\/perle-in.com\/wp-content\/uploads\/2025\/10\/10711100-1.jpg","contentUrl":"https:\/\/perle-in.com\/wp-content\/uploads\/2025\/10\/10711100-1.jpg","width":1600,"height":1600},{"@type":"BreadcrumbList","@id":"https:\/\/perle-in.com\/produit\/coffret-cadeau-avec-carnet-tactical\/#breadcrumb","itemListElement":[{"@type":"ListItem","position":1,"name":"Accueil","item":"https:\/\/perle-in.com\/"},{"@type":"ListItem","position":2,"name":"Boutique","item":"https:\/\/perle-in.com\/boutique\/"},{"@type":"ListItem","position":3,"name":"Coffret cadeau avec carnet Tactical"}]},{"@type":"WebSite","@id":"https:\/\/perle-in.com\/#website","url":"https:\/\/perle-in.com\/","name":"PERLE IN","description":"","publisher":{"@id":"https:\/\/perle-in.com\/#organization"},"potentialAction":[{"@type":"SearchAction","target":{"@type":"EntryPoint","urlTemplate":"https:\/\/perle-in.com\/?s={search_term_string}"},"query-input":{"@type":"PropertyValueSpecification","valueRequired":true,"valueName":"search_term_string"}}],"inLanguage":"en-CA"},{"@type":"Organization","@id":"https:\/\/perle-in.com\/#organization","name":"PERLE IN","url":"https:\/\/perle-in.com\/","logo":{"@type":"ImageObject","inLanguage":"en-CA","@id":"https:\/\/perle-in.com\/#\/schema\/logo\/image\/","url":"https:\/\/perle-in.com\/wp-content\/uploads\/2022\/12\/LOGO-PERLE-IN-COULEUR@3x.webp","contentUrl":"https:\/\/perle-in.com\/wp-content\/uploads\/2022\/12\/LOGO-PERLE-IN-COULEUR@3x.webp","width":1600,"height":490,"caption":"PERLE IN"},"image":{"@id":"https:\/\/perle-in.com\/#\/schema\/logo\/image\/"}}]}},"jetpack_sharing_enabled":true,"_links":{"self":[{"href":"https:\/\/perle-in.com\/en\/wp-json\/wp\/v2\/product\/503000","targetHints":{"allow":["GET"]}}],"collection":[{"href":"https:\/\/perle-in.com\/en\/wp-json\/wp\/v2\/product"}],"about":[{"href":"https:\/\/perle-in.com\/en\/wp-json\/wp\/v2\/types\/product"}],"version-history":[{"count":0,"href":"https:\/\/perle-in.com\/en\/wp-json\/wp\/v2\/product\/503000\/revisions"}],"wp:featuredmedia":[{"embeddable":true,"href":"https:\/\/perle-in.com\/en\/wp-json\/wp\/v2\/media\/502991"}],"wp:attachment":[{"href":"https:\/\/perle-in.com\/en\/wp-json\/wp\/v2\/media?parent=503000"}],"wp:term":[{"taxonomy":"product_brand","embeddable":true,"href":"https:\/\/perle-in.com\/en\/wp-json\/wp\/v2\/product_brand?post=503000"},{"taxonomy":"product_cat","embeddable":true,"href":"https:\/\/perle-in.com\/en\/wp-json\/wp\/v2\/product_cat?post=503000"},{"taxonomy":"product_tag","embeddable":true,"href":"https:\/\/perle-in.com\/en\/wp-json\/wp\/v2\/product_tag?post=503000"}],"curies":[{"name":"wp","href":"https:\/\/api.w.org\/{rel}","templated":true}]}}

<p>Carnet au design exclusif (référence A5) avec la couverture en PU thermo, ruban marque-pages noir, fermeture magnétique et 80 feuilles (80 g/m2) de papier crème ligné. Assorti d&#8217;un stylo à bille Tactical à bouton-poussoir. Les deux articles sont emballés dans une boîte cadeau « LUXE ». Dimensions du carnet : 13,5 x 20,5 cm. Longueur du stylo : 14 cm. Diamètre du stylo : 1,05 cm.</p>

<!-- This site is optimized with the Yoast SEO plugin v27.4 - https://yoast.com/product/yoast-seo-wordpress/ -->
<title>Coffret cadeau avec carnet Tactical - PERLE IN</title>
<meta name="robots" content="noindex, follow, max-snippet:-1, max-image-preview:large, max-video-preview:-1" />
<meta property="og:locale" content="en_US" />
<meta property="og:type" content="article" />
<meta property="og:title" content="Coffret cadeau avec carnet Tactical - PERLE IN" />
<meta property="og:description" content="Carnet au design exclusif (référence A5) avec la couverture en PU thermo, ruban marque-pages noir, fermeture magnétique et 80 feuilles (80 g/m2) de papier crème ligné. Assorti d&#039;un stylo à bille Tactical à bouton-poussoir. Les deux articles sont emballés dans une boîte cadeau « LUXE ». Dimensions du carnet : 13,5 x 20,5 cm. Longueur du stylo : 14 cm. Diamètre du stylo : 1,05 cm." />
<meta property="og:url" content="https://perle-in.com/en/product/coffret-cadeau-avec-carnet-tactical/" />
<meta property="og:site_name" content="PERLE IN" />
<meta property="article:modified_time" content="2025-10-13T16:15:28+00:00" />
<meta property="og:image" content="https://perle-in.com/wp-content/uploads/2025/10/10711100-1.jpg" />
	<meta property="og:image:width" content="1600" />
	<meta property="og:image:height" content="1600" />
	<meta property="og:image:type" content="image/jpeg" />
<meta name="twitter:card" content="summary_large_image" />
<script type="application/ld+json" class="yoast-schema-graph">{"@context":"https:\/\/schema.org","@graph":[{"@type":"WebPage","@id":"https:\/\/perle-in.com\/produit\/coffret-cadeau-avec-carnet-tactical\/","url":"https:\/\/perle-in.com\/produit\/coffret-cadeau-avec-carnet-tactical\/","name":"Coffret cadeau avec carnet Tactical - PERLE IN","isPartOf":{"@id":"https:\/\/perle-in.com\/#website"},"primaryImageOfPage":{"@id":"https:\/\/perle-in.com\/produit\/coffret-cadeau-avec-carnet-tactical\/#primaryimage"},"image":{"@id":"https:\/\/perle-in.com\/produit\/coffret-cadeau-avec-carnet-tactical\/#primaryimage"},"thumbnailUrl":"https:\/\/perle-in.com\/wp-content\/uploads\/2025\/10\/10711100-1.jpg","datePublished":"2025-10-13T16:15:27+00:00","dateModified":"2025-10-13T16:15:28+00:00","breadcrumb":{"@id":"https:\/\/perle-in.com\/produit\/coffret-cadeau-avec-carnet-tactical\/#breadcrumb"},"inLanguage":"en-CA","potentialAction":[{"@type":"ReadAction","target":["https:\/\/perle-in.com\/produit\/coffret-cadeau-avec-carnet-tactical\/"]}]},{"@type":"ImageObject","inLanguage":"en-CA","@id":"https:\/\/perle-in.com\/produit\/coffret-cadeau-avec-carnet-tactical\/#primaryimage","url":"https:\/\/perle-in.com\/wp-content\/uploads\/2025\/10\/10711100-1.jpg","contentUrl":"https:\/\/perle-in.com\/wp-content\/uploads\/2025\/10\/10711100-1.jpg","width":1600,"height":1600},{"@type":"BreadcrumbList","@id":"https:\/\/perle-in.com\/produit\/coffret-cadeau-avec-carnet-tactical\/#breadcrumb","itemListElement":[{"@type":"ListItem","position":1,"name":"Accueil","item":"https:\/\/perle-in.com\/"},{"@type":"ListItem","position":2,"name":"Boutique","item":"https:\/\/perle-in.com\/boutique\/"},{"@type":"ListItem","position":3,"name":"Coffret cadeau avec carnet Tactical"}]},{"@type":"WebSite","@id":"https:\/\/perle-in.com\/#website","url":"https:\/\/perle-in.com\/","name":"PERLE IN","description":"","publisher":{"@id":"https:\/\/perle-in.com\/#organization"},"potentialAction":[{"@type":"SearchAction","target":{"@type":"EntryPoint","urlTemplate":"https:\/\/perle-in.com\/?s={search_term_string}"},"query-input":{"@type":"PropertyValueSpecification","valueRequired":true,"valueName":"search_term_string"}}],"inLanguage":"en-CA"},{"@type":"Organization","@id":"https:\/\/perle-in.com\/#organization","name":"PERLE IN","url":"https:\/\/perle-in.com\/","logo":{"@type":"ImageObject","inLanguage":"en-CA","@id":"https:\/\/perle-in.com\/#\/schema\/logo\/image\/","url":"https:\/\/perle-in.com\/wp-content\/uploads\/2022\/12\/LOGO-PERLE-IN-COULEUR@3x.webp","contentUrl":"https:\/\/perle-in.com\/wp-content\/uploads\/2022\/12\/LOGO-PERLE-IN-COULEUR@3x.webp","width":1600,"height":490,"caption":"PERLE IN"},"image":{"@id":"https:\/\/perle-in.com\/#\/schema\/logo\/image\/"}}]}</script>
<!-- / Yoast SEO plugin. -->

Carnet au design exclusif (référence A5) avec la couverture en PU thermo, ruban marque-pages noir, fermeture magnétique et 80 feuilles (80 g/m2) de papier crème ligné. Assorti d'un stylo à bille Tactical à bouton-poussoir. Les deux articles sont emballés dans une boîte cadeau « LUXE ». Dimensions du carnet : 13,5 x 20,5 cm. Longueur du stylo : 14 cm. Diamètre du stylo : 1,05 cm.
