{"id":502302,"date":"2025-10-13T16:40:59","date_gmt":"2025-10-13T14:40:59","guid":{"rendered":"https:\/\/perle-in.com\/produit\/bloc-notes-recycle-format-a7-avec-stylo-zuse\/"},"modified":"2025-10-13T16:41:06","modified_gmt":"2025-10-13T14:41:06","slug":"bloc-notes-recycle-format-a7-avec-stylo-zuse","status":"publish","type":"product","link":"https:\/\/perle-in.com\/en\/product\/bloc-notes-recycle-format-a7-avec-stylo-zuse\/","title":{"rendered":"Bloc-notes recycl\u00e9 format A7 avec stylo Zuse"},"content":{"rendered":"","protected":false},"excerpt":{"rendered":"<p>Il est facile de noter des id\u00e9es rapides gr\u00e2ce au bloc-notes recycl\u00e9 Zuse et au stylo de couleur assortie. Le petit bloc-notes contient 40 feuilles lign\u00e9es de papier recycl\u00e9 de r\u00e9f\u00e9rence A7, ce qui lui permet de se glisser dans n&#8217;importe quel sac, petit ou grand, d&#8217;\u00eatre facile \u00e0 tenir et surtout d&#8217;\u00eatre un choix durable. Diff\u00e9rentes options d&#8217;impression sont disponibles pour afficher n&#8217;importe quel logo sur l&#8217;ext\u00e9rieur de la couverture rigide.<\/p>","protected":false},"featured_media":502293,"template":"","meta":{"_eb_attr":""},"product_brand":[],"product_cat":[587,4196],"product_tag":[630,601,599,600,633,592,631,590,632,597,598,595,596,593,594],"class_list":{"0":"post-502302","1":"product","2":"type-product","3":"status-publish","4":"has-post-thumbnail","6":"product_cat-bloc-notes-couverture-rigide","7":"product_cat-blocs-notes-et-papeterie-personnalisee","8":"product_tag-a7","9":"product_tag-bloc-note","10":"product_tag-bloc-notes","11":"product_tag-blocs-notes","12":"product_tag-carnet-a7","13":"product_tag-carnet-de-notes","14":"product_tag-carnet-de-notes-a7","15":"product_tag-carnets-de-notes","16":"product_tag-carnets-de-notes-a7","17":"product_tag-journal","18":"product_tag-journaux","19":"product_tag-livre","20":"product_tag-livres","21":"product_tag-note","22":"product_tag-notes","23":"pa_couleurs-lilas-naturel","24":"pa_couleurs-naturel-marine","25":"pa_couleurs-naturel-noir","26":"pa_couleurs-naturel-rouge","27":"pa_couleurs-vert-bruyere-naturel","28":"pa_matiere-papier-recycle","30":"first","31":"instock","32":"shipping-taxable","33":"purchasable","34":"product-type-variable"},"yoast_head":"<!-- This site is optimized with the Yoast SEO plugin v27.4 - https:\/\/yoast.com\/product\/yoast-seo-wordpress\/ -->\n<title>Bloc-notes recycl\u00e9 format A7 avec stylo Zuse - PERLE IN<\/title>\n<meta name=\"robots\" content=\"noindex, follow, max-snippet:-1, max-image-preview:large, max-video-preview:-1\" \/>\n<meta property=\"og:locale\" content=\"en_US\" \/>\n<meta property=\"og:type\" content=\"article\" \/>\n<meta property=\"og:title\" content=\"Bloc-notes recycl\u00e9 format A7 avec stylo Zuse - PERLE IN\" \/>\n<meta property=\"og:description\" content=\"Il est facile de noter des id\u00e9es rapides gr\u00e2ce au bloc-notes recycl\u00e9 Zuse et au stylo de couleur assortie. Le petit bloc-notes contient 40 feuilles lign\u00e9es de papier recycl\u00e9 de r\u00e9f\u00e9rence A7, ce qui lui permet de se glisser dans n&#039;importe quel sac, petit ou grand, d&#039;\u00eatre facile \u00e0 tenir et surtout d&#039;\u00eatre un choix durable. Diff\u00e9rentes options d&#039;impression sont disponibles pour afficher n&#039;importe quel logo sur l&#039;ext\u00e9rieur de la couverture rigide.\" \/>\n<meta property=\"og:url\" content=\"https:\/\/perle-in.com\/en\/product\/bloc-notes-recycle-format-a7-avec-stylo-zuse\/\" \/>\n<meta property=\"og:site_name\" content=\"PERLE IN\" \/>\n<meta property=\"article:modified_time\" content=\"2025-10-13T14:41:06+00:00\" \/>\n<meta property=\"og:image\" content=\"https:\/\/perle-in.com\/wp-content\/uploads\/2025\/10\/10626900-1.jpg\" \/>\n\t<meta property=\"og:image:width\" content=\"1600\" \/>\n\t<meta property=\"og:image:height\" content=\"1600\" \/>\n\t<meta property=\"og:image:type\" content=\"image\/jpeg\" \/>\n<meta name=\"twitter:card\" content=\"summary_large_image\" \/>\n<script type=\"application\/ld+json\" class=\"yoast-schema-graph\">{\"@context\":\"https:\\\/\\\/schema.org\",\"@graph\":[{\"@type\":\"WebPage\",\"@id\":\"https:\\\/\\\/perle-in.com\\\/produit\\\/bloc-notes-recycle-format-a7-avec-stylo-zuse\\\/\",\"url\":\"https:\\\/\\\/perle-in.com\\\/produit\\\/bloc-notes-recycle-format-a7-avec-stylo-zuse\\\/\",\"name\":\"Bloc-notes recycl\u00e9 format A7 avec stylo Zuse - PERLE IN\",\"isPartOf\":{\"@id\":\"https:\\\/\\\/perle-in.com\\\/#website\"},\"primaryImageOfPage\":{\"@id\":\"https:\\\/\\\/perle-in.com\\\/produit\\\/bloc-notes-recycle-format-a7-avec-stylo-zuse\\\/#primaryimage\"},\"image\":{\"@id\":\"https:\\\/\\\/perle-in.com\\\/produit\\\/bloc-notes-recycle-format-a7-avec-stylo-zuse\\\/#primaryimage\"},\"thumbnailUrl\":\"https:\\\/\\\/perle-in.com\\\/wp-content\\\/uploads\\\/2025\\\/10\\\/10626900-1.jpg\",\"datePublished\":\"2025-10-13T14:40:59+00:00\",\"dateModified\":\"2025-10-13T14:41:06+00:00\",\"breadcrumb\":{\"@id\":\"https:\\\/\\\/perle-in.com\\\/produit\\\/bloc-notes-recycle-format-a7-avec-stylo-zuse\\\/#breadcrumb\"},\"inLanguage\":\"en-CA\",\"potentialAction\":[{\"@type\":\"ReadAction\",\"target\":[\"https:\\\/\\\/perle-in.com\\\/produit\\\/bloc-notes-recycle-format-a7-avec-stylo-zuse\\\/\"]}]},{\"@type\":\"ImageObject\",\"inLanguage\":\"en-CA\",\"@id\":\"https:\\\/\\\/perle-in.com\\\/produit\\\/bloc-notes-recycle-format-a7-avec-stylo-zuse\\\/#primaryimage\",\"url\":\"https:\\\/\\\/perle-in.com\\\/wp-content\\\/uploads\\\/2025\\\/10\\\/10626900-1.jpg\",\"contentUrl\":\"https:\\\/\\\/perle-in.com\\\/wp-content\\\/uploads\\\/2025\\\/10\\\/10626900-1.jpg\",\"width\":1600,\"height\":1600},{\"@type\":\"BreadcrumbList\",\"@id\":\"https:\\\/\\\/perle-in.com\\\/produit\\\/bloc-notes-recycle-format-a7-avec-stylo-zuse\\\/#breadcrumb\",\"itemListElement\":[{\"@type\":\"ListItem\",\"position\":1,\"name\":\"Accueil\",\"item\":\"https:\\\/\\\/perle-in.com\\\/\"},{\"@type\":\"ListItem\",\"position\":2,\"name\":\"Boutique\",\"item\":\"https:\\\/\\\/perle-in.com\\\/boutique\\\/\"},{\"@type\":\"ListItem\",\"position\":3,\"name\":\"Bloc-notes recycl\u00e9 format A7 avec stylo Zuse\"}]},{\"@type\":\"WebSite\",\"@id\":\"https:\\\/\\\/perle-in.com\\\/#website\",\"url\":\"https:\\\/\\\/perle-in.com\\\/\",\"name\":\"PERLE IN\",\"description\":\"\",\"publisher\":{\"@id\":\"https:\\\/\\\/perle-in.com\\\/#organization\"},\"potentialAction\":[{\"@type\":\"SearchAction\",\"target\":{\"@type\":\"EntryPoint\",\"urlTemplate\":\"https:\\\/\\\/perle-in.com\\\/?s={search_term_string}\"},\"query-input\":{\"@type\":\"PropertyValueSpecification\",\"valueRequired\":true,\"valueName\":\"search_term_string\"}}],\"inLanguage\":\"en-CA\"},{\"@type\":\"Organization\",\"@id\":\"https:\\\/\\\/perle-in.com\\\/#organization\",\"name\":\"PERLE IN\",\"url\":\"https:\\\/\\\/perle-in.com\\\/\",\"logo\":{\"@type\":\"ImageObject\",\"inLanguage\":\"en-CA\",\"@id\":\"https:\\\/\\\/perle-in.com\\\/#\\\/schema\\\/logo\\\/image\\\/\",\"url\":\"https:\\\/\\\/perle-in.com\\\/wp-content\\\/uploads\\\/2022\\\/12\\\/LOGO-PERLE-IN-COULEUR@3x.webp\",\"contentUrl\":\"https:\\\/\\\/perle-in.com\\\/wp-content\\\/uploads\\\/2022\\\/12\\\/LOGO-PERLE-IN-COULEUR@3x.webp\",\"width\":1600,\"height\":490,\"caption\":\"PERLE IN\"},\"image\":{\"@id\":\"https:\\\/\\\/perle-in.com\\\/#\\\/schema\\\/logo\\\/image\\\/\"}}]}<\/script>\n<!-- \/ Yoast SEO plugin. -->","yoast_head_json":{"title":"Bloc-notes recycl\u00e9 format A7 avec stylo Zuse - PERLE IN","robots":{"index":"noindex","follow":"follow","max-snippet":"max-snippet:-1","max-image-preview":"max-image-preview:large","max-video-preview":"max-video-preview:-1"},"og_locale":"en_US","og_type":"article","og_title":"Bloc-notes recycl\u00e9 format A7 avec stylo Zuse - PERLE IN","og_description":"Il est facile de noter des id\u00e9es rapides gr\u00e2ce au bloc-notes recycl\u00e9 Zuse et au stylo de couleur assortie. Le petit bloc-notes contient 40 feuilles lign\u00e9es de papier recycl\u00e9 de r\u00e9f\u00e9rence A7, ce qui lui permet de se glisser dans n'importe quel sac, petit ou grand, d'\u00eatre facile \u00e0 tenir et surtout d'\u00eatre un choix durable. Diff\u00e9rentes options d'impression sont disponibles pour afficher n'importe quel logo sur l'ext\u00e9rieur de la couverture rigide.","og_url":"https:\/\/perle-in.com\/en\/product\/bloc-notes-recycle-format-a7-avec-stylo-zuse\/","og_site_name":"PERLE IN","article_modified_time":"2025-10-13T14:41:06+00:00","og_image":[{"width":1600,"height":1600,"url":"https:\/\/perle-in.com\/wp-content\/uploads\/2025\/10\/10626900-1.jpg","type":"image\/jpeg"}],"twitter_card":"summary_large_image","schema":{"@context":"https:\/\/schema.org","@graph":[{"@type":"WebPage","@id":"https:\/\/perle-in.com\/produit\/bloc-notes-recycle-format-a7-avec-stylo-zuse\/","url":"https:\/\/perle-in.com\/produit\/bloc-notes-recycle-format-a7-avec-stylo-zuse\/","name":"Bloc-notes recycl\u00e9 format A7 avec stylo Zuse - PERLE IN","isPartOf":{"@id":"https:\/\/perle-in.com\/#website"},"primaryImageOfPage":{"@id":"https:\/\/perle-in.com\/produit\/bloc-notes-recycle-format-a7-avec-stylo-zuse\/#primaryimage"},"image":{"@id":"https:\/\/perle-in.com\/produit\/bloc-notes-recycle-format-a7-avec-stylo-zuse\/#primaryimage"},"thumbnailUrl":"https:\/\/perle-in.com\/wp-content\/uploads\/2025\/10\/10626900-1.jpg","datePublished":"2025-10-13T14:40:59+00:00","dateModified":"2025-10-13T14:41:06+00:00","breadcrumb":{"@id":"https:\/\/perle-in.com\/produit\/bloc-notes-recycle-format-a7-avec-stylo-zuse\/#breadcrumb"},"inLanguage":"en-CA","potentialAction":[{"@type":"ReadAction","target":["https:\/\/perle-in.com\/produit\/bloc-notes-recycle-format-a7-avec-stylo-zuse\/"]}]},{"@type":"ImageObject","inLanguage":"en-CA","@id":"https:\/\/perle-in.com\/produit\/bloc-notes-recycle-format-a7-avec-stylo-zuse\/#primaryimage","url":"https:\/\/perle-in.com\/wp-content\/uploads\/2025\/10\/10626900-1.jpg","contentUrl":"https:\/\/perle-in.com\/wp-content\/uploads\/2025\/10\/10626900-1.jpg","width":1600,"height":1600},{"@type":"BreadcrumbList","@id":"https:\/\/perle-in.com\/produit\/bloc-notes-recycle-format-a7-avec-stylo-zuse\/#breadcrumb","itemListElement":[{"@type":"ListItem","position":1,"name":"Accueil","item":"https:\/\/perle-in.com\/"},{"@type":"ListItem","position":2,"name":"Boutique","item":"https:\/\/perle-in.com\/boutique\/"},{"@type":"ListItem","position":3,"name":"Bloc-notes recycl\u00e9 format A7 avec stylo Zuse"}]},{"@type":"WebSite","@id":"https:\/\/perle-in.com\/#website","url":"https:\/\/perle-in.com\/","name":"PERLE IN","description":"","publisher":{"@id":"https:\/\/perle-in.com\/#organization"},"potentialAction":[{"@type":"SearchAction","target":{"@type":"EntryPoint","urlTemplate":"https:\/\/perle-in.com\/?s={search_term_string}"},"query-input":{"@type":"PropertyValueSpecification","valueRequired":true,"valueName":"search_term_string"}}],"inLanguage":"en-CA"},{"@type":"Organization","@id":"https:\/\/perle-in.com\/#organization","name":"PERLE IN","url":"https:\/\/perle-in.com\/","logo":{"@type":"ImageObject","inLanguage":"en-CA","@id":"https:\/\/perle-in.com\/#\/schema\/logo\/image\/","url":"https:\/\/perle-in.com\/wp-content\/uploads\/2022\/12\/LOGO-PERLE-IN-COULEUR@3x.webp","contentUrl":"https:\/\/perle-in.com\/wp-content\/uploads\/2022\/12\/LOGO-PERLE-IN-COULEUR@3x.webp","width":1600,"height":490,"caption":"PERLE IN"},"image":{"@id":"https:\/\/perle-in.com\/#\/schema\/logo\/image\/"}}]}},"jetpack_sharing_enabled":true,"_links":{"self":[{"href":"https:\/\/perle-in.com\/en\/wp-json\/wp\/v2\/product\/502302","targetHints":{"allow":["GET"]}}],"collection":[{"href":"https:\/\/perle-in.com\/en\/wp-json\/wp\/v2\/product"}],"about":[{"href":"https:\/\/perle-in.com\/en\/wp-json\/wp\/v2\/types\/product"}],"version-history":[{"count":0,"href":"https:\/\/perle-in.com\/en\/wp-json\/wp\/v2\/product\/502302\/revisions"}],"wp:featuredmedia":[{"embeddable":true,"href":"https:\/\/perle-in.com\/en\/wp-json\/wp\/v2\/media\/502293"}],"wp:attachment":[{"href":"https:\/\/perle-in.com\/en\/wp-json\/wp\/v2\/media?parent=502302"}],"wp:term":[{"taxonomy":"product_brand","embeddable":true,"href":"https:\/\/perle-in.com\/en\/wp-json\/wp\/v2\/product_brand?post=502302"},{"taxonomy":"product_cat","embeddable":true,"href":"https:\/\/perle-in.com\/en\/wp-json\/wp\/v2\/product_cat?post=502302"},{"taxonomy":"product_tag","embeddable":true,"href":"https:\/\/perle-in.com\/en\/wp-json\/wp\/v2\/product_tag?post=502302"}],"curies":[{"name":"wp","href":"https:\/\/api.w.org\/{rel}","templated":true}]}}

Bloc-notes recyclé format A7 avec stylo Zuse

<p>Il est facile de noter des idées rapides grâce au bloc-notes recyclé Zuse et au stylo de couleur assortie. Le petit bloc-notes contient 40 feuilles lignées de papier recyclé de référence A7, ce qui lui permet de se glisser dans n&#8217;importe quel sac, petit ou grand, d&#8217;être facile à tenir et surtout d&#8217;être un choix durable. Différentes options d&#8217;impression sont disponibles pour afficher n&#8217;importe quel logo sur l&#8217;extérieur de la couverture rigide.</p>

<!-- This site is optimized with the Yoast SEO plugin v27.4 - https://yoast.com/product/yoast-seo-wordpress/ -->
<title>Bloc-notes recyclé format A7 avec stylo Zuse - PERLE IN</title>
<meta name="robots" content="noindex, follow, max-snippet:-1, max-image-preview:large, max-video-preview:-1" />
<meta property="og:locale" content="en_US" />
<meta property="og:type" content="article" />
<meta property="og:title" content="Bloc-notes recyclé format A7 avec stylo Zuse - PERLE IN" />
<meta property="og:description" content="Il est facile de noter des idées rapides grâce au bloc-notes recyclé Zuse et au stylo de couleur assortie. Le petit bloc-notes contient 40 feuilles lignées de papier recyclé de référence A7, ce qui lui permet de se glisser dans n&#039;importe quel sac, petit ou grand, d&#039;être facile à tenir et surtout d&#039;être un choix durable. Différentes options d&#039;impression sont disponibles pour afficher n&#039;importe quel logo sur l&#039;extérieur de la couverture rigide." />
<meta property="og:url" content="https://perle-in.com/en/product/bloc-notes-recycle-format-a7-avec-stylo-zuse/" />
<meta property="og:site_name" content="PERLE IN" />
<meta property="article:modified_time" content="2025-10-13T14:41:06+00:00" />
<meta property="og:image" content="https://perle-in.com/wp-content/uploads/2025/10/10626900-1.jpg" />
	<meta property="og:image:width" content="1600" />
	<meta property="og:image:height" content="1600" />
	<meta property="og:image:type" content="image/jpeg" />
<meta name="twitter:card" content="summary_large_image" />
<script type="application/ld+json" class="yoast-schema-graph">{"@context":"https:\/\/schema.org","@graph":[{"@type":"WebPage","@id":"https:\/\/perle-in.com\/produit\/bloc-notes-recycle-format-a7-avec-stylo-zuse\/","url":"https:\/\/perle-in.com\/produit\/bloc-notes-recycle-format-a7-avec-stylo-zuse\/","name":"Bloc-notes recyclé format A7 avec stylo Zuse - PERLE IN","isPartOf":{"@id":"https:\/\/perle-in.com\/#website"},"primaryImageOfPage":{"@id":"https:\/\/perle-in.com\/produit\/bloc-notes-recycle-format-a7-avec-stylo-zuse\/#primaryimage"},"image":{"@id":"https:\/\/perle-in.com\/produit\/bloc-notes-recycle-format-a7-avec-stylo-zuse\/#primaryimage"},"thumbnailUrl":"https:\/\/perle-in.com\/wp-content\/uploads\/2025\/10\/10626900-1.jpg","datePublished":"2025-10-13T14:40:59+00:00","dateModified":"2025-10-13T14:41:06+00:00","breadcrumb":{"@id":"https:\/\/perle-in.com\/produit\/bloc-notes-recycle-format-a7-avec-stylo-zuse\/#breadcrumb"},"inLanguage":"en-CA","potentialAction":[{"@type":"ReadAction","target":["https:\/\/perle-in.com\/produit\/bloc-notes-recycle-format-a7-avec-stylo-zuse\/"]}]},{"@type":"ImageObject","inLanguage":"en-CA","@id":"https:\/\/perle-in.com\/produit\/bloc-notes-recycle-format-a7-avec-stylo-zuse\/#primaryimage","url":"https:\/\/perle-in.com\/wp-content\/uploads\/2025\/10\/10626900-1.jpg","contentUrl":"https:\/\/perle-in.com\/wp-content\/uploads\/2025\/10\/10626900-1.jpg","width":1600,"height":1600},{"@type":"BreadcrumbList","@id":"https:\/\/perle-in.com\/produit\/bloc-notes-recycle-format-a7-avec-stylo-zuse\/#breadcrumb","itemListElement":[{"@type":"ListItem","position":1,"name":"Accueil","item":"https:\/\/perle-in.com\/"},{"@type":"ListItem","position":2,"name":"Boutique","item":"https:\/\/perle-in.com\/boutique\/"},{"@type":"ListItem","position":3,"name":"Bloc-notes recyclé format A7 avec stylo Zuse"}]},{"@type":"WebSite","@id":"https:\/\/perle-in.com\/#website","url":"https:\/\/perle-in.com\/","name":"PERLE IN","description":"","publisher":{"@id":"https:\/\/perle-in.com\/#organization"},"potentialAction":[{"@type":"SearchAction","target":{"@type":"EntryPoint","urlTemplate":"https:\/\/perle-in.com\/?s={search_term_string}"},"query-input":{"@type":"PropertyValueSpecification","valueRequired":true,"valueName":"search_term_string"}}],"inLanguage":"en-CA"},{"@type":"Organization","@id":"https:\/\/perle-in.com\/#organization","name":"PERLE IN","url":"https:\/\/perle-in.com\/","logo":{"@type":"ImageObject","inLanguage":"en-CA","@id":"https:\/\/perle-in.com\/#\/schema\/logo\/image\/","url":"https:\/\/perle-in.com\/wp-content\/uploads\/2022\/12\/LOGO-PERLE-IN-COULEUR@3x.webp","contentUrl":"https:\/\/perle-in.com\/wp-content\/uploads\/2022\/12\/LOGO-PERLE-IN-COULEUR@3x.webp","width":1600,"height":490,"caption":"PERLE IN"},"image":{"@id":"https:\/\/perle-in.com\/#\/schema\/logo\/image\/"}}]}</script>
<!-- / Yoast SEO plugin. -->

Bloc-notes recyclé format A7 avec stylo Zuse - PERLE IN

Il est facile de noter des idées rapides grâce au bloc-notes recyclé Zuse et au stylo de couleur assortie. Le petit bloc-notes contient 40 feuilles lignées de papier recyclé de référence A7, ce qui lui permet de se glisser dans n'importe quel sac, petit ou grand, d'être facile à tenir et surtout d'être un choix durable. Différentes options d'impression sont disponibles pour afficher n'importe quel logo sur l'extérieur de la couverture rigide.
