{"id":501095,"date":"2025-10-10T16:05:10","date_gmt":"2025-10-10T14:05:10","guid":{"rendered":"https:\/\/perle-in.com\/produit\/sac-avec-cordon-cal-avec-impression-par-sublimation\/"},"modified":"2025-10-10T16:05:21","modified_gmt":"2025-10-10T14:05:21","slug":"sac-avec-cordon-cal-avec-impression-par-sublimation","status":"publish","type":"product","link":"https:\/\/perle-in.com\/en\/product\/sac-avec-cordon-cal-avec-impression-par-sublimation\/","title":{"rendered":"Sac avec cordon Cal avec impression par sublimation"},"content":{"rendered":"","protected":false},"excerpt":{"rendered":"<p>Alliez design et fonctionnalit\u00e9 gr\u00e2ce au sac avec cordon Cal. Le sac est con\u00e7u pour arborer un motif imprim\u00e9 par sublimation color\u00e9 \u00e0 l&#8217;avant et \u00e0 l&#8217;arri\u00e8re. Gr\u00e2ce au cordon tress\u00e9 de 5\u00a0mm de haute qualit\u00e9 noir ou blanc, le sac offre un design unique que vous ne trouverez nulle part ailleurs\u00a0! Fabriqu\u00e9 en Europe.<\/p>","protected":false},"featured_media":485639,"template":"","meta":{"_eb_attr":""},"product_brand":[],"product_cat":[159,956],"product_tag":[423,1111,282,921],"class_list":{"0":"post-501095","1":"product","2":"type-product","3":"status-publish","4":"has-post-thumbnail","6":"product_cat-sacs","7":"product_cat-sacs-a-dos-ficelle","8":"product_tag-cordon","9":"product_tag-cordon-de-serrage","10":"product_tag-sac","11":"product_tag-sublimation","12":"pa_couleurs-blanc-blanc","13":"pa_couleurs-noir-blanc","15":"first","16":"instock","17":"shipping-taxable","18":"purchasable","19":"product-type-variable"},"yoast_head":"<!-- This site is optimized with the Yoast SEO plugin v27.4 - https:\/\/yoast.com\/product\/yoast-seo-wordpress\/ -->\n<title>Sac avec cordon Cal avec impression par sublimation - PERLE IN<\/title>\n<meta name=\"robots\" content=\"noindex, follow, max-snippet:-1, max-image-preview:large, max-video-preview:-1\" \/>\n<meta property=\"og:locale\" content=\"en_US\" \/>\n<meta property=\"og:type\" content=\"article\" \/>\n<meta property=\"og:title\" content=\"Sac avec cordon Cal avec impression par sublimation - PERLE IN\" \/>\n<meta property=\"og:description\" content=\"Alliez design et fonctionnalit\u00e9 gr\u00e2ce au sac avec cordon Cal. Le sac est con\u00e7u pour arborer un motif imprim\u00e9 par sublimation color\u00e9 \u00e0 l&#039;avant et \u00e0 l&#039;arri\u00e8re. Gr\u00e2ce au cordon tress\u00e9 de 5\u00a0mm de haute qualit\u00e9 noir ou blanc, le sac offre un design unique que vous ne trouverez nulle part ailleurs\u00a0! Fabriqu\u00e9 en Europe.\" \/>\n<meta property=\"og:url\" content=\"https:\/\/perle-in.com\/en\/product\/sac-avec-cordon-cal-avec-impression-par-sublimation\/\" \/>\n<meta property=\"og:site_name\" content=\"PERLE IN\" \/>\n<meta property=\"article:modified_time\" content=\"2025-10-10T14:05:21+00:00\" \/>\n<meta property=\"og:image\" content=\"https:\/\/perle-in.com\/wp-content\/uploads\/2025\/09\/1PL07201-1.jpg\" \/>\n\t<meta property=\"og:image:width\" content=\"1600\" \/>\n\t<meta property=\"og:image:height\" content=\"1600\" \/>\n\t<meta property=\"og:image:type\" content=\"image\/jpeg\" \/>\n<meta name=\"twitter:card\" content=\"summary_large_image\" \/>\n<script type=\"application\/ld+json\" class=\"yoast-schema-graph\">{\"@context\":\"https:\\\/\\\/schema.org\",\"@graph\":[{\"@type\":\"WebPage\",\"@id\":\"https:\\\/\\\/perle-in.com\\\/produit\\\/sac-avec-cordon-cal-avec-impression-par-sublimation\\\/\",\"url\":\"https:\\\/\\\/perle-in.com\\\/produit\\\/sac-avec-cordon-cal-avec-impression-par-sublimation\\\/\",\"name\":\"Sac avec cordon Cal avec impression par sublimation - PERLE IN\",\"isPartOf\":{\"@id\":\"https:\\\/\\\/perle-in.com\\\/#website\"},\"primaryImageOfPage\":{\"@id\":\"https:\\\/\\\/perle-in.com\\\/produit\\\/sac-avec-cordon-cal-avec-impression-par-sublimation\\\/#primaryimage\"},\"image\":{\"@id\":\"https:\\\/\\\/perle-in.com\\\/produit\\\/sac-avec-cordon-cal-avec-impression-par-sublimation\\\/#primaryimage\"},\"thumbnailUrl\":\"https:\\\/\\\/perle-in.com\\\/wp-content\\\/uploads\\\/2025\\\/09\\\/1PL07201-1.jpg\",\"datePublished\":\"2025-10-10T14:05:10+00:00\",\"dateModified\":\"2025-10-10T14:05:21+00:00\",\"breadcrumb\":{\"@id\":\"https:\\\/\\\/perle-in.com\\\/produit\\\/sac-avec-cordon-cal-avec-impression-par-sublimation\\\/#breadcrumb\"},\"inLanguage\":\"en-CA\",\"potentialAction\":[{\"@type\":\"ReadAction\",\"target\":[\"https:\\\/\\\/perle-in.com\\\/produit\\\/sac-avec-cordon-cal-avec-impression-par-sublimation\\\/\"]}]},{\"@type\":\"ImageObject\",\"inLanguage\":\"en-CA\",\"@id\":\"https:\\\/\\\/perle-in.com\\\/produit\\\/sac-avec-cordon-cal-avec-impression-par-sublimation\\\/#primaryimage\",\"url\":\"https:\\\/\\\/perle-in.com\\\/wp-content\\\/uploads\\\/2025\\\/09\\\/1PL07201-1.jpg\",\"contentUrl\":\"https:\\\/\\\/perle-in.com\\\/wp-content\\\/uploads\\\/2025\\\/09\\\/1PL07201-1.jpg\",\"width\":1600,\"height\":1600},{\"@type\":\"BreadcrumbList\",\"@id\":\"https:\\\/\\\/perle-in.com\\\/produit\\\/sac-avec-cordon-cal-avec-impression-par-sublimation\\\/#breadcrumb\",\"itemListElement\":[{\"@type\":\"ListItem\",\"position\":1,\"name\":\"Accueil\",\"item\":\"https:\\\/\\\/perle-in.com\\\/\"},{\"@type\":\"ListItem\",\"position\":2,\"name\":\"Boutique\",\"item\":\"https:\\\/\\\/perle-in.com\\\/boutique\\\/\"},{\"@type\":\"ListItem\",\"position\":3,\"name\":\"Sac avec cordon Cal avec impression par sublimation\"}]},{\"@type\":\"WebSite\",\"@id\":\"https:\\\/\\\/perle-in.com\\\/#website\",\"url\":\"https:\\\/\\\/perle-in.com\\\/\",\"name\":\"PERLE IN\",\"description\":\"\",\"publisher\":{\"@id\":\"https:\\\/\\\/perle-in.com\\\/#organization\"},\"potentialAction\":[{\"@type\":\"SearchAction\",\"target\":{\"@type\":\"EntryPoint\",\"urlTemplate\":\"https:\\\/\\\/perle-in.com\\\/?s={search_term_string}\"},\"query-input\":{\"@type\":\"PropertyValueSpecification\",\"valueRequired\":true,\"valueName\":\"search_term_string\"}}],\"inLanguage\":\"en-CA\"},{\"@type\":\"Organization\",\"@id\":\"https:\\\/\\\/perle-in.com\\\/#organization\",\"name\":\"PERLE IN\",\"url\":\"https:\\\/\\\/perle-in.com\\\/\",\"logo\":{\"@type\":\"ImageObject\",\"inLanguage\":\"en-CA\",\"@id\":\"https:\\\/\\\/perle-in.com\\\/#\\\/schema\\\/logo\\\/image\\\/\",\"url\":\"https:\\\/\\\/perle-in.com\\\/wp-content\\\/uploads\\\/2022\\\/12\\\/LOGO-PERLE-IN-COULEUR@3x.webp\",\"contentUrl\":\"https:\\\/\\\/perle-in.com\\\/wp-content\\\/uploads\\\/2022\\\/12\\\/LOGO-PERLE-IN-COULEUR@3x.webp\",\"width\":1600,\"height\":490,\"caption\":\"PERLE IN\"},\"image\":{\"@id\":\"https:\\\/\\\/perle-in.com\\\/#\\\/schema\\\/logo\\\/image\\\/\"}}]}<\/script>\n<!-- \/ Yoast SEO plugin. -->","yoast_head_json":{"title":"Sac avec cordon Cal avec impression par sublimation - PERLE IN","robots":{"index":"noindex","follow":"follow","max-snippet":"max-snippet:-1","max-image-preview":"max-image-preview:large","max-video-preview":"max-video-preview:-1"},"og_locale":"en_US","og_type":"article","og_title":"Sac avec cordon Cal avec impression par sublimation - PERLE IN","og_description":"Alliez design et fonctionnalit\u00e9 gr\u00e2ce au sac avec cordon Cal. Le sac est con\u00e7u pour arborer un motif imprim\u00e9 par sublimation color\u00e9 \u00e0 l'avant et \u00e0 l'arri\u00e8re. Gr\u00e2ce au cordon tress\u00e9 de 5\u00a0mm de haute qualit\u00e9 noir ou blanc, le sac offre un design unique que vous ne trouverez nulle part ailleurs\u00a0! Fabriqu\u00e9 en Europe.","og_url":"https:\/\/perle-in.com\/en\/product\/sac-avec-cordon-cal-avec-impression-par-sublimation\/","og_site_name":"PERLE IN","article_modified_time":"2025-10-10T14:05:21+00:00","og_image":[{"width":1600,"height":1600,"url":"https:\/\/perle-in.com\/wp-content\/uploads\/2025\/09\/1PL07201-1.jpg","type":"image\/jpeg"}],"twitter_card":"summary_large_image","schema":{"@context":"https:\/\/schema.org","@graph":[{"@type":"WebPage","@id":"https:\/\/perle-in.com\/produit\/sac-avec-cordon-cal-avec-impression-par-sublimation\/","url":"https:\/\/perle-in.com\/produit\/sac-avec-cordon-cal-avec-impression-par-sublimation\/","name":"Sac avec cordon Cal avec impression par sublimation - PERLE IN","isPartOf":{"@id":"https:\/\/perle-in.com\/#website"},"primaryImageOfPage":{"@id":"https:\/\/perle-in.com\/produit\/sac-avec-cordon-cal-avec-impression-par-sublimation\/#primaryimage"},"image":{"@id":"https:\/\/perle-in.com\/produit\/sac-avec-cordon-cal-avec-impression-par-sublimation\/#primaryimage"},"thumbnailUrl":"https:\/\/perle-in.com\/wp-content\/uploads\/2025\/09\/1PL07201-1.jpg","datePublished":"2025-10-10T14:05:10+00:00","dateModified":"2025-10-10T14:05:21+00:00","breadcrumb":{"@id":"https:\/\/perle-in.com\/produit\/sac-avec-cordon-cal-avec-impression-par-sublimation\/#breadcrumb"},"inLanguage":"en-CA","potentialAction":[{"@type":"ReadAction","target":["https:\/\/perle-in.com\/produit\/sac-avec-cordon-cal-avec-impression-par-sublimation\/"]}]},{"@type":"ImageObject","inLanguage":"en-CA","@id":"https:\/\/perle-in.com\/produit\/sac-avec-cordon-cal-avec-impression-par-sublimation\/#primaryimage","url":"https:\/\/perle-in.com\/wp-content\/uploads\/2025\/09\/1PL07201-1.jpg","contentUrl":"https:\/\/perle-in.com\/wp-content\/uploads\/2025\/09\/1PL07201-1.jpg","width":1600,"height":1600},{"@type":"BreadcrumbList","@id":"https:\/\/perle-in.com\/produit\/sac-avec-cordon-cal-avec-impression-par-sublimation\/#breadcrumb","itemListElement":[{"@type":"ListItem","position":1,"name":"Accueil","item":"https:\/\/perle-in.com\/"},{"@type":"ListItem","position":2,"name":"Boutique","item":"https:\/\/perle-in.com\/boutique\/"},{"@type":"ListItem","position":3,"name":"Sac avec cordon Cal avec impression par sublimation"}]},{"@type":"WebSite","@id":"https:\/\/perle-in.com\/#website","url":"https:\/\/perle-in.com\/","name":"PERLE IN","description":"","publisher":{"@id":"https:\/\/perle-in.com\/#organization"},"potentialAction":[{"@type":"SearchAction","target":{"@type":"EntryPoint","urlTemplate":"https:\/\/perle-in.com\/?s={search_term_string}"},"query-input":{"@type":"PropertyValueSpecification","valueRequired":true,"valueName":"search_term_string"}}],"inLanguage":"en-CA"},{"@type":"Organization","@id":"https:\/\/perle-in.com\/#organization","name":"PERLE IN","url":"https:\/\/perle-in.com\/","logo":{"@type":"ImageObject","inLanguage":"en-CA","@id":"https:\/\/perle-in.com\/#\/schema\/logo\/image\/","url":"https:\/\/perle-in.com\/wp-content\/uploads\/2022\/12\/LOGO-PERLE-IN-COULEUR@3x.webp","contentUrl":"https:\/\/perle-in.com\/wp-content\/uploads\/2022\/12\/LOGO-PERLE-IN-COULEUR@3x.webp","width":1600,"height":490,"caption":"PERLE IN"},"image":{"@id":"https:\/\/perle-in.com\/#\/schema\/logo\/image\/"}}]}},"jetpack_sharing_enabled":true,"_links":{"self":[{"href":"https:\/\/perle-in.com\/en\/wp-json\/wp\/v2\/product\/501095","targetHints":{"allow":["GET"]}}],"collection":[{"href":"https:\/\/perle-in.com\/en\/wp-json\/wp\/v2\/product"}],"about":[{"href":"https:\/\/perle-in.com\/en\/wp-json\/wp\/v2\/types\/product"}],"version-history":[{"count":0,"href":"https:\/\/perle-in.com\/en\/wp-json\/wp\/v2\/product\/501095\/revisions"}],"wp:featuredmedia":[{"embeddable":true,"href":"https:\/\/perle-in.com\/en\/wp-json\/wp\/v2\/media\/485639"}],"wp:attachment":[{"href":"https:\/\/perle-in.com\/en\/wp-json\/wp\/v2\/media?parent=501095"}],"wp:term":[{"taxonomy":"product_brand","embeddable":true,"href":"https:\/\/perle-in.com\/en\/wp-json\/wp\/v2\/product_brand?post=501095"},{"taxonomy":"product_cat","embeddable":true,"href":"https:\/\/perle-in.com\/en\/wp-json\/wp\/v2\/product_cat?post=501095"},{"taxonomy":"product_tag","embeddable":true,"href":"https:\/\/perle-in.com\/en\/wp-json\/wp\/v2\/product_tag?post=501095"}],"curies":[{"name":"wp","href":"https:\/\/api.w.org\/{rel}","templated":true}]}}

<p>Alliez design et fonctionnalité grâce au sac avec cordon Cal. Le sac est conçu pour arborer un motif imprimé par sublimation coloré à l&#8217;avant et à l&#8217;arrière. Grâce au cordon tressé de 5 mm de haute qualité noir ou blanc, le sac offre un design unique que vous ne trouverez nulle part ailleurs ! Fabriqué en Europe.</p>

<!-- This site is optimized with the Yoast SEO plugin v27.4 - https://yoast.com/product/yoast-seo-wordpress/ -->
<title>Sac avec cordon Cal avec impression par sublimation - PERLE IN</title>
<meta name="robots" content="noindex, follow, max-snippet:-1, max-image-preview:large, max-video-preview:-1" />
<meta property="og:locale" content="en_US" />
<meta property="og:type" content="article" />
<meta property="og:title" content="Sac avec cordon Cal avec impression par sublimation - PERLE IN" />
<meta property="og:description" content="Alliez design et fonctionnalité grâce au sac avec cordon Cal. Le sac est conçu pour arborer un motif imprimé par sublimation coloré à l&#039;avant et à l&#039;arrière. Grâce au cordon tressé de 5 mm de haute qualité noir ou blanc, le sac offre un design unique que vous ne trouverez nulle part ailleurs ! Fabriqué en Europe." />
<meta property="og:url" content="https://perle-in.com/en/product/sac-avec-cordon-cal-avec-impression-par-sublimation/" />
<meta property="og:site_name" content="PERLE IN" />
<meta property="article:modified_time" content="2025-10-10T14:05:21+00:00" />
<meta property="og:image" content="https://perle-in.com/wp-content/uploads/2025/09/1PL07201-1.jpg" />
	<meta property="og:image:width" content="1600" />
	<meta property="og:image:height" content="1600" />
	<meta property="og:image:type" content="image/jpeg" />
<meta name="twitter:card" content="summary_large_image" />
<script type="application/ld+json" class="yoast-schema-graph">{"@context":"https:\/\/schema.org","@graph":[{"@type":"WebPage","@id":"https:\/\/perle-in.com\/produit\/sac-avec-cordon-cal-avec-impression-par-sublimation\/","url":"https:\/\/perle-in.com\/produit\/sac-avec-cordon-cal-avec-impression-par-sublimation\/","name":"Sac avec cordon Cal avec impression par sublimation - PERLE IN","isPartOf":{"@id":"https:\/\/perle-in.com\/#website"},"primaryImageOfPage":{"@id":"https:\/\/perle-in.com\/produit\/sac-avec-cordon-cal-avec-impression-par-sublimation\/#primaryimage"},"image":{"@id":"https:\/\/perle-in.com\/produit\/sac-avec-cordon-cal-avec-impression-par-sublimation\/#primaryimage"},"thumbnailUrl":"https:\/\/perle-in.com\/wp-content\/uploads\/2025\/09\/1PL07201-1.jpg","datePublished":"2025-10-10T14:05:10+00:00","dateModified":"2025-10-10T14:05:21+00:00","breadcrumb":{"@id":"https:\/\/perle-in.com\/produit\/sac-avec-cordon-cal-avec-impression-par-sublimation\/#breadcrumb"},"inLanguage":"en-CA","potentialAction":[{"@type":"ReadAction","target":["https:\/\/perle-in.com\/produit\/sac-avec-cordon-cal-avec-impression-par-sublimation\/"]}]},{"@type":"ImageObject","inLanguage":"en-CA","@id":"https:\/\/perle-in.com\/produit\/sac-avec-cordon-cal-avec-impression-par-sublimation\/#primaryimage","url":"https:\/\/perle-in.com\/wp-content\/uploads\/2025\/09\/1PL07201-1.jpg","contentUrl":"https:\/\/perle-in.com\/wp-content\/uploads\/2025\/09\/1PL07201-1.jpg","width":1600,"height":1600},{"@type":"BreadcrumbList","@id":"https:\/\/perle-in.com\/produit\/sac-avec-cordon-cal-avec-impression-par-sublimation\/#breadcrumb","itemListElement":[{"@type":"ListItem","position":1,"name":"Accueil","item":"https:\/\/perle-in.com\/"},{"@type":"ListItem","position":2,"name":"Boutique","item":"https:\/\/perle-in.com\/boutique\/"},{"@type":"ListItem","position":3,"name":"Sac avec cordon Cal avec impression par sublimation"}]},{"@type":"WebSite","@id":"https:\/\/perle-in.com\/#website","url":"https:\/\/perle-in.com\/","name":"PERLE IN","description":"","publisher":{"@id":"https:\/\/perle-in.com\/#organization"},"potentialAction":[{"@type":"SearchAction","target":{"@type":"EntryPoint","urlTemplate":"https:\/\/perle-in.com\/?s={search_term_string}"},"query-input":{"@type":"PropertyValueSpecification","valueRequired":true,"valueName":"search_term_string"}}],"inLanguage":"en-CA"},{"@type":"Organization","@id":"https:\/\/perle-in.com\/#organization","name":"PERLE IN","url":"https:\/\/perle-in.com\/","logo":{"@type":"ImageObject","inLanguage":"en-CA","@id":"https:\/\/perle-in.com\/#\/schema\/logo\/image\/","url":"https:\/\/perle-in.com\/wp-content\/uploads\/2022\/12\/LOGO-PERLE-IN-COULEUR@3x.webp","contentUrl":"https:\/\/perle-in.com\/wp-content\/uploads\/2022\/12\/LOGO-PERLE-IN-COULEUR@3x.webp","width":1600,"height":490,"caption":"PERLE IN"},"image":{"@id":"https:\/\/perle-in.com\/#\/schema\/logo\/image\/"}}]}</script>
<!-- / Yoast SEO plugin. -->

Alliez design et fonctionnalité grâce au sac avec cordon Cal. Le sac est conçu pour arborer un motif imprimé par sublimation coloré à l'avant et à l'arrière. Grâce au cordon tressé de 5 mm de haute qualité noir ou blanc, le sac offre un design unique que vous ne trouverez nulle part ailleurs ! Fabriqué en Europe.
