{"id":501070,"date":"2025-10-10T16:01:49","date_gmt":"2025-10-10T14:01:49","guid":{"rendered":"https:\/\/perle-in.com\/produit\/minikit-festival-en-pochette-papier\/"},"modified":"2025-10-10T16:02:01","modified_gmt":"2025-10-10T14:02:01","slug":"minikit-festival-en-pochette-papier","status":"publish","type":"product","link":"https:\/\/perle-in.com\/en\/product\/minikit-festival-en-pochette-papier\/","title":{"rendered":"MiniKit Festival en pochette papier"},"content":{"rendered":"","protected":false},"excerpt":{"rendered":"<p>Set de voyage id\u00e9al pour les festivals, contient toutes les choses dont vous avez besoin pour passer la nuit \u00e0 un festival. La taille de ce kit vous permet de le stocker facilement dans votre sac. Contient: 1 brosse \u00e0 dents, 1 dentifrice, 1 bouchon d&#8217;oreille, 1 gel d\u00e9sinfectant, 5 pansements , 1 pr\u00e9servatif. Tous les contenus \u00e0 l&#8217;int\u00e9rieur des kits sont conformes \u00e0 la l\u00e9gislation europ\u00e9enne. Le prix comprend l&#8217;\u00e9tiquette personnalis\u00e9e. Livr\u00e9 en pochette papier.<\/p>","protected":false},"featured_media":485293,"template":"","meta":{"_eb_attr":""},"product_brand":[],"product_cat":[390,391],"product_tag":[],"class_list":{"0":"post-501070","1":"product","2":"type-product","3":"status-publish","4":"has-post-thumbnail","6":"product_cat-sant-et-hygine-personnelle","7":"product_cat-trousses-de-secours","8":"pa_couleurs-blanc","9":"pa_couleurs-marron-kraft","11":"first","12":"instock","13":"shipping-taxable","14":"purchasable","15":"product-type-variable"},"yoast_head":"<!-- This site is optimized with the Yoast SEO plugin v27.4 - https:\/\/yoast.com\/product\/yoast-seo-wordpress\/ -->\n<title>MiniKit Festival en pochette papier - PERLE IN<\/title>\n<meta name=\"robots\" content=\"noindex, follow, max-snippet:-1, max-image-preview:large, max-video-preview:-1\" \/>\n<meta property=\"og:locale\" content=\"en_US\" \/>\n<meta property=\"og:type\" content=\"article\" \/>\n<meta property=\"og:title\" content=\"MiniKit Festival en pochette papier - PERLE IN\" \/>\n<meta property=\"og:description\" content=\"Set de voyage id\u00e9al pour les festivals, contient toutes les choses dont vous avez besoin pour passer la nuit \u00e0 un festival. La taille de ce kit vous permet de le stocker facilement dans votre sac. Contient: 1 brosse \u00e0 dents, 1 dentifrice, 1 bouchon d&#039;oreille, 1 gel d\u00e9sinfectant, 5 pansements , 1 pr\u00e9servatif. Tous les contenus \u00e0 l&#039;int\u00e9rieur des kits sont conformes \u00e0 la l\u00e9gislation europ\u00e9enne. Le prix comprend l&#039;\u00e9tiquette personnalis\u00e9e. Livr\u00e9 en pochette papier.\" \/>\n<meta property=\"og:url\" content=\"https:\/\/perle-in.com\/en\/product\/minikit-festival-en-pochette-papier\/\" \/>\n<meta property=\"og:site_name\" content=\"PERLE IN\" \/>\n<meta property=\"article:modified_time\" content=\"2025-10-10T14:02:01+00:00\" \/>\n<meta property=\"og:image\" content=\"https:\/\/perle-in.com\/wp-content\/uploads\/2025\/09\/1Z262401-1.jpg\" \/>\n\t<meta property=\"og:image:width\" content=\"1600\" \/>\n\t<meta property=\"og:image:height\" content=\"1600\" \/>\n\t<meta property=\"og:image:type\" content=\"image\/jpeg\" \/>\n<meta name=\"twitter:card\" content=\"summary_large_image\" \/>\n<script type=\"application\/ld+json\" class=\"yoast-schema-graph\">{\"@context\":\"https:\\\/\\\/schema.org\",\"@graph\":[{\"@type\":\"WebPage\",\"@id\":\"https:\\\/\\\/perle-in.com\\\/produit\\\/minikit-festival-en-pochette-papier\\\/\",\"url\":\"https:\\\/\\\/perle-in.com\\\/produit\\\/minikit-festival-en-pochette-papier\\\/\",\"name\":\"MiniKit Festival en pochette papier - PERLE IN\",\"isPartOf\":{\"@id\":\"https:\\\/\\\/perle-in.com\\\/#website\"},\"primaryImageOfPage\":{\"@id\":\"https:\\\/\\\/perle-in.com\\\/produit\\\/minikit-festival-en-pochette-papier\\\/#primaryimage\"},\"image\":{\"@id\":\"https:\\\/\\\/perle-in.com\\\/produit\\\/minikit-festival-en-pochette-papier\\\/#primaryimage\"},\"thumbnailUrl\":\"https:\\\/\\\/perle-in.com\\\/wp-content\\\/uploads\\\/2025\\\/09\\\/1Z262401-1.jpg\",\"datePublished\":\"2025-10-10T14:01:49+00:00\",\"dateModified\":\"2025-10-10T14:02:01+00:00\",\"breadcrumb\":{\"@id\":\"https:\\\/\\\/perle-in.com\\\/produit\\\/minikit-festival-en-pochette-papier\\\/#breadcrumb\"},\"inLanguage\":\"en-CA\",\"potentialAction\":[{\"@type\":\"ReadAction\",\"target\":[\"https:\\\/\\\/perle-in.com\\\/produit\\\/minikit-festival-en-pochette-papier\\\/\"]}]},{\"@type\":\"ImageObject\",\"inLanguage\":\"en-CA\",\"@id\":\"https:\\\/\\\/perle-in.com\\\/produit\\\/minikit-festival-en-pochette-papier\\\/#primaryimage\",\"url\":\"https:\\\/\\\/perle-in.com\\\/wp-content\\\/uploads\\\/2025\\\/09\\\/1Z262401-1.jpg\",\"contentUrl\":\"https:\\\/\\\/perle-in.com\\\/wp-content\\\/uploads\\\/2025\\\/09\\\/1Z262401-1.jpg\",\"width\":1600,\"height\":1600},{\"@type\":\"BreadcrumbList\",\"@id\":\"https:\\\/\\\/perle-in.com\\\/produit\\\/minikit-festival-en-pochette-papier\\\/#breadcrumb\",\"itemListElement\":[{\"@type\":\"ListItem\",\"position\":1,\"name\":\"Accueil\",\"item\":\"https:\\\/\\\/perle-in.com\\\/\"},{\"@type\":\"ListItem\",\"position\":2,\"name\":\"Boutique\",\"item\":\"https:\\\/\\\/perle-in.com\\\/boutique\\\/\"},{\"@type\":\"ListItem\",\"position\":3,\"name\":\"MiniKit Festival en pochette papier\"}]},{\"@type\":\"WebSite\",\"@id\":\"https:\\\/\\\/perle-in.com\\\/#website\",\"url\":\"https:\\\/\\\/perle-in.com\\\/\",\"name\":\"PERLE IN\",\"description\":\"\",\"publisher\":{\"@id\":\"https:\\\/\\\/perle-in.com\\\/#organization\"},\"potentialAction\":[{\"@type\":\"SearchAction\",\"target\":{\"@type\":\"EntryPoint\",\"urlTemplate\":\"https:\\\/\\\/perle-in.com\\\/?s={search_term_string}\"},\"query-input\":{\"@type\":\"PropertyValueSpecification\",\"valueRequired\":true,\"valueName\":\"search_term_string\"}}],\"inLanguage\":\"en-CA\"},{\"@type\":\"Organization\",\"@id\":\"https:\\\/\\\/perle-in.com\\\/#organization\",\"name\":\"PERLE IN\",\"url\":\"https:\\\/\\\/perle-in.com\\\/\",\"logo\":{\"@type\":\"ImageObject\",\"inLanguage\":\"en-CA\",\"@id\":\"https:\\\/\\\/perle-in.com\\\/#\\\/schema\\\/logo\\\/image\\\/\",\"url\":\"https:\\\/\\\/perle-in.com\\\/wp-content\\\/uploads\\\/2022\\\/12\\\/LOGO-PERLE-IN-COULEUR@3x.webp\",\"contentUrl\":\"https:\\\/\\\/perle-in.com\\\/wp-content\\\/uploads\\\/2022\\\/12\\\/LOGO-PERLE-IN-COULEUR@3x.webp\",\"width\":1600,\"height\":490,\"caption\":\"PERLE IN\"},\"image\":{\"@id\":\"https:\\\/\\\/perle-in.com\\\/#\\\/schema\\\/logo\\\/image\\\/\"}}]}<\/script>\n<!-- \/ Yoast SEO plugin. -->","yoast_head_json":{"title":"MiniKit Festival en pochette papier - PERLE IN","robots":{"index":"noindex","follow":"follow","max-snippet":"max-snippet:-1","max-image-preview":"max-image-preview:large","max-video-preview":"max-video-preview:-1"},"og_locale":"en_US","og_type":"article","og_title":"MiniKit Festival en pochette papier - PERLE IN","og_description":"Set de voyage id\u00e9al pour les festivals, contient toutes les choses dont vous avez besoin pour passer la nuit \u00e0 un festival. La taille de ce kit vous permet de le stocker facilement dans votre sac. Contient: 1 brosse \u00e0 dents, 1 dentifrice, 1 bouchon d'oreille, 1 gel d\u00e9sinfectant, 5 pansements , 1 pr\u00e9servatif. Tous les contenus \u00e0 l'int\u00e9rieur des kits sont conformes \u00e0 la l\u00e9gislation europ\u00e9enne. Le prix comprend l'\u00e9tiquette personnalis\u00e9e. Livr\u00e9 en pochette papier.","og_url":"https:\/\/perle-in.com\/en\/product\/minikit-festival-en-pochette-papier\/","og_site_name":"PERLE IN","article_modified_time":"2025-10-10T14:02:01+00:00","og_image":[{"width":1600,"height":1600,"url":"https:\/\/perle-in.com\/wp-content\/uploads\/2025\/09\/1Z262401-1.jpg","type":"image\/jpeg"}],"twitter_card":"summary_large_image","schema":{"@context":"https:\/\/schema.org","@graph":[{"@type":"WebPage","@id":"https:\/\/perle-in.com\/produit\/minikit-festival-en-pochette-papier\/","url":"https:\/\/perle-in.com\/produit\/minikit-festival-en-pochette-papier\/","name":"MiniKit Festival en pochette papier - PERLE IN","isPartOf":{"@id":"https:\/\/perle-in.com\/#website"},"primaryImageOfPage":{"@id":"https:\/\/perle-in.com\/produit\/minikit-festival-en-pochette-papier\/#primaryimage"},"image":{"@id":"https:\/\/perle-in.com\/produit\/minikit-festival-en-pochette-papier\/#primaryimage"},"thumbnailUrl":"https:\/\/perle-in.com\/wp-content\/uploads\/2025\/09\/1Z262401-1.jpg","datePublished":"2025-10-10T14:01:49+00:00","dateModified":"2025-10-10T14:02:01+00:00","breadcrumb":{"@id":"https:\/\/perle-in.com\/produit\/minikit-festival-en-pochette-papier\/#breadcrumb"},"inLanguage":"en-CA","potentialAction":[{"@type":"ReadAction","target":["https:\/\/perle-in.com\/produit\/minikit-festival-en-pochette-papier\/"]}]},{"@type":"ImageObject","inLanguage":"en-CA","@id":"https:\/\/perle-in.com\/produit\/minikit-festival-en-pochette-papier\/#primaryimage","url":"https:\/\/perle-in.com\/wp-content\/uploads\/2025\/09\/1Z262401-1.jpg","contentUrl":"https:\/\/perle-in.com\/wp-content\/uploads\/2025\/09\/1Z262401-1.jpg","width":1600,"height":1600},{"@type":"BreadcrumbList","@id":"https:\/\/perle-in.com\/produit\/minikit-festival-en-pochette-papier\/#breadcrumb","itemListElement":[{"@type":"ListItem","position":1,"name":"Accueil","item":"https:\/\/perle-in.com\/"},{"@type":"ListItem","position":2,"name":"Boutique","item":"https:\/\/perle-in.com\/boutique\/"},{"@type":"ListItem","position":3,"name":"MiniKit Festival en pochette papier"}]},{"@type":"WebSite","@id":"https:\/\/perle-in.com\/#website","url":"https:\/\/perle-in.com\/","name":"PERLE IN","description":"","publisher":{"@id":"https:\/\/perle-in.com\/#organization"},"potentialAction":[{"@type":"SearchAction","target":{"@type":"EntryPoint","urlTemplate":"https:\/\/perle-in.com\/?s={search_term_string}"},"query-input":{"@type":"PropertyValueSpecification","valueRequired":true,"valueName":"search_term_string"}}],"inLanguage":"en-CA"},{"@type":"Organization","@id":"https:\/\/perle-in.com\/#organization","name":"PERLE IN","url":"https:\/\/perle-in.com\/","logo":{"@type":"ImageObject","inLanguage":"en-CA","@id":"https:\/\/perle-in.com\/#\/schema\/logo\/image\/","url":"https:\/\/perle-in.com\/wp-content\/uploads\/2022\/12\/LOGO-PERLE-IN-COULEUR@3x.webp","contentUrl":"https:\/\/perle-in.com\/wp-content\/uploads\/2022\/12\/LOGO-PERLE-IN-COULEUR@3x.webp","width":1600,"height":490,"caption":"PERLE IN"},"image":{"@id":"https:\/\/perle-in.com\/#\/schema\/logo\/image\/"}}]}},"jetpack_sharing_enabled":true,"_links":{"self":[{"href":"https:\/\/perle-in.com\/en\/wp-json\/wp\/v2\/product\/501070","targetHints":{"allow":["GET"]}}],"collection":[{"href":"https:\/\/perle-in.com\/en\/wp-json\/wp\/v2\/product"}],"about":[{"href":"https:\/\/perle-in.com\/en\/wp-json\/wp\/v2\/types\/product"}],"version-history":[{"count":0,"href":"https:\/\/perle-in.com\/en\/wp-json\/wp\/v2\/product\/501070\/revisions"}],"wp:featuredmedia":[{"embeddable":true,"href":"https:\/\/perle-in.com\/en\/wp-json\/wp\/v2\/media\/485293"}],"wp:attachment":[{"href":"https:\/\/perle-in.com\/en\/wp-json\/wp\/v2\/media?parent=501070"}],"wp:term":[{"taxonomy":"product_brand","embeddable":true,"href":"https:\/\/perle-in.com\/en\/wp-json\/wp\/v2\/product_brand?post=501070"},{"taxonomy":"product_cat","embeddable":true,"href":"https:\/\/perle-in.com\/en\/wp-json\/wp\/v2\/product_cat?post=501070"},{"taxonomy":"product_tag","embeddable":true,"href":"https:\/\/perle-in.com\/en\/wp-json\/wp\/v2\/product_tag?post=501070"}],"curies":[{"name":"wp","href":"https:\/\/api.w.org\/{rel}","templated":true}]}}

<p>Set de voyage idéal pour les festivals, contient toutes les choses dont vous avez besoin pour passer la nuit à un festival. La taille de ce kit vous permet de le stocker facilement dans votre sac. Contient: 1 brosse à dents, 1 dentifrice, 1 bouchon d&#8217;oreille, 1 gel désinfectant, 5 pansements , 1 préservatif. Tous les contenus à l&#8217;intérieur des kits sont conformes à la législation européenne. Le prix comprend l&#8217;étiquette personnalisée. Livré en pochette papier.</p>

<!-- This site is optimized with the Yoast SEO plugin v27.4 - https://yoast.com/product/yoast-seo-wordpress/ -->
<title>MiniKit Festival en pochette papier - PERLE IN</title>
<meta name="robots" content="noindex, follow, max-snippet:-1, max-image-preview:large, max-video-preview:-1" />
<meta property="og:locale" content="en_US" />
<meta property="og:type" content="article" />
<meta property="og:title" content="MiniKit Festival en pochette papier - PERLE IN" />
<meta property="og:description" content="Set de voyage idéal pour les festivals, contient toutes les choses dont vous avez besoin pour passer la nuit à un festival. La taille de ce kit vous permet de le stocker facilement dans votre sac. Contient: 1 brosse à dents, 1 dentifrice, 1 bouchon d&#039;oreille, 1 gel désinfectant, 5 pansements , 1 préservatif. Tous les contenus à l&#039;intérieur des kits sont conformes à la législation européenne. Le prix comprend l&#039;étiquette personnalisée. Livré en pochette papier." />
<meta property="og:url" content="https://perle-in.com/en/product/minikit-festival-en-pochette-papier/" />
<meta property="og:site_name" content="PERLE IN" />
<meta property="article:modified_time" content="2025-10-10T14:02:01+00:00" />
<meta property="og:image" content="https://perle-in.com/wp-content/uploads/2025/09/1Z262401-1.jpg" />
	<meta property="og:image:width" content="1600" />
	<meta property="og:image:height" content="1600" />
	<meta property="og:image:type" content="image/jpeg" />
<meta name="twitter:card" content="summary_large_image" />
<script type="application/ld+json" class="yoast-schema-graph">{"@context":"https:\/\/schema.org","@graph":[{"@type":"WebPage","@id":"https:\/\/perle-in.com\/produit\/minikit-festival-en-pochette-papier\/","url":"https:\/\/perle-in.com\/produit\/minikit-festival-en-pochette-papier\/","name":"MiniKit Festival en pochette papier - PERLE IN","isPartOf":{"@id":"https:\/\/perle-in.com\/#website"},"primaryImageOfPage":{"@id":"https:\/\/perle-in.com\/produit\/minikit-festival-en-pochette-papier\/#primaryimage"},"image":{"@id":"https:\/\/perle-in.com\/produit\/minikit-festival-en-pochette-papier\/#primaryimage"},"thumbnailUrl":"https:\/\/perle-in.com\/wp-content\/uploads\/2025\/09\/1Z262401-1.jpg","datePublished":"2025-10-10T14:01:49+00:00","dateModified":"2025-10-10T14:02:01+00:00","breadcrumb":{"@id":"https:\/\/perle-in.com\/produit\/minikit-festival-en-pochette-papier\/#breadcrumb"},"inLanguage":"en-CA","potentialAction":[{"@type":"ReadAction","target":["https:\/\/perle-in.com\/produit\/minikit-festival-en-pochette-papier\/"]}]},{"@type":"ImageObject","inLanguage":"en-CA","@id":"https:\/\/perle-in.com\/produit\/minikit-festival-en-pochette-papier\/#primaryimage","url":"https:\/\/perle-in.com\/wp-content\/uploads\/2025\/09\/1Z262401-1.jpg","contentUrl":"https:\/\/perle-in.com\/wp-content\/uploads\/2025\/09\/1Z262401-1.jpg","width":1600,"height":1600},{"@type":"BreadcrumbList","@id":"https:\/\/perle-in.com\/produit\/minikit-festival-en-pochette-papier\/#breadcrumb","itemListElement":[{"@type":"ListItem","position":1,"name":"Accueil","item":"https:\/\/perle-in.com\/"},{"@type":"ListItem","position":2,"name":"Boutique","item":"https:\/\/perle-in.com\/boutique\/"},{"@type":"ListItem","position":3,"name":"MiniKit Festival en pochette papier"}]},{"@type":"WebSite","@id":"https:\/\/perle-in.com\/#website","url":"https:\/\/perle-in.com\/","name":"PERLE IN","description":"","publisher":{"@id":"https:\/\/perle-in.com\/#organization"},"potentialAction":[{"@type":"SearchAction","target":{"@type":"EntryPoint","urlTemplate":"https:\/\/perle-in.com\/?s={search_term_string}"},"query-input":{"@type":"PropertyValueSpecification","valueRequired":true,"valueName":"search_term_string"}}],"inLanguage":"en-CA"},{"@type":"Organization","@id":"https:\/\/perle-in.com\/#organization","name":"PERLE IN","url":"https:\/\/perle-in.com\/","logo":{"@type":"ImageObject","inLanguage":"en-CA","@id":"https:\/\/perle-in.com\/#\/schema\/logo\/image\/","url":"https:\/\/perle-in.com\/wp-content\/uploads\/2022\/12\/LOGO-PERLE-IN-COULEUR@3x.webp","contentUrl":"https:\/\/perle-in.com\/wp-content\/uploads\/2022\/12\/LOGO-PERLE-IN-COULEUR@3x.webp","width":1600,"height":490,"caption":"PERLE IN"},"image":{"@id":"https:\/\/perle-in.com\/#\/schema\/logo\/image\/"}}]}</script>
<!-- / Yoast SEO plugin. -->

Set de voyage idéal pour les festivals, contient toutes les choses dont vous avez besoin pour passer la nuit à un festival. La taille de ce kit vous permet de le stocker facilement dans votre sac. Contient: 1 brosse à dents, 1 dentifrice, 1 bouchon d'oreille, 1 gel désinfectant, 5 pansements , 1 préservatif. Tous les contenus à l'intérieur des kits sont conformes à la législation européenne. Le prix comprend l'étiquette personnalisée. Livré en pochette papier.
