{"id":501025,"date":"2025-10-10T15:53:49","date_gmt":"2025-10-10T13:53:49","guid":{"rendered":"https:\/\/perle-in.com\/produit\/oreiller-en-graines-de-lin-avec-impression-par-sublimation\/"},"modified":"2025-10-10T15:54:00","modified_gmt":"2025-10-10T13:54:00","slug":"oreiller-en-graines-de-lin-avec-impression-par-sublimation","status":"publish","type":"product","link":"https:\/\/perle-in.com\/en\/product\/oreiller-en-graines-de-lin-avec-impression-par-sublimation\/","title":{"rendered":"Oreiller en graines de lin avec impression par sublimation"},"content":{"rendered":"","protected":false},"excerpt":{"rendered":"<p>Ce coussin est fabriqu\u00e9 \u00e0 partir de mat\u00e9riaux recycl\u00e9s et contient des graines de lin pour une multitude d&#8217;utilisations. Chauff\u00e9 ou refroidi, cet oreiller est id\u00e9al pour r\u00e9duire la douleur et est une excellente id\u00e9e de cadeau original et utile. L&#8217;impression par sublimation permet d&#8217;ajouter un motif en couleur sur chaque c\u00f4t\u00e9 de l&#8217;oreiller. Fabriqu\u00e9 en Europe.<\/p>","protected":false},"featured_media":485712,"template":"","meta":{"_eb_attr":""},"product_brand":[],"product_cat":[1104,390],"product_tag":[1120,1122,1118,1119,921,1116],"class_list":{"0":"post-501025","1":"product","2":"type-product","3":"status-publish","4":"has-post-thumbnail","6":"product_cat-hygiene-personnelle","7":"product_cat-sant-et-hygine-personnelle","8":"product_tag-coussin","9":"product_tag-graines-de-lin","10":"product_tag-oreiller","11":"product_tag-soulagement-de-la-douleur","12":"product_tag-sublimation","13":"product_tag-sublime","14":"pa_couleurs-blanc","15":"pa_taille-l-31x20cm","16":"pa_taille-m-20x12cm","18":"first","19":"instock","20":"shipping-taxable","21":"purchasable","22":"product-type-variable"},"yoast_head":"<!-- This site is optimized with the Yoast SEO plugin v27.4 - https:\/\/yoast.com\/product\/yoast-seo-wordpress\/ -->\n<title>Oreiller en graines de lin avec impression par sublimation - PERLE IN<\/title>\n<meta name=\"robots\" content=\"noindex, follow, max-snippet:-1, max-image-preview:large, max-video-preview:-1\" \/>\n<meta property=\"og:locale\" content=\"en_US\" \/>\n<meta property=\"og:type\" content=\"article\" \/>\n<meta property=\"og:title\" content=\"Oreiller en graines de lin avec impression par sublimation - PERLE IN\" \/>\n<meta property=\"og:description\" content=\"Ce coussin est fabriqu\u00e9 \u00e0 partir de mat\u00e9riaux recycl\u00e9s et contient des graines de lin pour une multitude d&#039;utilisations. Chauff\u00e9 ou refroidi, cet oreiller est id\u00e9al pour r\u00e9duire la douleur et est une excellente id\u00e9e de cadeau original et utile. L&#039;impression par sublimation permet d&#039;ajouter un motif en couleur sur chaque c\u00f4t\u00e9 de l&#039;oreiller. Fabriqu\u00e9 en Europe.\" \/>\n<meta property=\"og:url\" content=\"https:\/\/perle-in.com\/en\/product\/oreiller-en-graines-de-lin-avec-impression-par-sublimation\/\" \/>\n<meta property=\"og:site_name\" content=\"PERLE IN\" \/>\n<meta property=\"article:modified_time\" content=\"2025-10-10T13:54:00+00:00\" \/>\n<meta property=\"og:image\" content=\"https:\/\/perle-in.com\/wp-content\/uploads\/2025\/09\/1PL20012-1.jpg\" \/>\n\t<meta property=\"og:image:width\" content=\"1600\" \/>\n\t<meta property=\"og:image:height\" content=\"1600\" \/>\n\t<meta property=\"og:image:type\" content=\"image\/jpeg\" \/>\n<meta name=\"twitter:card\" content=\"summary_large_image\" \/>\n<script type=\"application\/ld+json\" class=\"yoast-schema-graph\">{\"@context\":\"https:\\\/\\\/schema.org\",\"@graph\":[{\"@type\":\"WebPage\",\"@id\":\"https:\\\/\\\/perle-in.com\\\/produit\\\/oreiller-en-graines-de-lin-avec-impression-par-sublimation\\\/\",\"url\":\"https:\\\/\\\/perle-in.com\\\/produit\\\/oreiller-en-graines-de-lin-avec-impression-par-sublimation\\\/\",\"name\":\"Oreiller en graines de lin avec impression par sublimation - PERLE IN\",\"isPartOf\":{\"@id\":\"https:\\\/\\\/perle-in.com\\\/#website\"},\"primaryImageOfPage\":{\"@id\":\"https:\\\/\\\/perle-in.com\\\/produit\\\/oreiller-en-graines-de-lin-avec-impression-par-sublimation\\\/#primaryimage\"},\"image\":{\"@id\":\"https:\\\/\\\/perle-in.com\\\/produit\\\/oreiller-en-graines-de-lin-avec-impression-par-sublimation\\\/#primaryimage\"},\"thumbnailUrl\":\"https:\\\/\\\/perle-in.com\\\/wp-content\\\/uploads\\\/2025\\\/09\\\/1PL20012-1.jpg\",\"datePublished\":\"2025-10-10T13:53:49+00:00\",\"dateModified\":\"2025-10-10T13:54:00+00:00\",\"breadcrumb\":{\"@id\":\"https:\\\/\\\/perle-in.com\\\/produit\\\/oreiller-en-graines-de-lin-avec-impression-par-sublimation\\\/#breadcrumb\"},\"inLanguage\":\"en-CA\",\"potentialAction\":[{\"@type\":\"ReadAction\",\"target\":[\"https:\\\/\\\/perle-in.com\\\/produit\\\/oreiller-en-graines-de-lin-avec-impression-par-sublimation\\\/\"]}]},{\"@type\":\"ImageObject\",\"inLanguage\":\"en-CA\",\"@id\":\"https:\\\/\\\/perle-in.com\\\/produit\\\/oreiller-en-graines-de-lin-avec-impression-par-sublimation\\\/#primaryimage\",\"url\":\"https:\\\/\\\/perle-in.com\\\/wp-content\\\/uploads\\\/2025\\\/09\\\/1PL20012-1.jpg\",\"contentUrl\":\"https:\\\/\\\/perle-in.com\\\/wp-content\\\/uploads\\\/2025\\\/09\\\/1PL20012-1.jpg\",\"width\":1600,\"height\":1600},{\"@type\":\"BreadcrumbList\",\"@id\":\"https:\\\/\\\/perle-in.com\\\/produit\\\/oreiller-en-graines-de-lin-avec-impression-par-sublimation\\\/#breadcrumb\",\"itemListElement\":[{\"@type\":\"ListItem\",\"position\":1,\"name\":\"Accueil\",\"item\":\"https:\\\/\\\/perle-in.com\\\/\"},{\"@type\":\"ListItem\",\"position\":2,\"name\":\"Boutique\",\"item\":\"https:\\\/\\\/perle-in.com\\\/boutique\\\/\"},{\"@type\":\"ListItem\",\"position\":3,\"name\":\"Oreiller en graines de lin avec impression par sublimation\"}]},{\"@type\":\"WebSite\",\"@id\":\"https:\\\/\\\/perle-in.com\\\/#website\",\"url\":\"https:\\\/\\\/perle-in.com\\\/\",\"name\":\"PERLE IN\",\"description\":\"\",\"publisher\":{\"@id\":\"https:\\\/\\\/perle-in.com\\\/#organization\"},\"potentialAction\":[{\"@type\":\"SearchAction\",\"target\":{\"@type\":\"EntryPoint\",\"urlTemplate\":\"https:\\\/\\\/perle-in.com\\\/?s={search_term_string}\"},\"query-input\":{\"@type\":\"PropertyValueSpecification\",\"valueRequired\":true,\"valueName\":\"search_term_string\"}}],\"inLanguage\":\"en-CA\"},{\"@type\":\"Organization\",\"@id\":\"https:\\\/\\\/perle-in.com\\\/#organization\",\"name\":\"PERLE IN\",\"url\":\"https:\\\/\\\/perle-in.com\\\/\",\"logo\":{\"@type\":\"ImageObject\",\"inLanguage\":\"en-CA\",\"@id\":\"https:\\\/\\\/perle-in.com\\\/#\\\/schema\\\/logo\\\/image\\\/\",\"url\":\"https:\\\/\\\/perle-in.com\\\/wp-content\\\/uploads\\\/2022\\\/12\\\/LOGO-PERLE-IN-COULEUR@3x.webp\",\"contentUrl\":\"https:\\\/\\\/perle-in.com\\\/wp-content\\\/uploads\\\/2022\\\/12\\\/LOGO-PERLE-IN-COULEUR@3x.webp\",\"width\":1600,\"height\":490,\"caption\":\"PERLE IN\"},\"image\":{\"@id\":\"https:\\\/\\\/perle-in.com\\\/#\\\/schema\\\/logo\\\/image\\\/\"}}]}<\/script>\n<!-- \/ Yoast SEO plugin. -->","yoast_head_json":{"title":"Oreiller en graines de lin avec impression par sublimation - PERLE IN","robots":{"index":"noindex","follow":"follow","max-snippet":"max-snippet:-1","max-image-preview":"max-image-preview:large","max-video-preview":"max-video-preview:-1"},"og_locale":"en_US","og_type":"article","og_title":"Oreiller en graines de lin avec impression par sublimation - PERLE IN","og_description":"Ce coussin est fabriqu\u00e9 \u00e0 partir de mat\u00e9riaux recycl\u00e9s et contient des graines de lin pour une multitude d'utilisations. Chauff\u00e9 ou refroidi, cet oreiller est id\u00e9al pour r\u00e9duire la douleur et est une excellente id\u00e9e de cadeau original et utile. L'impression par sublimation permet d'ajouter un motif en couleur sur chaque c\u00f4t\u00e9 de l'oreiller. Fabriqu\u00e9 en Europe.","og_url":"https:\/\/perle-in.com\/en\/product\/oreiller-en-graines-de-lin-avec-impression-par-sublimation\/","og_site_name":"PERLE IN","article_modified_time":"2025-10-10T13:54:00+00:00","og_image":[{"width":1600,"height":1600,"url":"https:\/\/perle-in.com\/wp-content\/uploads\/2025\/09\/1PL20012-1.jpg","type":"image\/jpeg"}],"twitter_card":"summary_large_image","schema":{"@context":"https:\/\/schema.org","@graph":[{"@type":"WebPage","@id":"https:\/\/perle-in.com\/produit\/oreiller-en-graines-de-lin-avec-impression-par-sublimation\/","url":"https:\/\/perle-in.com\/produit\/oreiller-en-graines-de-lin-avec-impression-par-sublimation\/","name":"Oreiller en graines de lin avec impression par sublimation - PERLE IN","isPartOf":{"@id":"https:\/\/perle-in.com\/#website"},"primaryImageOfPage":{"@id":"https:\/\/perle-in.com\/produit\/oreiller-en-graines-de-lin-avec-impression-par-sublimation\/#primaryimage"},"image":{"@id":"https:\/\/perle-in.com\/produit\/oreiller-en-graines-de-lin-avec-impression-par-sublimation\/#primaryimage"},"thumbnailUrl":"https:\/\/perle-in.com\/wp-content\/uploads\/2025\/09\/1PL20012-1.jpg","datePublished":"2025-10-10T13:53:49+00:00","dateModified":"2025-10-10T13:54:00+00:00","breadcrumb":{"@id":"https:\/\/perle-in.com\/produit\/oreiller-en-graines-de-lin-avec-impression-par-sublimation\/#breadcrumb"},"inLanguage":"en-CA","potentialAction":[{"@type":"ReadAction","target":["https:\/\/perle-in.com\/produit\/oreiller-en-graines-de-lin-avec-impression-par-sublimation\/"]}]},{"@type":"ImageObject","inLanguage":"en-CA","@id":"https:\/\/perle-in.com\/produit\/oreiller-en-graines-de-lin-avec-impression-par-sublimation\/#primaryimage","url":"https:\/\/perle-in.com\/wp-content\/uploads\/2025\/09\/1PL20012-1.jpg","contentUrl":"https:\/\/perle-in.com\/wp-content\/uploads\/2025\/09\/1PL20012-1.jpg","width":1600,"height":1600},{"@type":"BreadcrumbList","@id":"https:\/\/perle-in.com\/produit\/oreiller-en-graines-de-lin-avec-impression-par-sublimation\/#breadcrumb","itemListElement":[{"@type":"ListItem","position":1,"name":"Accueil","item":"https:\/\/perle-in.com\/"},{"@type":"ListItem","position":2,"name":"Boutique","item":"https:\/\/perle-in.com\/boutique\/"},{"@type":"ListItem","position":3,"name":"Oreiller en graines de lin avec impression par sublimation"}]},{"@type":"WebSite","@id":"https:\/\/perle-in.com\/#website","url":"https:\/\/perle-in.com\/","name":"PERLE IN","description":"","publisher":{"@id":"https:\/\/perle-in.com\/#organization"},"potentialAction":[{"@type":"SearchAction","target":{"@type":"EntryPoint","urlTemplate":"https:\/\/perle-in.com\/?s={search_term_string}"},"query-input":{"@type":"PropertyValueSpecification","valueRequired":true,"valueName":"search_term_string"}}],"inLanguage":"en-CA"},{"@type":"Organization","@id":"https:\/\/perle-in.com\/#organization","name":"PERLE IN","url":"https:\/\/perle-in.com\/","logo":{"@type":"ImageObject","inLanguage":"en-CA","@id":"https:\/\/perle-in.com\/#\/schema\/logo\/image\/","url":"https:\/\/perle-in.com\/wp-content\/uploads\/2022\/12\/LOGO-PERLE-IN-COULEUR@3x.webp","contentUrl":"https:\/\/perle-in.com\/wp-content\/uploads\/2022\/12\/LOGO-PERLE-IN-COULEUR@3x.webp","width":1600,"height":490,"caption":"PERLE IN"},"image":{"@id":"https:\/\/perle-in.com\/#\/schema\/logo\/image\/"}}]}},"jetpack_sharing_enabled":true,"_links":{"self":[{"href":"https:\/\/perle-in.com\/en\/wp-json\/wp\/v2\/product\/501025","targetHints":{"allow":["GET"]}}],"collection":[{"href":"https:\/\/perle-in.com\/en\/wp-json\/wp\/v2\/product"}],"about":[{"href":"https:\/\/perle-in.com\/en\/wp-json\/wp\/v2\/types\/product"}],"version-history":[{"count":0,"href":"https:\/\/perle-in.com\/en\/wp-json\/wp\/v2\/product\/501025\/revisions"}],"wp:featuredmedia":[{"embeddable":true,"href":"https:\/\/perle-in.com\/en\/wp-json\/wp\/v2\/media\/485712"}],"wp:attachment":[{"href":"https:\/\/perle-in.com\/en\/wp-json\/wp\/v2\/media?parent=501025"}],"wp:term":[{"taxonomy":"product_brand","embeddable":true,"href":"https:\/\/perle-in.com\/en\/wp-json\/wp\/v2\/product_brand?post=501025"},{"taxonomy":"product_cat","embeddable":true,"href":"https:\/\/perle-in.com\/en\/wp-json\/wp\/v2\/product_cat?post=501025"},{"taxonomy":"product_tag","embeddable":true,"href":"https:\/\/perle-in.com\/en\/wp-json\/wp\/v2\/product_tag?post=501025"}],"curies":[{"name":"wp","href":"https:\/\/api.w.org\/{rel}","templated":true}]}}

<p>Ce coussin est fabriqué à partir de matériaux recyclés et contient des graines de lin pour une multitude d&#8217;utilisations. Chauffé ou refroidi, cet oreiller est idéal pour réduire la douleur et est une excellente idée de cadeau original et utile. L&#8217;impression par sublimation permet d&#8217;ajouter un motif en couleur sur chaque côté de l&#8217;oreiller. Fabriqué en Europe.</p>

<!-- This site is optimized with the Yoast SEO plugin v27.4 - https://yoast.com/product/yoast-seo-wordpress/ -->
<title>Oreiller en graines de lin avec impression par sublimation - PERLE IN</title>
<meta name="robots" content="noindex, follow, max-snippet:-1, max-image-preview:large, max-video-preview:-1" />
<meta property="og:locale" content="en_US" />
<meta property="og:type" content="article" />
<meta property="og:title" content="Oreiller en graines de lin avec impression par sublimation - PERLE IN" />
<meta property="og:description" content="Ce coussin est fabriqué à partir de matériaux recyclés et contient des graines de lin pour une multitude d&#039;utilisations. Chauffé ou refroidi, cet oreiller est idéal pour réduire la douleur et est une excellente idée de cadeau original et utile. L&#039;impression par sublimation permet d&#039;ajouter un motif en couleur sur chaque côté de l&#039;oreiller. Fabriqué en Europe." />
<meta property="og:url" content="https://perle-in.com/en/product/oreiller-en-graines-de-lin-avec-impression-par-sublimation/" />
<meta property="og:site_name" content="PERLE IN" />
<meta property="article:modified_time" content="2025-10-10T13:54:00+00:00" />
<meta property="og:image" content="https://perle-in.com/wp-content/uploads/2025/09/1PL20012-1.jpg" />
	<meta property="og:image:width" content="1600" />
	<meta property="og:image:height" content="1600" />
	<meta property="og:image:type" content="image/jpeg" />
<meta name="twitter:card" content="summary_large_image" />
<script type="application/ld+json" class="yoast-schema-graph">{"@context":"https:\/\/schema.org","@graph":[{"@type":"WebPage","@id":"https:\/\/perle-in.com\/produit\/oreiller-en-graines-de-lin-avec-impression-par-sublimation\/","url":"https:\/\/perle-in.com\/produit\/oreiller-en-graines-de-lin-avec-impression-par-sublimation\/","name":"Oreiller en graines de lin avec impression par sublimation - PERLE IN","isPartOf":{"@id":"https:\/\/perle-in.com\/#website"},"primaryImageOfPage":{"@id":"https:\/\/perle-in.com\/produit\/oreiller-en-graines-de-lin-avec-impression-par-sublimation\/#primaryimage"},"image":{"@id":"https:\/\/perle-in.com\/produit\/oreiller-en-graines-de-lin-avec-impression-par-sublimation\/#primaryimage"},"thumbnailUrl":"https:\/\/perle-in.com\/wp-content\/uploads\/2025\/09\/1PL20012-1.jpg","datePublished":"2025-10-10T13:53:49+00:00","dateModified":"2025-10-10T13:54:00+00:00","breadcrumb":{"@id":"https:\/\/perle-in.com\/produit\/oreiller-en-graines-de-lin-avec-impression-par-sublimation\/#breadcrumb"},"inLanguage":"en-CA","potentialAction":[{"@type":"ReadAction","target":["https:\/\/perle-in.com\/produit\/oreiller-en-graines-de-lin-avec-impression-par-sublimation\/"]}]},{"@type":"ImageObject","inLanguage":"en-CA","@id":"https:\/\/perle-in.com\/produit\/oreiller-en-graines-de-lin-avec-impression-par-sublimation\/#primaryimage","url":"https:\/\/perle-in.com\/wp-content\/uploads\/2025\/09\/1PL20012-1.jpg","contentUrl":"https:\/\/perle-in.com\/wp-content\/uploads\/2025\/09\/1PL20012-1.jpg","width":1600,"height":1600},{"@type":"BreadcrumbList","@id":"https:\/\/perle-in.com\/produit\/oreiller-en-graines-de-lin-avec-impression-par-sublimation\/#breadcrumb","itemListElement":[{"@type":"ListItem","position":1,"name":"Accueil","item":"https:\/\/perle-in.com\/"},{"@type":"ListItem","position":2,"name":"Boutique","item":"https:\/\/perle-in.com\/boutique\/"},{"@type":"ListItem","position":3,"name":"Oreiller en graines de lin avec impression par sublimation"}]},{"@type":"WebSite","@id":"https:\/\/perle-in.com\/#website","url":"https:\/\/perle-in.com\/","name":"PERLE IN","description":"","publisher":{"@id":"https:\/\/perle-in.com\/#organization"},"potentialAction":[{"@type":"SearchAction","target":{"@type":"EntryPoint","urlTemplate":"https:\/\/perle-in.com\/?s={search_term_string}"},"query-input":{"@type":"PropertyValueSpecification","valueRequired":true,"valueName":"search_term_string"}}],"inLanguage":"en-CA"},{"@type":"Organization","@id":"https:\/\/perle-in.com\/#organization","name":"PERLE IN","url":"https:\/\/perle-in.com\/","logo":{"@type":"ImageObject","inLanguage":"en-CA","@id":"https:\/\/perle-in.com\/#\/schema\/logo\/image\/","url":"https:\/\/perle-in.com\/wp-content\/uploads\/2022\/12\/LOGO-PERLE-IN-COULEUR@3x.webp","contentUrl":"https:\/\/perle-in.com\/wp-content\/uploads\/2022\/12\/LOGO-PERLE-IN-COULEUR@3x.webp","width":1600,"height":490,"caption":"PERLE IN"},"image":{"@id":"https:\/\/perle-in.com\/#\/schema\/logo\/image\/"}}]}</script>
<!-- / Yoast SEO plugin. -->

Ce coussin est fabriqué à partir de matériaux recyclés et contient des graines de lin pour une multitude d'utilisations. Chauffé ou refroidi, cet oreiller est idéal pour réduire la douleur et est une excellente idée de cadeau original et utile. L'impression par sublimation permet d'ajouter un motif en couleur sur chaque côté de l'oreiller. Fabriqué en Europe.
