{"id":501012,"date":"2025-10-10T15:52:04","date_gmt":"2025-10-10T13:52:04","guid":{"rendered":"https:\/\/perle-in.com\/produit\/pochette-pour-ordinateur-portable-mila-17-avec-sublimation\/"},"modified":"2025-10-10T15:52:06","modified_gmt":"2025-10-10T13:52:06","slug":"pochette-pour-ordinateur-portable-mila-17-avec-sublimation","status":"publish","type":"product","link":"https:\/\/perle-in.com\/en\/product\/pochette-pour-ordinateur-portable-mila-17-avec-sublimation\/","title":{"rendered":"Pochette pour ordinateur portable Mila 17&#8243; avec sublimation"},"content":{"rendered":"","protected":false},"excerpt":{"rendered":"<p>La housse pour ordinateur portable Mila 17&#8243; est fabriqu\u00e9e en n\u00e9opr\u00e8ne et offre une protection indispensable lors des d\u00e9placements. La housse est con\u00e7ue avec des motifs color\u00e9s imprim\u00e9s par sublimation \u00e0 l&#8217;avant et \u00e0 l&#8217;arri\u00e8re. Elle est disponible avec une fermeture \u00e0 glissi\u00e8re blanche ou noire. Fabriqu\u00e9e en Europe.<\/p>","protected":false},"featured_media":485666,"template":"","meta":{"_eb_attr":""},"product_brand":[],"product_cat":[159,1112],"product_tag":[134,1114,1113,784,917],"class_list":{"0":"post-501012","1":"product","2":"type-product","3":"status-publish","4":"has-post-thumbnail","6":"product_cat-sacs","7":"product_cat-sacs-pour-tablette-et-ordinateur-portable","8":"product_tag-couverture","9":"product_tag-etui","10":"product_tag-housse","11":"product_tag-ordinateur-portable","12":"product_tag-protection","13":"pa_couleurs-blanc-blanc","14":"pa_couleurs-noir-blanc","16":"first","17":"instock","18":"shipping-taxable","19":"purchasable","20":"product-type-variable"},"yoast_head":"<!-- This site is optimized with the Yoast SEO plugin v27.4 - https:\/\/yoast.com\/product\/yoast-seo-wordpress\/ -->\n<title>Pochette pour ordinateur portable Mila 17&quot; avec sublimation - PERLE IN<\/title>\n<meta name=\"robots\" content=\"noindex, follow, max-snippet:-1, max-image-preview:large, max-video-preview:-1\" \/>\n<meta property=\"og:locale\" content=\"en_US\" \/>\n<meta property=\"og:type\" content=\"article\" \/>\n<meta property=\"og:title\" content=\"Pochette pour ordinateur portable Mila 17&quot; avec sublimation - PERLE IN\" \/>\n<meta property=\"og:description\" content=\"La housse pour ordinateur portable Mila 17&quot; est fabriqu\u00e9e en n\u00e9opr\u00e8ne et offre une protection indispensable lors des d\u00e9placements. La housse est con\u00e7ue avec des motifs color\u00e9s imprim\u00e9s par sublimation \u00e0 l&#039;avant et \u00e0 l&#039;arri\u00e8re. Elle est disponible avec une fermeture \u00e0 glissi\u00e8re blanche ou noire. Fabriqu\u00e9e en Europe.\" \/>\n<meta property=\"og:url\" content=\"https:\/\/perle-in.com\/en\/product\/pochette-pour-ordinateur-portable-mila-17-avec-sublimation\/\" \/>\n<meta property=\"og:site_name\" content=\"PERLE IN\" \/>\n<meta property=\"article:modified_time\" content=\"2025-10-10T13:52:06+00:00\" \/>\n<meta property=\"og:image\" content=\"https:\/\/perle-in.com\/wp-content\/uploads\/2025\/09\/1PL07701-1.jpg\" \/>\n\t<meta property=\"og:image:width\" content=\"1600\" \/>\n\t<meta property=\"og:image:height\" content=\"1600\" \/>\n\t<meta property=\"og:image:type\" content=\"image\/jpeg\" \/>\n<meta name=\"twitter:card\" content=\"summary_large_image\" \/>\n<script type=\"application\/ld+json\" class=\"yoast-schema-graph\">{\"@context\":\"https:\\\/\\\/schema.org\",\"@graph\":[{\"@type\":\"WebPage\",\"@id\":\"https:\\\/\\\/perle-in.com\\\/produit\\\/pochette-pour-ordinateur-portable-mila-17-avec-sublimation\\\/\",\"url\":\"https:\\\/\\\/perle-in.com\\\/produit\\\/pochette-pour-ordinateur-portable-mila-17-avec-sublimation\\\/\",\"name\":\"Pochette pour ordinateur portable Mila 17\\\" avec sublimation - PERLE IN\",\"isPartOf\":{\"@id\":\"https:\\\/\\\/perle-in.com\\\/#website\"},\"primaryImageOfPage\":{\"@id\":\"https:\\\/\\\/perle-in.com\\\/produit\\\/pochette-pour-ordinateur-portable-mila-17-avec-sublimation\\\/#primaryimage\"},\"image\":{\"@id\":\"https:\\\/\\\/perle-in.com\\\/produit\\\/pochette-pour-ordinateur-portable-mila-17-avec-sublimation\\\/#primaryimage\"},\"thumbnailUrl\":\"https:\\\/\\\/perle-in.com\\\/wp-content\\\/uploads\\\/2025\\\/09\\\/1PL07701-1.jpg\",\"datePublished\":\"2025-10-10T13:52:04+00:00\",\"dateModified\":\"2025-10-10T13:52:06+00:00\",\"breadcrumb\":{\"@id\":\"https:\\\/\\\/perle-in.com\\\/produit\\\/pochette-pour-ordinateur-portable-mila-17-avec-sublimation\\\/#breadcrumb\"},\"inLanguage\":\"en-CA\",\"potentialAction\":[{\"@type\":\"ReadAction\",\"target\":[\"https:\\\/\\\/perle-in.com\\\/produit\\\/pochette-pour-ordinateur-portable-mila-17-avec-sublimation\\\/\"]}]},{\"@type\":\"ImageObject\",\"inLanguage\":\"en-CA\",\"@id\":\"https:\\\/\\\/perle-in.com\\\/produit\\\/pochette-pour-ordinateur-portable-mila-17-avec-sublimation\\\/#primaryimage\",\"url\":\"https:\\\/\\\/perle-in.com\\\/wp-content\\\/uploads\\\/2025\\\/09\\\/1PL07701-1.jpg\",\"contentUrl\":\"https:\\\/\\\/perle-in.com\\\/wp-content\\\/uploads\\\/2025\\\/09\\\/1PL07701-1.jpg\",\"width\":1600,\"height\":1600},{\"@type\":\"BreadcrumbList\",\"@id\":\"https:\\\/\\\/perle-in.com\\\/produit\\\/pochette-pour-ordinateur-portable-mila-17-avec-sublimation\\\/#breadcrumb\",\"itemListElement\":[{\"@type\":\"ListItem\",\"position\":1,\"name\":\"Accueil\",\"item\":\"https:\\\/\\\/perle-in.com\\\/\"},{\"@type\":\"ListItem\",\"position\":2,\"name\":\"Boutique\",\"item\":\"https:\\\/\\\/perle-in.com\\\/boutique\\\/\"},{\"@type\":\"ListItem\",\"position\":3,\"name\":\"Pochette pour ordinateur portable Mila 17&#8243; avec sublimation\"}]},{\"@type\":\"WebSite\",\"@id\":\"https:\\\/\\\/perle-in.com\\\/#website\",\"url\":\"https:\\\/\\\/perle-in.com\\\/\",\"name\":\"PERLE IN\",\"description\":\"\",\"publisher\":{\"@id\":\"https:\\\/\\\/perle-in.com\\\/#organization\"},\"potentialAction\":[{\"@type\":\"SearchAction\",\"target\":{\"@type\":\"EntryPoint\",\"urlTemplate\":\"https:\\\/\\\/perle-in.com\\\/?s={search_term_string}\"},\"query-input\":{\"@type\":\"PropertyValueSpecification\",\"valueRequired\":true,\"valueName\":\"search_term_string\"}}],\"inLanguage\":\"en-CA\"},{\"@type\":\"Organization\",\"@id\":\"https:\\\/\\\/perle-in.com\\\/#organization\",\"name\":\"PERLE IN\",\"url\":\"https:\\\/\\\/perle-in.com\\\/\",\"logo\":{\"@type\":\"ImageObject\",\"inLanguage\":\"en-CA\",\"@id\":\"https:\\\/\\\/perle-in.com\\\/#\\\/schema\\\/logo\\\/image\\\/\",\"url\":\"https:\\\/\\\/perle-in.com\\\/wp-content\\\/uploads\\\/2022\\\/12\\\/LOGO-PERLE-IN-COULEUR@3x.webp\",\"contentUrl\":\"https:\\\/\\\/perle-in.com\\\/wp-content\\\/uploads\\\/2022\\\/12\\\/LOGO-PERLE-IN-COULEUR@3x.webp\",\"width\":1600,\"height\":490,\"caption\":\"PERLE IN\"},\"image\":{\"@id\":\"https:\\\/\\\/perle-in.com\\\/#\\\/schema\\\/logo\\\/image\\\/\"}}]}<\/script>\n<!-- \/ Yoast SEO plugin. -->","yoast_head_json":{"title":"Pochette pour ordinateur portable Mila 17\" avec sublimation - PERLE IN","robots":{"index":"noindex","follow":"follow","max-snippet":"max-snippet:-1","max-image-preview":"max-image-preview:large","max-video-preview":"max-video-preview:-1"},"og_locale":"en_US","og_type":"article","og_title":"Pochette pour ordinateur portable Mila 17\" avec sublimation - PERLE IN","og_description":"La housse pour ordinateur portable Mila 17\" est fabriqu\u00e9e en n\u00e9opr\u00e8ne et offre une protection indispensable lors des d\u00e9placements. La housse est con\u00e7ue avec des motifs color\u00e9s imprim\u00e9s par sublimation \u00e0 l'avant et \u00e0 l'arri\u00e8re. Elle est disponible avec une fermeture \u00e0 glissi\u00e8re blanche ou noire. Fabriqu\u00e9e en Europe.","og_url":"https:\/\/perle-in.com\/en\/product\/pochette-pour-ordinateur-portable-mila-17-avec-sublimation\/","og_site_name":"PERLE IN","article_modified_time":"2025-10-10T13:52:06+00:00","og_image":[{"width":1600,"height":1600,"url":"https:\/\/perle-in.com\/wp-content\/uploads\/2025\/09\/1PL07701-1.jpg","type":"image\/jpeg"}],"twitter_card":"summary_large_image","schema":{"@context":"https:\/\/schema.org","@graph":[{"@type":"WebPage","@id":"https:\/\/perle-in.com\/produit\/pochette-pour-ordinateur-portable-mila-17-avec-sublimation\/","url":"https:\/\/perle-in.com\/produit\/pochette-pour-ordinateur-portable-mila-17-avec-sublimation\/","name":"Pochette pour ordinateur portable Mila 17\" avec sublimation - PERLE IN","isPartOf":{"@id":"https:\/\/perle-in.com\/#website"},"primaryImageOfPage":{"@id":"https:\/\/perle-in.com\/produit\/pochette-pour-ordinateur-portable-mila-17-avec-sublimation\/#primaryimage"},"image":{"@id":"https:\/\/perle-in.com\/produit\/pochette-pour-ordinateur-portable-mila-17-avec-sublimation\/#primaryimage"},"thumbnailUrl":"https:\/\/perle-in.com\/wp-content\/uploads\/2025\/09\/1PL07701-1.jpg","datePublished":"2025-10-10T13:52:04+00:00","dateModified":"2025-10-10T13:52:06+00:00","breadcrumb":{"@id":"https:\/\/perle-in.com\/produit\/pochette-pour-ordinateur-portable-mila-17-avec-sublimation\/#breadcrumb"},"inLanguage":"en-CA","potentialAction":[{"@type":"ReadAction","target":["https:\/\/perle-in.com\/produit\/pochette-pour-ordinateur-portable-mila-17-avec-sublimation\/"]}]},{"@type":"ImageObject","inLanguage":"en-CA","@id":"https:\/\/perle-in.com\/produit\/pochette-pour-ordinateur-portable-mila-17-avec-sublimation\/#primaryimage","url":"https:\/\/perle-in.com\/wp-content\/uploads\/2025\/09\/1PL07701-1.jpg","contentUrl":"https:\/\/perle-in.com\/wp-content\/uploads\/2025\/09\/1PL07701-1.jpg","width":1600,"height":1600},{"@type":"BreadcrumbList","@id":"https:\/\/perle-in.com\/produit\/pochette-pour-ordinateur-portable-mila-17-avec-sublimation\/#breadcrumb","itemListElement":[{"@type":"ListItem","position":1,"name":"Accueil","item":"https:\/\/perle-in.com\/"},{"@type":"ListItem","position":2,"name":"Boutique","item":"https:\/\/perle-in.com\/boutique\/"},{"@type":"ListItem","position":3,"name":"Pochette pour ordinateur portable Mila 17&#8243; avec sublimation"}]},{"@type":"WebSite","@id":"https:\/\/perle-in.com\/#website","url":"https:\/\/perle-in.com\/","name":"PERLE IN","description":"","publisher":{"@id":"https:\/\/perle-in.com\/#organization"},"potentialAction":[{"@type":"SearchAction","target":{"@type":"EntryPoint","urlTemplate":"https:\/\/perle-in.com\/?s={search_term_string}"},"query-input":{"@type":"PropertyValueSpecification","valueRequired":true,"valueName":"search_term_string"}}],"inLanguage":"en-CA"},{"@type":"Organization","@id":"https:\/\/perle-in.com\/#organization","name":"PERLE IN","url":"https:\/\/perle-in.com\/","logo":{"@type":"ImageObject","inLanguage":"en-CA","@id":"https:\/\/perle-in.com\/#\/schema\/logo\/image\/","url":"https:\/\/perle-in.com\/wp-content\/uploads\/2022\/12\/LOGO-PERLE-IN-COULEUR@3x.webp","contentUrl":"https:\/\/perle-in.com\/wp-content\/uploads\/2022\/12\/LOGO-PERLE-IN-COULEUR@3x.webp","width":1600,"height":490,"caption":"PERLE IN"},"image":{"@id":"https:\/\/perle-in.com\/#\/schema\/logo\/image\/"}}]}},"jetpack_sharing_enabled":true,"_links":{"self":[{"href":"https:\/\/perle-in.com\/en\/wp-json\/wp\/v2\/product\/501012","targetHints":{"allow":["GET"]}}],"collection":[{"href":"https:\/\/perle-in.com\/en\/wp-json\/wp\/v2\/product"}],"about":[{"href":"https:\/\/perle-in.com\/en\/wp-json\/wp\/v2\/types\/product"}],"version-history":[{"count":0,"href":"https:\/\/perle-in.com\/en\/wp-json\/wp\/v2\/product\/501012\/revisions"}],"wp:featuredmedia":[{"embeddable":true,"href":"https:\/\/perle-in.com\/en\/wp-json\/wp\/v2\/media\/485666"}],"wp:attachment":[{"href":"https:\/\/perle-in.com\/en\/wp-json\/wp\/v2\/media?parent=501012"}],"wp:term":[{"taxonomy":"product_brand","embeddable":true,"href":"https:\/\/perle-in.com\/en\/wp-json\/wp\/v2\/product_brand?post=501012"},{"taxonomy":"product_cat","embeddable":true,"href":"https:\/\/perle-in.com\/en\/wp-json\/wp\/v2\/product_cat?post=501012"},{"taxonomy":"product_tag","embeddable":true,"href":"https:\/\/perle-in.com\/en\/wp-json\/wp\/v2\/product_tag?post=501012"}],"curies":[{"name":"wp","href":"https:\/\/api.w.org\/{rel}","templated":true}]}}

<p>La housse pour ordinateur portable Mila 17&#8243; est fabriquée en néoprène et offre une protection indispensable lors des déplacements. La housse est conçue avec des motifs colorés imprimés par sublimation à l&#8217;avant et à l&#8217;arrière. Elle est disponible avec une fermeture à glissière blanche ou noire. Fabriquée en Europe.</p>

<!-- This site is optimized with the Yoast SEO plugin v27.4 - https://yoast.com/product/yoast-seo-wordpress/ -->
<title>Pochette pour ordinateur portable Mila 17&quot; avec sublimation - PERLE IN</title>
<meta name="robots" content="noindex, follow, max-snippet:-1, max-image-preview:large, max-video-preview:-1" />
<meta property="og:locale" content="en_US" />
<meta property="og:type" content="article" />
<meta property="og:title" content="Pochette pour ordinateur portable Mila 17&quot; avec sublimation - PERLE IN" />
<meta property="og:description" content="La housse pour ordinateur portable Mila 17&quot; est fabriquée en néoprène et offre une protection indispensable lors des déplacements. La housse est conçue avec des motifs colorés imprimés par sublimation à l&#039;avant et à l&#039;arrière. Elle est disponible avec une fermeture à glissière blanche ou noire. Fabriquée en Europe." />
<meta property="og:url" content="https://perle-in.com/en/product/pochette-pour-ordinateur-portable-mila-17-avec-sublimation/" />
<meta property="og:site_name" content="PERLE IN" />
<meta property="article:modified_time" content="2025-10-10T13:52:06+00:00" />
<meta property="og:image" content="https://perle-in.com/wp-content/uploads/2025/09/1PL07701-1.jpg" />
	<meta property="og:image:width" content="1600" />
	<meta property="og:image:height" content="1600" />
	<meta property="og:image:type" content="image/jpeg" />
<meta name="twitter:card" content="summary_large_image" />
<script type="application/ld+json" class="yoast-schema-graph">{"@context":"https:\/\/schema.org","@graph":[{"@type":"WebPage","@id":"https:\/\/perle-in.com\/produit\/pochette-pour-ordinateur-portable-mila-17-avec-sublimation\/","url":"https:\/\/perle-in.com\/produit\/pochette-pour-ordinateur-portable-mila-17-avec-sublimation\/","name":"Pochette pour ordinateur portable Mila 17\" avec sublimation - PERLE IN","isPartOf":{"@id":"https:\/\/perle-in.com\/#website"},"primaryImageOfPage":{"@id":"https:\/\/perle-in.com\/produit\/pochette-pour-ordinateur-portable-mila-17-avec-sublimation\/#primaryimage"},"image":{"@id":"https:\/\/perle-in.com\/produit\/pochette-pour-ordinateur-portable-mila-17-avec-sublimation\/#primaryimage"},"thumbnailUrl":"https:\/\/perle-in.com\/wp-content\/uploads\/2025\/09\/1PL07701-1.jpg","datePublished":"2025-10-10T13:52:04+00:00","dateModified":"2025-10-10T13:52:06+00:00","breadcrumb":{"@id":"https:\/\/perle-in.com\/produit\/pochette-pour-ordinateur-portable-mila-17-avec-sublimation\/#breadcrumb"},"inLanguage":"en-CA","potentialAction":[{"@type":"ReadAction","target":["https:\/\/perle-in.com\/produit\/pochette-pour-ordinateur-portable-mila-17-avec-sublimation\/"]}]},{"@type":"ImageObject","inLanguage":"en-CA","@id":"https:\/\/perle-in.com\/produit\/pochette-pour-ordinateur-portable-mila-17-avec-sublimation\/#primaryimage","url":"https:\/\/perle-in.com\/wp-content\/uploads\/2025\/09\/1PL07701-1.jpg","contentUrl":"https:\/\/perle-in.com\/wp-content\/uploads\/2025\/09\/1PL07701-1.jpg","width":1600,"height":1600},{"@type":"BreadcrumbList","@id":"https:\/\/perle-in.com\/produit\/pochette-pour-ordinateur-portable-mila-17-avec-sublimation\/#breadcrumb","itemListElement":[{"@type":"ListItem","position":1,"name":"Accueil","item":"https:\/\/perle-in.com\/"},{"@type":"ListItem","position":2,"name":"Boutique","item":"https:\/\/perle-in.com\/boutique\/"},{"@type":"ListItem","position":3,"name":"Pochette pour ordinateur portable Mila 17&#8243; avec sublimation"}]},{"@type":"WebSite","@id":"https:\/\/perle-in.com\/#website","url":"https:\/\/perle-in.com\/","name":"PERLE IN","description":"","publisher":{"@id":"https:\/\/perle-in.com\/#organization"},"potentialAction":[{"@type":"SearchAction","target":{"@type":"EntryPoint","urlTemplate":"https:\/\/perle-in.com\/?s={search_term_string}"},"query-input":{"@type":"PropertyValueSpecification","valueRequired":true,"valueName":"search_term_string"}}],"inLanguage":"en-CA"},{"@type":"Organization","@id":"https:\/\/perle-in.com\/#organization","name":"PERLE IN","url":"https:\/\/perle-in.com\/","logo":{"@type":"ImageObject","inLanguage":"en-CA","@id":"https:\/\/perle-in.com\/#\/schema\/logo\/image\/","url":"https:\/\/perle-in.com\/wp-content\/uploads\/2022\/12\/LOGO-PERLE-IN-COULEUR@3x.webp","contentUrl":"https:\/\/perle-in.com\/wp-content\/uploads\/2022\/12\/LOGO-PERLE-IN-COULEUR@3x.webp","width":1600,"height":490,"caption":"PERLE IN"},"image":{"@id":"https:\/\/perle-in.com\/#\/schema\/logo\/image\/"}}]}</script>
<!-- / Yoast SEO plugin. -->

La housse pour ordinateur portable Mila 17" est fabriquée en néoprène et offre une protection indispensable lors des déplacements. La housse est conçue avec des motifs colorés imprimés par sublimation à l'avant et à l'arrière. Elle est disponible avec une fermeture à glissière blanche ou noire. Fabriquée en Europe.
