{"id":500681,"date":"2025-10-10T13:48:07","date_gmt":"2025-10-10T11:48:07","guid":{"rendered":"https:\/\/perle-in.com\/produit\/mode-de-vie-actif-mykit\/"},"modified":"2025-10-10T13:48:12","modified_gmt":"2025-10-10T11:48:12","slug":"mode-de-vie-actif-mykit","status":"publish","type":"product","link":"https:\/\/perle-in.com\/en\/product\/mode-de-vie-actif-mykit\/","title":{"rendered":"Mode de vie actif MyKit"},"content":{"rendered":"","protected":false},"excerpt":{"rendered":"<p>Le kit pour mode de vie actif MyKit couvre les besoins en mati\u00e8re de soins de base des plaies, des ampoules, ainsi qu&#8217;un gel de r\u00e9cup\u00e9ration pour les pieds. Id\u00e9al pour les activit\u00e9s telles que la marche, la randonn\u00e9e, la course \u00e0 pied, le golf, etc. Tous les produits de premiers secours et de soins contenus dans la trousse sont conformes \u00e0 toutes les r\u00e9glementations europ\u00e9ennes en vigueur. Le prix comprend le marquage sur toute la surface.<\/p>","protected":false},"featured_media":485106,"template":"","meta":{"_eb_attr":""},"product_brand":[],"product_cat":[390,391],"product_tag":[1043,716,806,396,1044,398],"class_list":{"0":"post-500681","1":"product","2":"type-product","3":"status-publish","4":"has-post-thumbnail","6":"product_cat-sant-et-hygine-personnelle","7":"product_cat-trousses-de-secours","8":"product_tag-my-kit","9":"product_tag-mykit","10":"product_tag-pansements","11":"product_tag-premiers-secours","12":"product_tag-soins-des-plaies","13":"product_tag-trousse","14":"pa_couleurs-blanc-transparent","15":"pa_couleurs-bleu-translucide","16":"pa_couleurs-jaune-translucide","17":"pa_couleurs-magenta-transparent","18":"pa_couleurs-noir-translucide","19":"pa_couleurs-orange-translucide-2","20":"pa_couleurs-rouge-translucide","21":"pa_couleurs-vert-translucide","23":"first","24":"instock","25":"shipping-taxable","26":"purchasable","27":"product-type-variable"},"yoast_head":"<!-- This site is optimized with the Yoast SEO plugin v27.4 - https:\/\/yoast.com\/product\/yoast-seo-wordpress\/ -->\n<title>Mode de vie actif MyKit - PERLE IN<\/title>\n<meta name=\"robots\" content=\"noindex, follow, max-snippet:-1, max-image-preview:large, max-video-preview:-1\" \/>\n<meta property=\"og:locale\" content=\"en_US\" \/>\n<meta property=\"og:type\" content=\"article\" \/>\n<meta property=\"og:title\" content=\"Mode de vie actif MyKit - PERLE IN\" \/>\n<meta property=\"og:description\" content=\"Le kit pour mode de vie actif MyKit couvre les besoins en mati\u00e8re de soins de base des plaies, des ampoules, ainsi qu&#039;un gel de r\u00e9cup\u00e9ration pour les pieds. Id\u00e9al pour les activit\u00e9s telles que la marche, la randonn\u00e9e, la course \u00e0 pied, le golf, etc. Tous les produits de premiers secours et de soins contenus dans la trousse sont conformes \u00e0 toutes les r\u00e9glementations europ\u00e9ennes en vigueur. Le prix comprend le marquage sur toute la surface.\" \/>\n<meta property=\"og:url\" content=\"https:\/\/perle-in.com\/en\/product\/mode-de-vie-actif-mykit\/\" \/>\n<meta property=\"og:site_name\" content=\"PERLE IN\" \/>\n<meta property=\"article:modified_time\" content=\"2025-10-10T11:48:12+00:00\" \/>\n<meta property=\"og:image\" content=\"https:\/\/perle-in.com\/wp-content\/uploads\/2025\/09\/1Z260301-1.jpg\" \/>\n\t<meta property=\"og:image:width\" content=\"1600\" \/>\n\t<meta property=\"og:image:height\" content=\"1600\" \/>\n\t<meta property=\"og:image:type\" content=\"image\/jpeg\" \/>\n<meta name=\"twitter:card\" content=\"summary_large_image\" \/>\n<script type=\"application\/ld+json\" class=\"yoast-schema-graph\">{\"@context\":\"https:\\\/\\\/schema.org\",\"@graph\":[{\"@type\":\"WebPage\",\"@id\":\"https:\\\/\\\/perle-in.com\\\/produit\\\/mode-de-vie-actif-mykit\\\/\",\"url\":\"https:\\\/\\\/perle-in.com\\\/produit\\\/mode-de-vie-actif-mykit\\\/\",\"name\":\"Mode de vie actif MyKit - PERLE IN\",\"isPartOf\":{\"@id\":\"https:\\\/\\\/perle-in.com\\\/#website\"},\"primaryImageOfPage\":{\"@id\":\"https:\\\/\\\/perle-in.com\\\/produit\\\/mode-de-vie-actif-mykit\\\/#primaryimage\"},\"image\":{\"@id\":\"https:\\\/\\\/perle-in.com\\\/produit\\\/mode-de-vie-actif-mykit\\\/#primaryimage\"},\"thumbnailUrl\":\"https:\\\/\\\/perle-in.com\\\/wp-content\\\/uploads\\\/2025\\\/09\\\/1Z260301-1.jpg\",\"datePublished\":\"2025-10-10T11:48:07+00:00\",\"dateModified\":\"2025-10-10T11:48:12+00:00\",\"breadcrumb\":{\"@id\":\"https:\\\/\\\/perle-in.com\\\/produit\\\/mode-de-vie-actif-mykit\\\/#breadcrumb\"},\"inLanguage\":\"en-CA\",\"potentialAction\":[{\"@type\":\"ReadAction\",\"target\":[\"https:\\\/\\\/perle-in.com\\\/produit\\\/mode-de-vie-actif-mykit\\\/\"]}]},{\"@type\":\"ImageObject\",\"inLanguage\":\"en-CA\",\"@id\":\"https:\\\/\\\/perle-in.com\\\/produit\\\/mode-de-vie-actif-mykit\\\/#primaryimage\",\"url\":\"https:\\\/\\\/perle-in.com\\\/wp-content\\\/uploads\\\/2025\\\/09\\\/1Z260301-1.jpg\",\"contentUrl\":\"https:\\\/\\\/perle-in.com\\\/wp-content\\\/uploads\\\/2025\\\/09\\\/1Z260301-1.jpg\",\"width\":1600,\"height\":1600},{\"@type\":\"BreadcrumbList\",\"@id\":\"https:\\\/\\\/perle-in.com\\\/produit\\\/mode-de-vie-actif-mykit\\\/#breadcrumb\",\"itemListElement\":[{\"@type\":\"ListItem\",\"position\":1,\"name\":\"Accueil\",\"item\":\"https:\\\/\\\/perle-in.com\\\/\"},{\"@type\":\"ListItem\",\"position\":2,\"name\":\"Boutique\",\"item\":\"https:\\\/\\\/perle-in.com\\\/boutique\\\/\"},{\"@type\":\"ListItem\",\"position\":3,\"name\":\"Mode de vie actif MyKit\"}]},{\"@type\":\"WebSite\",\"@id\":\"https:\\\/\\\/perle-in.com\\\/#website\",\"url\":\"https:\\\/\\\/perle-in.com\\\/\",\"name\":\"PERLE IN\",\"description\":\"\",\"publisher\":{\"@id\":\"https:\\\/\\\/perle-in.com\\\/#organization\"},\"potentialAction\":[{\"@type\":\"SearchAction\",\"target\":{\"@type\":\"EntryPoint\",\"urlTemplate\":\"https:\\\/\\\/perle-in.com\\\/?s={search_term_string}\"},\"query-input\":{\"@type\":\"PropertyValueSpecification\",\"valueRequired\":true,\"valueName\":\"search_term_string\"}}],\"inLanguage\":\"en-CA\"},{\"@type\":\"Organization\",\"@id\":\"https:\\\/\\\/perle-in.com\\\/#organization\",\"name\":\"PERLE IN\",\"url\":\"https:\\\/\\\/perle-in.com\\\/\",\"logo\":{\"@type\":\"ImageObject\",\"inLanguage\":\"en-CA\",\"@id\":\"https:\\\/\\\/perle-in.com\\\/#\\\/schema\\\/logo\\\/image\\\/\",\"url\":\"https:\\\/\\\/perle-in.com\\\/wp-content\\\/uploads\\\/2022\\\/12\\\/LOGO-PERLE-IN-COULEUR@3x.webp\",\"contentUrl\":\"https:\\\/\\\/perle-in.com\\\/wp-content\\\/uploads\\\/2022\\\/12\\\/LOGO-PERLE-IN-COULEUR@3x.webp\",\"width\":1600,\"height\":490,\"caption\":\"PERLE IN\"},\"image\":{\"@id\":\"https:\\\/\\\/perle-in.com\\\/#\\\/schema\\\/logo\\\/image\\\/\"}}]}<\/script>\n<!-- \/ Yoast SEO plugin. -->","yoast_head_json":{"title":"Mode de vie actif MyKit - PERLE IN","robots":{"index":"noindex","follow":"follow","max-snippet":"max-snippet:-1","max-image-preview":"max-image-preview:large","max-video-preview":"max-video-preview:-1"},"og_locale":"en_US","og_type":"article","og_title":"Mode de vie actif MyKit - PERLE IN","og_description":"Le kit pour mode de vie actif MyKit couvre les besoins en mati\u00e8re de soins de base des plaies, des ampoules, ainsi qu'un gel de r\u00e9cup\u00e9ration pour les pieds. Id\u00e9al pour les activit\u00e9s telles que la marche, la randonn\u00e9e, la course \u00e0 pied, le golf, etc. Tous les produits de premiers secours et de soins contenus dans la trousse sont conformes \u00e0 toutes les r\u00e9glementations europ\u00e9ennes en vigueur. Le prix comprend le marquage sur toute la surface.","og_url":"https:\/\/perle-in.com\/en\/product\/mode-de-vie-actif-mykit\/","og_site_name":"PERLE IN","article_modified_time":"2025-10-10T11:48:12+00:00","og_image":[{"width":1600,"height":1600,"url":"https:\/\/perle-in.com\/wp-content\/uploads\/2025\/09\/1Z260301-1.jpg","type":"image\/jpeg"}],"twitter_card":"summary_large_image","schema":{"@context":"https:\/\/schema.org","@graph":[{"@type":"WebPage","@id":"https:\/\/perle-in.com\/produit\/mode-de-vie-actif-mykit\/","url":"https:\/\/perle-in.com\/produit\/mode-de-vie-actif-mykit\/","name":"Mode de vie actif MyKit - PERLE IN","isPartOf":{"@id":"https:\/\/perle-in.com\/#website"},"primaryImageOfPage":{"@id":"https:\/\/perle-in.com\/produit\/mode-de-vie-actif-mykit\/#primaryimage"},"image":{"@id":"https:\/\/perle-in.com\/produit\/mode-de-vie-actif-mykit\/#primaryimage"},"thumbnailUrl":"https:\/\/perle-in.com\/wp-content\/uploads\/2025\/09\/1Z260301-1.jpg","datePublished":"2025-10-10T11:48:07+00:00","dateModified":"2025-10-10T11:48:12+00:00","breadcrumb":{"@id":"https:\/\/perle-in.com\/produit\/mode-de-vie-actif-mykit\/#breadcrumb"},"inLanguage":"en-CA","potentialAction":[{"@type":"ReadAction","target":["https:\/\/perle-in.com\/produit\/mode-de-vie-actif-mykit\/"]}]},{"@type":"ImageObject","inLanguage":"en-CA","@id":"https:\/\/perle-in.com\/produit\/mode-de-vie-actif-mykit\/#primaryimage","url":"https:\/\/perle-in.com\/wp-content\/uploads\/2025\/09\/1Z260301-1.jpg","contentUrl":"https:\/\/perle-in.com\/wp-content\/uploads\/2025\/09\/1Z260301-1.jpg","width":1600,"height":1600},{"@type":"BreadcrumbList","@id":"https:\/\/perle-in.com\/produit\/mode-de-vie-actif-mykit\/#breadcrumb","itemListElement":[{"@type":"ListItem","position":1,"name":"Accueil","item":"https:\/\/perle-in.com\/"},{"@type":"ListItem","position":2,"name":"Boutique","item":"https:\/\/perle-in.com\/boutique\/"},{"@type":"ListItem","position":3,"name":"Mode de vie actif MyKit"}]},{"@type":"WebSite","@id":"https:\/\/perle-in.com\/#website","url":"https:\/\/perle-in.com\/","name":"PERLE IN","description":"","publisher":{"@id":"https:\/\/perle-in.com\/#organization"},"potentialAction":[{"@type":"SearchAction","target":{"@type":"EntryPoint","urlTemplate":"https:\/\/perle-in.com\/?s={search_term_string}"},"query-input":{"@type":"PropertyValueSpecification","valueRequired":true,"valueName":"search_term_string"}}],"inLanguage":"en-CA"},{"@type":"Organization","@id":"https:\/\/perle-in.com\/#organization","name":"PERLE IN","url":"https:\/\/perle-in.com\/","logo":{"@type":"ImageObject","inLanguage":"en-CA","@id":"https:\/\/perle-in.com\/#\/schema\/logo\/image\/","url":"https:\/\/perle-in.com\/wp-content\/uploads\/2022\/12\/LOGO-PERLE-IN-COULEUR@3x.webp","contentUrl":"https:\/\/perle-in.com\/wp-content\/uploads\/2022\/12\/LOGO-PERLE-IN-COULEUR@3x.webp","width":1600,"height":490,"caption":"PERLE IN"},"image":{"@id":"https:\/\/perle-in.com\/#\/schema\/logo\/image\/"}}]}},"jetpack_sharing_enabled":true,"_links":{"self":[{"href":"https:\/\/perle-in.com\/en\/wp-json\/wp\/v2\/product\/500681","targetHints":{"allow":["GET"]}}],"collection":[{"href":"https:\/\/perle-in.com\/en\/wp-json\/wp\/v2\/product"}],"about":[{"href":"https:\/\/perle-in.com\/en\/wp-json\/wp\/v2\/types\/product"}],"version-history":[{"count":0,"href":"https:\/\/perle-in.com\/en\/wp-json\/wp\/v2\/product\/500681\/revisions"}],"wp:featuredmedia":[{"embeddable":true,"href":"https:\/\/perle-in.com\/en\/wp-json\/wp\/v2\/media\/485106"}],"wp:attachment":[{"href":"https:\/\/perle-in.com\/en\/wp-json\/wp\/v2\/media?parent=500681"}],"wp:term":[{"taxonomy":"product_brand","embeddable":true,"href":"https:\/\/perle-in.com\/en\/wp-json\/wp\/v2\/product_brand?post=500681"},{"taxonomy":"product_cat","embeddable":true,"href":"https:\/\/perle-in.com\/en\/wp-json\/wp\/v2\/product_cat?post=500681"},{"taxonomy":"product_tag","embeddable":true,"href":"https:\/\/perle-in.com\/en\/wp-json\/wp\/v2\/product_tag?post=500681"}],"curies":[{"name":"wp","href":"https:\/\/api.w.org\/{rel}","templated":true}]}}

<p>Le kit pour mode de vie actif MyKit couvre les besoins en matière de soins de base des plaies, des ampoules, ainsi qu&#8217;un gel de récupération pour les pieds. Idéal pour les activités telles que la marche, la randonnée, la course à pied, le golf, etc. Tous les produits de premiers secours et de soins contenus dans la trousse sont conformes à toutes les réglementations européennes en vigueur. Le prix comprend le marquage sur toute la surface.</p>

<!-- This site is optimized with the Yoast SEO plugin v27.4 - https://yoast.com/product/yoast-seo-wordpress/ -->
<title>Mode de vie actif MyKit - PERLE IN</title>
<meta name="robots" content="noindex, follow, max-snippet:-1, max-image-preview:large, max-video-preview:-1" />
<meta property="og:locale" content="en_US" />
<meta property="og:type" content="article" />
<meta property="og:title" content="Mode de vie actif MyKit - PERLE IN" />
<meta property="og:description" content="Le kit pour mode de vie actif MyKit couvre les besoins en matière de soins de base des plaies, des ampoules, ainsi qu&#039;un gel de récupération pour les pieds. Idéal pour les activités telles que la marche, la randonnée, la course à pied, le golf, etc. Tous les produits de premiers secours et de soins contenus dans la trousse sont conformes à toutes les réglementations européennes en vigueur. Le prix comprend le marquage sur toute la surface." />
<meta property="og:url" content="https://perle-in.com/en/product/mode-de-vie-actif-mykit/" />
<meta property="og:site_name" content="PERLE IN" />
<meta property="article:modified_time" content="2025-10-10T11:48:12+00:00" />
<meta property="og:image" content="https://perle-in.com/wp-content/uploads/2025/09/1Z260301-1.jpg" />
	<meta property="og:image:width" content="1600" />
	<meta property="og:image:height" content="1600" />
	<meta property="og:image:type" content="image/jpeg" />
<meta name="twitter:card" content="summary_large_image" />
<script type="application/ld+json" class="yoast-schema-graph">{"@context":"https:\/\/schema.org","@graph":[{"@type":"WebPage","@id":"https:\/\/perle-in.com\/produit\/mode-de-vie-actif-mykit\/","url":"https:\/\/perle-in.com\/produit\/mode-de-vie-actif-mykit\/","name":"Mode de vie actif MyKit - PERLE IN","isPartOf":{"@id":"https:\/\/perle-in.com\/#website"},"primaryImageOfPage":{"@id":"https:\/\/perle-in.com\/produit\/mode-de-vie-actif-mykit\/#primaryimage"},"image":{"@id":"https:\/\/perle-in.com\/produit\/mode-de-vie-actif-mykit\/#primaryimage"},"thumbnailUrl":"https:\/\/perle-in.com\/wp-content\/uploads\/2025\/09\/1Z260301-1.jpg","datePublished":"2025-10-10T11:48:07+00:00","dateModified":"2025-10-10T11:48:12+00:00","breadcrumb":{"@id":"https:\/\/perle-in.com\/produit\/mode-de-vie-actif-mykit\/#breadcrumb"},"inLanguage":"en-CA","potentialAction":[{"@type":"ReadAction","target":["https:\/\/perle-in.com\/produit\/mode-de-vie-actif-mykit\/"]}]},{"@type":"ImageObject","inLanguage":"en-CA","@id":"https:\/\/perle-in.com\/produit\/mode-de-vie-actif-mykit\/#primaryimage","url":"https:\/\/perle-in.com\/wp-content\/uploads\/2025\/09\/1Z260301-1.jpg","contentUrl":"https:\/\/perle-in.com\/wp-content\/uploads\/2025\/09\/1Z260301-1.jpg","width":1600,"height":1600},{"@type":"BreadcrumbList","@id":"https:\/\/perle-in.com\/produit\/mode-de-vie-actif-mykit\/#breadcrumb","itemListElement":[{"@type":"ListItem","position":1,"name":"Accueil","item":"https:\/\/perle-in.com\/"},{"@type":"ListItem","position":2,"name":"Boutique","item":"https:\/\/perle-in.com\/boutique\/"},{"@type":"ListItem","position":3,"name":"Mode de vie actif MyKit"}]},{"@type":"WebSite","@id":"https:\/\/perle-in.com\/#website","url":"https:\/\/perle-in.com\/","name":"PERLE IN","description":"","publisher":{"@id":"https:\/\/perle-in.com\/#organization"},"potentialAction":[{"@type":"SearchAction","target":{"@type":"EntryPoint","urlTemplate":"https:\/\/perle-in.com\/?s={search_term_string}"},"query-input":{"@type":"PropertyValueSpecification","valueRequired":true,"valueName":"search_term_string"}}],"inLanguage":"en-CA"},{"@type":"Organization","@id":"https:\/\/perle-in.com\/#organization","name":"PERLE IN","url":"https:\/\/perle-in.com\/","logo":{"@type":"ImageObject","inLanguage":"en-CA","@id":"https:\/\/perle-in.com\/#\/schema\/logo\/image\/","url":"https:\/\/perle-in.com\/wp-content\/uploads\/2022\/12\/LOGO-PERLE-IN-COULEUR@3x.webp","contentUrl":"https:\/\/perle-in.com\/wp-content\/uploads\/2022\/12\/LOGO-PERLE-IN-COULEUR@3x.webp","width":1600,"height":490,"caption":"PERLE IN"},"image":{"@id":"https:\/\/perle-in.com\/#\/schema\/logo\/image\/"}}]}</script>
<!-- / Yoast SEO plugin. -->

Le kit pour mode de vie actif MyKit couvre les besoins en matière de soins de base des plaies, des ampoules, ainsi qu'un gel de récupération pour les pieds. Idéal pour les activités telles que la marche, la randonnée, la course à pied, le golf, etc. Tous les produits de premiers secours et de soins contenus dans la trousse sont conformes à toutes les réglementations européennes en vigueur. Le prix comprend le marquage sur toute la surface.
