{"id":500427,"date":"2025-10-10T13:10:05","date_gmt":"2025-10-10T11:10:05","guid":{"rendered":"https:\/\/perle-in.com\/produit\/sac-en-papier-kraft-120-g-m2avec-poignees-torsadees-24-x-9-x-24-cm\/"},"modified":"2025-10-10T13:10:07","modified_gmt":"2025-10-10T11:10:07","slug":"sac-en-papier-kraft-120-g-m2avec-poignees-torsadees-24-x-9-x-24-cm","status":"publish","type":"product","link":"https:\/\/perle-in.com\/en\/product\/sac-en-papier-kraft-120-g-m2avec-poignees-torsadees-24-x-9-x-24-cm\/","title":{"rendered":"Sac en papier Kraft 120 g\/m2avec poign\u00e9es torsad\u00e9es, 24 x 9 x 24\u00a0cm"},"content":{"rendered":"","protected":false},"excerpt":{"rendered":"<p>Petit sac en papier Kraft de 120 g\/m2 (24 x 9 x 24\u00a0cm) avec poign\u00e9es en papier torsad\u00e9. L&#8217;avant et l&#8217;arri\u00e8re personnalisables offrent suffisamment d&#8217;espace pour l&#8217;impression d&#8217;un logo, ou de tout autre design, ce qui en fait un excellent outil de marketing commercial. Fabriqu\u00e9 en Europe et 100\u00a0% recyclable, ce sac est un choix plus durable pour les entreprises soucieuses de l&#8217;environnement et les particuliers \u00e0 la recherche d&#8217;une solution d&#8217;emballage durable.<\/p>","protected":false},"featured_media":483511,"template":"","meta":{"_eb_attr":""},"product_brand":[],"product_cat":[159,892],"product_tag":[837,896,900,894,897,282,895],"class_list":{"0":"post-500427","1":"product","2":"type-product","3":"status-publish","4":"has-post-thumbnail","6":"product_cat-sacs","7":"product_cat-sacs-en-papier","8":"product_tag-durable","9":"product_tag-fabrique-en-europe","10":"product_tag-kraft","11":"product_tag-papier","12":"product_tag-recyclable","13":"product_tag-sac","14":"product_tag-sac-en-papier","15":"pa_couleurs-blanc","16":"pa_couleurs-marron-kraft","18":"first","19":"instock","20":"shipping-taxable","21":"purchasable","22":"product-type-variable"},"yoast_head":"<!-- This site is optimized with the Yoast SEO plugin v27.4 - https:\/\/yoast.com\/product\/yoast-seo-wordpress\/ -->\n<title>Sac en papier Kraft 120 g\/m2avec poign\u00e9es torsad\u00e9es, 24 x 9 x 24\u00a0cm - PERLE IN<\/title>\n<meta name=\"robots\" content=\"noindex, follow, max-snippet:-1, max-image-preview:large, max-video-preview:-1\" \/>\n<meta property=\"og:locale\" content=\"en_US\" \/>\n<meta property=\"og:type\" content=\"article\" \/>\n<meta property=\"og:title\" content=\"Sac en papier Kraft 120 g\/m2avec poign\u00e9es torsad\u00e9es, 24 x 9 x 24\u00a0cm - PERLE IN\" \/>\n<meta property=\"og:description\" content=\"Petit sac en papier Kraft de 120 g\/m2 (24 x 9 x 24\u00a0cm) avec poign\u00e9es en papier torsad\u00e9. L&#039;avant et l&#039;arri\u00e8re personnalisables offrent suffisamment d&#039;espace pour l&#039;impression d&#039;un logo, ou de tout autre design, ce qui en fait un excellent outil de marketing commercial. Fabriqu\u00e9 en Europe et 100\u00a0% recyclable, ce sac est un choix plus durable pour les entreprises soucieuses de l&#039;environnement et les particuliers \u00e0 la recherche d&#039;une solution d&#039;emballage durable.\" \/>\n<meta property=\"og:url\" content=\"https:\/\/perle-in.com\/en\/product\/sac-en-papier-kraft-120-g-m2avec-poignees-torsadees-24-x-9-x-24-cm\/\" \/>\n<meta property=\"og:site_name\" content=\"PERLE IN\" \/>\n<meta property=\"article:modified_time\" content=\"2025-10-10T11:10:07+00:00\" \/>\n<meta property=\"og:image\" content=\"https:\/\/perle-in.com\/wp-content\/uploads\/2025\/09\/1ZM00601-1.jpg\" \/>\n\t<meta property=\"og:image:width\" content=\"1600\" \/>\n\t<meta property=\"og:image:height\" content=\"1600\" \/>\n\t<meta property=\"og:image:type\" content=\"image\/jpeg\" \/>\n<meta name=\"twitter:card\" content=\"summary_large_image\" \/>\n<script type=\"application\/ld+json\" class=\"yoast-schema-graph\">{\"@context\":\"https:\\\/\\\/schema.org\",\"@graph\":[{\"@type\":\"WebPage\",\"@id\":\"https:\\\/\\\/perle-in.com\\\/produit\\\/sac-en-papier-kraft-120-g-m2avec-poignees-torsadees-24-x-9-x-24-cm\\\/\",\"url\":\"https:\\\/\\\/perle-in.com\\\/produit\\\/sac-en-papier-kraft-120-g-m2avec-poignees-torsadees-24-x-9-x-24-cm\\\/\",\"name\":\"Sac en papier Kraft 120 g\\\/m2avec poign\u00e9es torsad\u00e9es, 24 x 9 x 24\u00a0cm - PERLE IN\",\"isPartOf\":{\"@id\":\"https:\\\/\\\/perle-in.com\\\/#website\"},\"primaryImageOfPage\":{\"@id\":\"https:\\\/\\\/perle-in.com\\\/produit\\\/sac-en-papier-kraft-120-g-m2avec-poignees-torsadees-24-x-9-x-24-cm\\\/#primaryimage\"},\"image\":{\"@id\":\"https:\\\/\\\/perle-in.com\\\/produit\\\/sac-en-papier-kraft-120-g-m2avec-poignees-torsadees-24-x-9-x-24-cm\\\/#primaryimage\"},\"thumbnailUrl\":\"https:\\\/\\\/perle-in.com\\\/wp-content\\\/uploads\\\/2025\\\/09\\\/1ZM00601-1.jpg\",\"datePublished\":\"2025-10-10T11:10:05+00:00\",\"dateModified\":\"2025-10-10T11:10:07+00:00\",\"breadcrumb\":{\"@id\":\"https:\\\/\\\/perle-in.com\\\/produit\\\/sac-en-papier-kraft-120-g-m2avec-poignees-torsadees-24-x-9-x-24-cm\\\/#breadcrumb\"},\"inLanguage\":\"en-CA\",\"potentialAction\":[{\"@type\":\"ReadAction\",\"target\":[\"https:\\\/\\\/perle-in.com\\\/produit\\\/sac-en-papier-kraft-120-g-m2avec-poignees-torsadees-24-x-9-x-24-cm\\\/\"]}]},{\"@type\":\"ImageObject\",\"inLanguage\":\"en-CA\",\"@id\":\"https:\\\/\\\/perle-in.com\\\/produit\\\/sac-en-papier-kraft-120-g-m2avec-poignees-torsadees-24-x-9-x-24-cm\\\/#primaryimage\",\"url\":\"https:\\\/\\\/perle-in.com\\\/wp-content\\\/uploads\\\/2025\\\/09\\\/1ZM00601-1.jpg\",\"contentUrl\":\"https:\\\/\\\/perle-in.com\\\/wp-content\\\/uploads\\\/2025\\\/09\\\/1ZM00601-1.jpg\",\"width\":1600,\"height\":1600},{\"@type\":\"BreadcrumbList\",\"@id\":\"https:\\\/\\\/perle-in.com\\\/produit\\\/sac-en-papier-kraft-120-g-m2avec-poignees-torsadees-24-x-9-x-24-cm\\\/#breadcrumb\",\"itemListElement\":[{\"@type\":\"ListItem\",\"position\":1,\"name\":\"Accueil\",\"item\":\"https:\\\/\\\/perle-in.com\\\/\"},{\"@type\":\"ListItem\",\"position\":2,\"name\":\"Boutique\",\"item\":\"https:\\\/\\\/perle-in.com\\\/boutique\\\/\"},{\"@type\":\"ListItem\",\"position\":3,\"name\":\"Sac en papier Kraft 120 g\\\/m2avec poign\u00e9es torsad\u00e9es, 24 x 9 x 24\u00a0cm\"}]},{\"@type\":\"WebSite\",\"@id\":\"https:\\\/\\\/perle-in.com\\\/#website\",\"url\":\"https:\\\/\\\/perle-in.com\\\/\",\"name\":\"PERLE IN\",\"description\":\"\",\"publisher\":{\"@id\":\"https:\\\/\\\/perle-in.com\\\/#organization\"},\"potentialAction\":[{\"@type\":\"SearchAction\",\"target\":{\"@type\":\"EntryPoint\",\"urlTemplate\":\"https:\\\/\\\/perle-in.com\\\/?s={search_term_string}\"},\"query-input\":{\"@type\":\"PropertyValueSpecification\",\"valueRequired\":true,\"valueName\":\"search_term_string\"}}],\"inLanguage\":\"en-CA\"},{\"@type\":\"Organization\",\"@id\":\"https:\\\/\\\/perle-in.com\\\/#organization\",\"name\":\"PERLE IN\",\"url\":\"https:\\\/\\\/perle-in.com\\\/\",\"logo\":{\"@type\":\"ImageObject\",\"inLanguage\":\"en-CA\",\"@id\":\"https:\\\/\\\/perle-in.com\\\/#\\\/schema\\\/logo\\\/image\\\/\",\"url\":\"https:\\\/\\\/perle-in.com\\\/wp-content\\\/uploads\\\/2022\\\/12\\\/LOGO-PERLE-IN-COULEUR@3x.webp\",\"contentUrl\":\"https:\\\/\\\/perle-in.com\\\/wp-content\\\/uploads\\\/2022\\\/12\\\/LOGO-PERLE-IN-COULEUR@3x.webp\",\"width\":1600,\"height\":490,\"caption\":\"PERLE IN\"},\"image\":{\"@id\":\"https:\\\/\\\/perle-in.com\\\/#\\\/schema\\\/logo\\\/image\\\/\"}}]}<\/script>\n<!-- \/ Yoast SEO plugin. -->","yoast_head_json":{"title":"Sac en papier Kraft 120 g\/m2avec poign\u00e9es torsad\u00e9es, 24 x 9 x 24\u00a0cm - PERLE IN","robots":{"index":"noindex","follow":"follow","max-snippet":"max-snippet:-1","max-image-preview":"max-image-preview:large","max-video-preview":"max-video-preview:-1"},"og_locale":"en_US","og_type":"article","og_title":"Sac en papier Kraft 120 g\/m2avec poign\u00e9es torsad\u00e9es, 24 x 9 x 24\u00a0cm - PERLE IN","og_description":"Petit sac en papier Kraft de 120 g\/m2 (24 x 9 x 24\u00a0cm) avec poign\u00e9es en papier torsad\u00e9. L'avant et l'arri\u00e8re personnalisables offrent suffisamment d'espace pour l'impression d'un logo, ou de tout autre design, ce qui en fait un excellent outil de marketing commercial. Fabriqu\u00e9 en Europe et 100\u00a0% recyclable, ce sac est un choix plus durable pour les entreprises soucieuses de l'environnement et les particuliers \u00e0 la recherche d'une solution d'emballage durable.","og_url":"https:\/\/perle-in.com\/en\/product\/sac-en-papier-kraft-120-g-m2avec-poignees-torsadees-24-x-9-x-24-cm\/","og_site_name":"PERLE IN","article_modified_time":"2025-10-10T11:10:07+00:00","og_image":[{"width":1600,"height":1600,"url":"https:\/\/perle-in.com\/wp-content\/uploads\/2025\/09\/1ZM00601-1.jpg","type":"image\/jpeg"}],"twitter_card":"summary_large_image","schema":{"@context":"https:\/\/schema.org","@graph":[{"@type":"WebPage","@id":"https:\/\/perle-in.com\/produit\/sac-en-papier-kraft-120-g-m2avec-poignees-torsadees-24-x-9-x-24-cm\/","url":"https:\/\/perle-in.com\/produit\/sac-en-papier-kraft-120-g-m2avec-poignees-torsadees-24-x-9-x-24-cm\/","name":"Sac en papier Kraft 120 g\/m2avec poign\u00e9es torsad\u00e9es, 24 x 9 x 24\u00a0cm - PERLE IN","isPartOf":{"@id":"https:\/\/perle-in.com\/#website"},"primaryImageOfPage":{"@id":"https:\/\/perle-in.com\/produit\/sac-en-papier-kraft-120-g-m2avec-poignees-torsadees-24-x-9-x-24-cm\/#primaryimage"},"image":{"@id":"https:\/\/perle-in.com\/produit\/sac-en-papier-kraft-120-g-m2avec-poignees-torsadees-24-x-9-x-24-cm\/#primaryimage"},"thumbnailUrl":"https:\/\/perle-in.com\/wp-content\/uploads\/2025\/09\/1ZM00601-1.jpg","datePublished":"2025-10-10T11:10:05+00:00","dateModified":"2025-10-10T11:10:07+00:00","breadcrumb":{"@id":"https:\/\/perle-in.com\/produit\/sac-en-papier-kraft-120-g-m2avec-poignees-torsadees-24-x-9-x-24-cm\/#breadcrumb"},"inLanguage":"en-CA","potentialAction":[{"@type":"ReadAction","target":["https:\/\/perle-in.com\/produit\/sac-en-papier-kraft-120-g-m2avec-poignees-torsadees-24-x-9-x-24-cm\/"]}]},{"@type":"ImageObject","inLanguage":"en-CA","@id":"https:\/\/perle-in.com\/produit\/sac-en-papier-kraft-120-g-m2avec-poignees-torsadees-24-x-9-x-24-cm\/#primaryimage","url":"https:\/\/perle-in.com\/wp-content\/uploads\/2025\/09\/1ZM00601-1.jpg","contentUrl":"https:\/\/perle-in.com\/wp-content\/uploads\/2025\/09\/1ZM00601-1.jpg","width":1600,"height":1600},{"@type":"BreadcrumbList","@id":"https:\/\/perle-in.com\/produit\/sac-en-papier-kraft-120-g-m2avec-poignees-torsadees-24-x-9-x-24-cm\/#breadcrumb","itemListElement":[{"@type":"ListItem","position":1,"name":"Accueil","item":"https:\/\/perle-in.com\/"},{"@type":"ListItem","position":2,"name":"Boutique","item":"https:\/\/perle-in.com\/boutique\/"},{"@type":"ListItem","position":3,"name":"Sac en papier Kraft 120 g\/m2avec poign\u00e9es torsad\u00e9es, 24 x 9 x 24\u00a0cm"}]},{"@type":"WebSite","@id":"https:\/\/perle-in.com\/#website","url":"https:\/\/perle-in.com\/","name":"PERLE IN","description":"","publisher":{"@id":"https:\/\/perle-in.com\/#organization"},"potentialAction":[{"@type":"SearchAction","target":{"@type":"EntryPoint","urlTemplate":"https:\/\/perle-in.com\/?s={search_term_string}"},"query-input":{"@type":"PropertyValueSpecification","valueRequired":true,"valueName":"search_term_string"}}],"inLanguage":"en-CA"},{"@type":"Organization","@id":"https:\/\/perle-in.com\/#organization","name":"PERLE IN","url":"https:\/\/perle-in.com\/","logo":{"@type":"ImageObject","inLanguage":"en-CA","@id":"https:\/\/perle-in.com\/#\/schema\/logo\/image\/","url":"https:\/\/perle-in.com\/wp-content\/uploads\/2022\/12\/LOGO-PERLE-IN-COULEUR@3x.webp","contentUrl":"https:\/\/perle-in.com\/wp-content\/uploads\/2022\/12\/LOGO-PERLE-IN-COULEUR@3x.webp","width":1600,"height":490,"caption":"PERLE IN"},"image":{"@id":"https:\/\/perle-in.com\/#\/schema\/logo\/image\/"}}]}},"jetpack_sharing_enabled":true,"_links":{"self":[{"href":"https:\/\/perle-in.com\/en\/wp-json\/wp\/v2\/product\/500427","targetHints":{"allow":["GET"]}}],"collection":[{"href":"https:\/\/perle-in.com\/en\/wp-json\/wp\/v2\/product"}],"about":[{"href":"https:\/\/perle-in.com\/en\/wp-json\/wp\/v2\/types\/product"}],"version-history":[{"count":0,"href":"https:\/\/perle-in.com\/en\/wp-json\/wp\/v2\/product\/500427\/revisions"}],"wp:featuredmedia":[{"embeddable":true,"href":"https:\/\/perle-in.com\/en\/wp-json\/wp\/v2\/media\/483511"}],"wp:attachment":[{"href":"https:\/\/perle-in.com\/en\/wp-json\/wp\/v2\/media?parent=500427"}],"wp:term":[{"taxonomy":"product_brand","embeddable":true,"href":"https:\/\/perle-in.com\/en\/wp-json\/wp\/v2\/product_brand?post=500427"},{"taxonomy":"product_cat","embeddable":true,"href":"https:\/\/perle-in.com\/en\/wp-json\/wp\/v2\/product_cat?post=500427"},{"taxonomy":"product_tag","embeddable":true,"href":"https:\/\/perle-in.com\/en\/wp-json\/wp\/v2\/product_tag?post=500427"}],"curies":[{"name":"wp","href":"https:\/\/api.w.org\/{rel}","templated":true}]}}

Sac en papier Kraft 120 g/m2avec poignées torsadées, 24 x 9 x 24 cm

<p>Petit sac en papier Kraft de 120 g/m2 (24 x 9 x 24 cm) avec poignées en papier torsadé. L&#8217;avant et l&#8217;arrière personnalisables offrent suffisamment d&#8217;espace pour l&#8217;impression d&#8217;un logo, ou de tout autre design, ce qui en fait un excellent outil de marketing commercial. Fabriqué en Europe et 100 % recyclable, ce sac est un choix plus durable pour les entreprises soucieuses de l&#8217;environnement et les particuliers à la recherche d&#8217;une solution d&#8217;emballage durable.</p>

<!-- This site is optimized with the Yoast SEO plugin v27.4 - https://yoast.com/product/yoast-seo-wordpress/ -->
<title>Sac en papier Kraft 120 g/m2avec poignées torsadées, 24 x 9 x 24 cm - PERLE IN</title>
<meta name="robots" content="noindex, follow, max-snippet:-1, max-image-preview:large, max-video-preview:-1" />
<meta property="og:locale" content="en_US" />
<meta property="og:type" content="article" />
<meta property="og:title" content="Sac en papier Kraft 120 g/m2avec poignées torsadées, 24 x 9 x 24 cm - PERLE IN" />
<meta property="og:description" content="Petit sac en papier Kraft de 120 g/m2 (24 x 9 x 24 cm) avec poignées en papier torsadé. L&#039;avant et l&#039;arrière personnalisables offrent suffisamment d&#039;espace pour l&#039;impression d&#039;un logo, ou de tout autre design, ce qui en fait un excellent outil de marketing commercial. Fabriqué en Europe et 100 % recyclable, ce sac est un choix plus durable pour les entreprises soucieuses de l&#039;environnement et les particuliers à la recherche d&#039;une solution d&#039;emballage durable." />
<meta property="og:url" content="https://perle-in.com/en/product/sac-en-papier-kraft-120-g-m2avec-poignees-torsadees-24-x-9-x-24-cm/" />
<meta property="og:site_name" content="PERLE IN" />
<meta property="article:modified_time" content="2025-10-10T11:10:07+00:00" />
<meta property="og:image" content="https://perle-in.com/wp-content/uploads/2025/09/1ZM00601-1.jpg" />
	<meta property="og:image:width" content="1600" />
	<meta property="og:image:height" content="1600" />
	<meta property="og:image:type" content="image/jpeg" />
<meta name="twitter:card" content="summary_large_image" />
<script type="application/ld+json" class="yoast-schema-graph">{"@context":"https:\/\/schema.org","@graph":[{"@type":"WebPage","@id":"https:\/\/perle-in.com\/produit\/sac-en-papier-kraft-120-g-m2avec-poignees-torsadees-24-x-9-x-24-cm\/","url":"https:\/\/perle-in.com\/produit\/sac-en-papier-kraft-120-g-m2avec-poignees-torsadees-24-x-9-x-24-cm\/","name":"Sac en papier Kraft 120 g\/m2avec poignées torsadées, 24 x 9 x 24 cm - PERLE IN","isPartOf":{"@id":"https:\/\/perle-in.com\/#website"},"primaryImageOfPage":{"@id":"https:\/\/perle-in.com\/produit\/sac-en-papier-kraft-120-g-m2avec-poignees-torsadees-24-x-9-x-24-cm\/#primaryimage"},"image":{"@id":"https:\/\/perle-in.com\/produit\/sac-en-papier-kraft-120-g-m2avec-poignees-torsadees-24-x-9-x-24-cm\/#primaryimage"},"thumbnailUrl":"https:\/\/perle-in.com\/wp-content\/uploads\/2025\/09\/1ZM00601-1.jpg","datePublished":"2025-10-10T11:10:05+00:00","dateModified":"2025-10-10T11:10:07+00:00","breadcrumb":{"@id":"https:\/\/perle-in.com\/produit\/sac-en-papier-kraft-120-g-m2avec-poignees-torsadees-24-x-9-x-24-cm\/#breadcrumb"},"inLanguage":"en-CA","potentialAction":[{"@type":"ReadAction","target":["https:\/\/perle-in.com\/produit\/sac-en-papier-kraft-120-g-m2avec-poignees-torsadees-24-x-9-x-24-cm\/"]}]},{"@type":"ImageObject","inLanguage":"en-CA","@id":"https:\/\/perle-in.com\/produit\/sac-en-papier-kraft-120-g-m2avec-poignees-torsadees-24-x-9-x-24-cm\/#primaryimage","url":"https:\/\/perle-in.com\/wp-content\/uploads\/2025\/09\/1ZM00601-1.jpg","contentUrl":"https:\/\/perle-in.com\/wp-content\/uploads\/2025\/09\/1ZM00601-1.jpg","width":1600,"height":1600},{"@type":"BreadcrumbList","@id":"https:\/\/perle-in.com\/produit\/sac-en-papier-kraft-120-g-m2avec-poignees-torsadees-24-x-9-x-24-cm\/#breadcrumb","itemListElement":[{"@type":"ListItem","position":1,"name":"Accueil","item":"https:\/\/perle-in.com\/"},{"@type":"ListItem","position":2,"name":"Boutique","item":"https:\/\/perle-in.com\/boutique\/"},{"@type":"ListItem","position":3,"name":"Sac en papier Kraft 120 g\/m2avec poignées torsadées, 24 x 9 x 24 cm"}]},{"@type":"WebSite","@id":"https:\/\/perle-in.com\/#website","url":"https:\/\/perle-in.com\/","name":"PERLE IN","description":"","publisher":{"@id":"https:\/\/perle-in.com\/#organization"},"potentialAction":[{"@type":"SearchAction","target":{"@type":"EntryPoint","urlTemplate":"https:\/\/perle-in.com\/?s={search_term_string}"},"query-input":{"@type":"PropertyValueSpecification","valueRequired":true,"valueName":"search_term_string"}}],"inLanguage":"en-CA"},{"@type":"Organization","@id":"https:\/\/perle-in.com\/#organization","name":"PERLE IN","url":"https:\/\/perle-in.com\/","logo":{"@type":"ImageObject","inLanguage":"en-CA","@id":"https:\/\/perle-in.com\/#\/schema\/logo\/image\/","url":"https:\/\/perle-in.com\/wp-content\/uploads\/2022\/12\/LOGO-PERLE-IN-COULEUR@3x.webp","contentUrl":"https:\/\/perle-in.com\/wp-content\/uploads\/2022\/12\/LOGO-PERLE-IN-COULEUR@3x.webp","width":1600,"height":490,"caption":"PERLE IN"},"image":{"@id":"https:\/\/perle-in.com\/#\/schema\/logo\/image\/"}}]}</script>
<!-- / Yoast SEO plugin. -->

Sac en papier Kraft 120 g/m2avec poignées torsadées, 24 x 9 x 24 cm - PERLE IN

Petit sac en papier Kraft de 120 g/m2 (24 x 9 x 24 cm) avec poignées en papier torsadé. L'avant et l'arrière personnalisables offrent suffisamment d'espace pour l'impression d'un logo, ou de tout autre design, ce qui en fait un excellent outil de marketing commercial. Fabriqué en Europe et 100 % recyclable, ce sac est un choix plus durable pour les entreprises soucieuses de l'environnement et les particuliers à la recherche d'une solution d'emballage durable.
