{"id":499409,"date":"2025-10-10T11:05:44","date_gmt":"2025-10-10T09:05:44","guid":{"rendered":"https:\/\/perle-in.com\/produit\/minikit-festival\/"},"modified":"2025-10-10T11:06:02","modified_gmt":"2025-10-10T09:06:02","slug":"minikit-festival","status":"publish","type":"product","link":"https:\/\/perle-in.com\/en\/product\/minikit-festival\/","title":{"rendered":"MiniKit Festival"},"content":{"rendered":"","protected":false},"excerpt":{"rendered":"<p>Set de voyage id\u00e9al pour les festivals, contient toutes les choses dont vous avez besoin pour passer la nuit \u00e0 un festival. La taille de ce kit vous permet de le stocker facilement dans votre sac. Contient: 1 brosse \u00e0 dents, 1 dentifrice, 1 bouchon d&#8217;oreille, 1 gel d\u00e9sinfectant, 5 pansements , 1 pr\u00e9servatif. Tous les contenus \u00e0 l&#8217;int\u00e9rieur des kits sont conformes \u00e0 la l\u00e9gislation europ\u00e9enne. Le prix comprend l&#8217;\u00e9tiquette personnalis\u00e9e.<\/p>","protected":false},"featured_media":480551,"template":"","meta":{"_eb_attr":""},"product_brand":[],"product_cat":[279,129],"product_tag":[724,725,717,716,396],"class_list":{"0":"post-499409","1":"product","2":"type-product","3":"status-publish","4":"has-post-thumbnail","6":"product_cat-articles-dextrieur","7":"product_cat-sport-et-loisirs","8":"product_tag-festival","9":"product_tag-fete","10":"product_tag-kit","11":"product_tag-mykit","12":"product_tag-premiers-secours","13":"pa_couleurs-blanc-transparent","14":"pa_couleurs-bleu-translucide","15":"pa_couleurs-jaune-translucide","16":"pa_couleurs-magenta-transparent","17":"pa_couleurs-noir-translucide","18":"pa_couleurs-orange-translucide-2","19":"pa_couleurs-rouge-translucide","20":"pa_couleurs-vert-translucide","22":"first","23":"instock","24":"shipping-taxable","25":"purchasable","26":"product-type-variable"},"yoast_head":"<!-- This site is optimized with the Yoast SEO plugin v27.4 - https:\/\/yoast.com\/product\/yoast-seo-wordpress\/ -->\n<title>MiniKit Festival - PERLE IN<\/title>\n<meta name=\"robots\" content=\"noindex, follow, max-snippet:-1, max-image-preview:large, max-video-preview:-1\" \/>\n<meta property=\"og:locale\" content=\"en_US\" \/>\n<meta property=\"og:type\" content=\"article\" \/>\n<meta property=\"og:title\" content=\"MiniKit Festival - PERLE IN\" \/>\n<meta property=\"og:description\" content=\"Set de voyage id\u00e9al pour les festivals, contient toutes les choses dont vous avez besoin pour passer la nuit \u00e0 un festival. La taille de ce kit vous permet de le stocker facilement dans votre sac. Contient: 1 brosse \u00e0 dents, 1 dentifrice, 1 bouchon d&#039;oreille, 1 gel d\u00e9sinfectant, 5 pansements , 1 pr\u00e9servatif. Tous les contenus \u00e0 l&#039;int\u00e9rieur des kits sont conformes \u00e0 la l\u00e9gislation europ\u00e9enne. Le prix comprend l&#039;\u00e9tiquette personnalis\u00e9e.\" \/>\n<meta property=\"og:url\" content=\"https:\/\/perle-in.com\/en\/product\/minikit-festival\/\" \/>\n<meta property=\"og:site_name\" content=\"PERLE IN\" \/>\n<meta property=\"article:modified_time\" content=\"2025-10-10T09:06:02+00:00\" \/>\n<meta property=\"og:image\" content=\"https:\/\/perle-in.com\/wp-content\/uploads\/2025\/09\/1Z255001-2.jpg\" \/>\n\t<meta property=\"og:image:width\" content=\"1600\" \/>\n\t<meta property=\"og:image:height\" content=\"1600\" \/>\n\t<meta property=\"og:image:type\" content=\"image\/jpeg\" \/>\n<meta name=\"twitter:card\" content=\"summary_large_image\" \/>\n<script type=\"application\/ld+json\" class=\"yoast-schema-graph\">{\"@context\":\"https:\\\/\\\/schema.org\",\"@graph\":[{\"@type\":\"WebPage\",\"@id\":\"https:\\\/\\\/perle-in.com\\\/produit\\\/minikit-festival\\\/\",\"url\":\"https:\\\/\\\/perle-in.com\\\/produit\\\/minikit-festival\\\/\",\"name\":\"MiniKit Festival - PERLE IN\",\"isPartOf\":{\"@id\":\"https:\\\/\\\/perle-in.com\\\/#website\"},\"primaryImageOfPage\":{\"@id\":\"https:\\\/\\\/perle-in.com\\\/produit\\\/minikit-festival\\\/#primaryimage\"},\"image\":{\"@id\":\"https:\\\/\\\/perle-in.com\\\/produit\\\/minikit-festival\\\/#primaryimage\"},\"thumbnailUrl\":\"https:\\\/\\\/perle-in.com\\\/wp-content\\\/uploads\\\/2025\\\/09\\\/1Z255001-2.jpg\",\"datePublished\":\"2025-10-10T09:05:44+00:00\",\"dateModified\":\"2025-10-10T09:06:02+00:00\",\"breadcrumb\":{\"@id\":\"https:\\\/\\\/perle-in.com\\\/produit\\\/minikit-festival\\\/#breadcrumb\"},\"inLanguage\":\"en-CA\",\"potentialAction\":[{\"@type\":\"ReadAction\",\"target\":[\"https:\\\/\\\/perle-in.com\\\/produit\\\/minikit-festival\\\/\"]}]},{\"@type\":\"ImageObject\",\"inLanguage\":\"en-CA\",\"@id\":\"https:\\\/\\\/perle-in.com\\\/produit\\\/minikit-festival\\\/#primaryimage\",\"url\":\"https:\\\/\\\/perle-in.com\\\/wp-content\\\/uploads\\\/2025\\\/09\\\/1Z255001-2.jpg\",\"contentUrl\":\"https:\\\/\\\/perle-in.com\\\/wp-content\\\/uploads\\\/2025\\\/09\\\/1Z255001-2.jpg\",\"width\":1600,\"height\":1600},{\"@type\":\"BreadcrumbList\",\"@id\":\"https:\\\/\\\/perle-in.com\\\/produit\\\/minikit-festival\\\/#breadcrumb\",\"itemListElement\":[{\"@type\":\"ListItem\",\"position\":1,\"name\":\"Accueil\",\"item\":\"https:\\\/\\\/perle-in.com\\\/\"},{\"@type\":\"ListItem\",\"position\":2,\"name\":\"Boutique\",\"item\":\"https:\\\/\\\/perle-in.com\\\/boutique\\\/\"},{\"@type\":\"ListItem\",\"position\":3,\"name\":\"MiniKit Festival\"}]},{\"@type\":\"WebSite\",\"@id\":\"https:\\\/\\\/perle-in.com\\\/#website\",\"url\":\"https:\\\/\\\/perle-in.com\\\/\",\"name\":\"PERLE IN\",\"description\":\"\",\"publisher\":{\"@id\":\"https:\\\/\\\/perle-in.com\\\/#organization\"},\"potentialAction\":[{\"@type\":\"SearchAction\",\"target\":{\"@type\":\"EntryPoint\",\"urlTemplate\":\"https:\\\/\\\/perle-in.com\\\/?s={search_term_string}\"},\"query-input\":{\"@type\":\"PropertyValueSpecification\",\"valueRequired\":true,\"valueName\":\"search_term_string\"}}],\"inLanguage\":\"en-CA\"},{\"@type\":\"Organization\",\"@id\":\"https:\\\/\\\/perle-in.com\\\/#organization\",\"name\":\"PERLE IN\",\"url\":\"https:\\\/\\\/perle-in.com\\\/\",\"logo\":{\"@type\":\"ImageObject\",\"inLanguage\":\"en-CA\",\"@id\":\"https:\\\/\\\/perle-in.com\\\/#\\\/schema\\\/logo\\\/image\\\/\",\"url\":\"https:\\\/\\\/perle-in.com\\\/wp-content\\\/uploads\\\/2022\\\/12\\\/LOGO-PERLE-IN-COULEUR@3x.webp\",\"contentUrl\":\"https:\\\/\\\/perle-in.com\\\/wp-content\\\/uploads\\\/2022\\\/12\\\/LOGO-PERLE-IN-COULEUR@3x.webp\",\"width\":1600,\"height\":490,\"caption\":\"PERLE IN\"},\"image\":{\"@id\":\"https:\\\/\\\/perle-in.com\\\/#\\\/schema\\\/logo\\\/image\\\/\"}}]}<\/script>\n<!-- \/ Yoast SEO plugin. -->","yoast_head_json":{"title":"MiniKit Festival - PERLE IN","robots":{"index":"noindex","follow":"follow","max-snippet":"max-snippet:-1","max-image-preview":"max-image-preview:large","max-video-preview":"max-video-preview:-1"},"og_locale":"en_US","og_type":"article","og_title":"MiniKit Festival - PERLE IN","og_description":"Set de voyage id\u00e9al pour les festivals, contient toutes les choses dont vous avez besoin pour passer la nuit \u00e0 un festival. La taille de ce kit vous permet de le stocker facilement dans votre sac. Contient: 1 brosse \u00e0 dents, 1 dentifrice, 1 bouchon d'oreille, 1 gel d\u00e9sinfectant, 5 pansements , 1 pr\u00e9servatif. Tous les contenus \u00e0 l'int\u00e9rieur des kits sont conformes \u00e0 la l\u00e9gislation europ\u00e9enne. Le prix comprend l'\u00e9tiquette personnalis\u00e9e.","og_url":"https:\/\/perle-in.com\/en\/product\/minikit-festival\/","og_site_name":"PERLE IN","article_modified_time":"2025-10-10T09:06:02+00:00","og_image":[{"width":1600,"height":1600,"url":"https:\/\/perle-in.com\/wp-content\/uploads\/2025\/09\/1Z255001-2.jpg","type":"image\/jpeg"}],"twitter_card":"summary_large_image","schema":{"@context":"https:\/\/schema.org","@graph":[{"@type":"WebPage","@id":"https:\/\/perle-in.com\/produit\/minikit-festival\/","url":"https:\/\/perle-in.com\/produit\/minikit-festival\/","name":"MiniKit Festival - PERLE IN","isPartOf":{"@id":"https:\/\/perle-in.com\/#website"},"primaryImageOfPage":{"@id":"https:\/\/perle-in.com\/produit\/minikit-festival\/#primaryimage"},"image":{"@id":"https:\/\/perle-in.com\/produit\/minikit-festival\/#primaryimage"},"thumbnailUrl":"https:\/\/perle-in.com\/wp-content\/uploads\/2025\/09\/1Z255001-2.jpg","datePublished":"2025-10-10T09:05:44+00:00","dateModified":"2025-10-10T09:06:02+00:00","breadcrumb":{"@id":"https:\/\/perle-in.com\/produit\/minikit-festival\/#breadcrumb"},"inLanguage":"en-CA","potentialAction":[{"@type":"ReadAction","target":["https:\/\/perle-in.com\/produit\/minikit-festival\/"]}]},{"@type":"ImageObject","inLanguage":"en-CA","@id":"https:\/\/perle-in.com\/produit\/minikit-festival\/#primaryimage","url":"https:\/\/perle-in.com\/wp-content\/uploads\/2025\/09\/1Z255001-2.jpg","contentUrl":"https:\/\/perle-in.com\/wp-content\/uploads\/2025\/09\/1Z255001-2.jpg","width":1600,"height":1600},{"@type":"BreadcrumbList","@id":"https:\/\/perle-in.com\/produit\/minikit-festival\/#breadcrumb","itemListElement":[{"@type":"ListItem","position":1,"name":"Accueil","item":"https:\/\/perle-in.com\/"},{"@type":"ListItem","position":2,"name":"Boutique","item":"https:\/\/perle-in.com\/boutique\/"},{"@type":"ListItem","position":3,"name":"MiniKit Festival"}]},{"@type":"WebSite","@id":"https:\/\/perle-in.com\/#website","url":"https:\/\/perle-in.com\/","name":"PERLE IN","description":"","publisher":{"@id":"https:\/\/perle-in.com\/#organization"},"potentialAction":[{"@type":"SearchAction","target":{"@type":"EntryPoint","urlTemplate":"https:\/\/perle-in.com\/?s={search_term_string}"},"query-input":{"@type":"PropertyValueSpecification","valueRequired":true,"valueName":"search_term_string"}}],"inLanguage":"en-CA"},{"@type":"Organization","@id":"https:\/\/perle-in.com\/#organization","name":"PERLE IN","url":"https:\/\/perle-in.com\/","logo":{"@type":"ImageObject","inLanguage":"en-CA","@id":"https:\/\/perle-in.com\/#\/schema\/logo\/image\/","url":"https:\/\/perle-in.com\/wp-content\/uploads\/2022\/12\/LOGO-PERLE-IN-COULEUR@3x.webp","contentUrl":"https:\/\/perle-in.com\/wp-content\/uploads\/2022\/12\/LOGO-PERLE-IN-COULEUR@3x.webp","width":1600,"height":490,"caption":"PERLE IN"},"image":{"@id":"https:\/\/perle-in.com\/#\/schema\/logo\/image\/"}}]}},"jetpack_sharing_enabled":true,"_links":{"self":[{"href":"https:\/\/perle-in.com\/en\/wp-json\/wp\/v2\/product\/499409","targetHints":{"allow":["GET"]}}],"collection":[{"href":"https:\/\/perle-in.com\/en\/wp-json\/wp\/v2\/product"}],"about":[{"href":"https:\/\/perle-in.com\/en\/wp-json\/wp\/v2\/types\/product"}],"version-history":[{"count":0,"href":"https:\/\/perle-in.com\/en\/wp-json\/wp\/v2\/product\/499409\/revisions"}],"wp:featuredmedia":[{"embeddable":true,"href":"https:\/\/perle-in.com\/en\/wp-json\/wp\/v2\/media\/480551"}],"wp:attachment":[{"href":"https:\/\/perle-in.com\/en\/wp-json\/wp\/v2\/media?parent=499409"}],"wp:term":[{"taxonomy":"product_brand","embeddable":true,"href":"https:\/\/perle-in.com\/en\/wp-json\/wp\/v2\/product_brand?post=499409"},{"taxonomy":"product_cat","embeddable":true,"href":"https:\/\/perle-in.com\/en\/wp-json\/wp\/v2\/product_cat?post=499409"},{"taxonomy":"product_tag","embeddable":true,"href":"https:\/\/perle-in.com\/en\/wp-json\/wp\/v2\/product_tag?post=499409"}],"curies":[{"name":"wp","href":"https:\/\/api.w.org\/{rel}","templated":true}]}}

<p>Set de voyage idéal pour les festivals, contient toutes les choses dont vous avez besoin pour passer la nuit à un festival. La taille de ce kit vous permet de le stocker facilement dans votre sac. Contient: 1 brosse à dents, 1 dentifrice, 1 bouchon d&#8217;oreille, 1 gel désinfectant, 5 pansements , 1 préservatif. Tous les contenus à l&#8217;intérieur des kits sont conformes à la législation européenne. Le prix comprend l&#8217;étiquette personnalisée.</p>

<!-- This site is optimized with the Yoast SEO plugin v27.4 - https://yoast.com/product/yoast-seo-wordpress/ -->
<title>MiniKit Festival - PERLE IN</title>
<meta name="robots" content="noindex, follow, max-snippet:-1, max-image-preview:large, max-video-preview:-1" />
<meta property="og:locale" content="en_US" />
<meta property="og:type" content="article" />
<meta property="og:title" content="MiniKit Festival - PERLE IN" />
<meta property="og:description" content="Set de voyage idéal pour les festivals, contient toutes les choses dont vous avez besoin pour passer la nuit à un festival. La taille de ce kit vous permet de le stocker facilement dans votre sac. Contient: 1 brosse à dents, 1 dentifrice, 1 bouchon d&#039;oreille, 1 gel désinfectant, 5 pansements , 1 préservatif. Tous les contenus à l&#039;intérieur des kits sont conformes à la législation européenne. Le prix comprend l&#039;étiquette personnalisée." />
<meta property="og:url" content="https://perle-in.com/en/product/minikit-festival/" />
<meta property="og:site_name" content="PERLE IN" />
<meta property="article:modified_time" content="2025-10-10T09:06:02+00:00" />
<meta property="og:image" content="https://perle-in.com/wp-content/uploads/2025/09/1Z255001-2.jpg" />
	<meta property="og:image:width" content="1600" />
	<meta property="og:image:height" content="1600" />
	<meta property="og:image:type" content="image/jpeg" />
<meta name="twitter:card" content="summary_large_image" />
<script type="application/ld+json" class="yoast-schema-graph">{"@context":"https:\/\/schema.org","@graph":[{"@type":"WebPage","@id":"https:\/\/perle-in.com\/produit\/minikit-festival\/","url":"https:\/\/perle-in.com\/produit\/minikit-festival\/","name":"MiniKit Festival - PERLE IN","isPartOf":{"@id":"https:\/\/perle-in.com\/#website"},"primaryImageOfPage":{"@id":"https:\/\/perle-in.com\/produit\/minikit-festival\/#primaryimage"},"image":{"@id":"https:\/\/perle-in.com\/produit\/minikit-festival\/#primaryimage"},"thumbnailUrl":"https:\/\/perle-in.com\/wp-content\/uploads\/2025\/09\/1Z255001-2.jpg","datePublished":"2025-10-10T09:05:44+00:00","dateModified":"2025-10-10T09:06:02+00:00","breadcrumb":{"@id":"https:\/\/perle-in.com\/produit\/minikit-festival\/#breadcrumb"},"inLanguage":"en-CA","potentialAction":[{"@type":"ReadAction","target":["https:\/\/perle-in.com\/produit\/minikit-festival\/"]}]},{"@type":"ImageObject","inLanguage":"en-CA","@id":"https:\/\/perle-in.com\/produit\/minikit-festival\/#primaryimage","url":"https:\/\/perle-in.com\/wp-content\/uploads\/2025\/09\/1Z255001-2.jpg","contentUrl":"https:\/\/perle-in.com\/wp-content\/uploads\/2025\/09\/1Z255001-2.jpg","width":1600,"height":1600},{"@type":"BreadcrumbList","@id":"https:\/\/perle-in.com\/produit\/minikit-festival\/#breadcrumb","itemListElement":[{"@type":"ListItem","position":1,"name":"Accueil","item":"https:\/\/perle-in.com\/"},{"@type":"ListItem","position":2,"name":"Boutique","item":"https:\/\/perle-in.com\/boutique\/"},{"@type":"ListItem","position":3,"name":"MiniKit Festival"}]},{"@type":"WebSite","@id":"https:\/\/perle-in.com\/#website","url":"https:\/\/perle-in.com\/","name":"PERLE IN","description":"","publisher":{"@id":"https:\/\/perle-in.com\/#organization"},"potentialAction":[{"@type":"SearchAction","target":{"@type":"EntryPoint","urlTemplate":"https:\/\/perle-in.com\/?s={search_term_string}"},"query-input":{"@type":"PropertyValueSpecification","valueRequired":true,"valueName":"search_term_string"}}],"inLanguage":"en-CA"},{"@type":"Organization","@id":"https:\/\/perle-in.com\/#organization","name":"PERLE IN","url":"https:\/\/perle-in.com\/","logo":{"@type":"ImageObject","inLanguage":"en-CA","@id":"https:\/\/perle-in.com\/#\/schema\/logo\/image\/","url":"https:\/\/perle-in.com\/wp-content\/uploads\/2022\/12\/LOGO-PERLE-IN-COULEUR@3x.webp","contentUrl":"https:\/\/perle-in.com\/wp-content\/uploads\/2022\/12\/LOGO-PERLE-IN-COULEUR@3x.webp","width":1600,"height":490,"caption":"PERLE IN"},"image":{"@id":"https:\/\/perle-in.com\/#\/schema\/logo\/image\/"}}]}</script>
<!-- / Yoast SEO plugin. -->

Set de voyage idéal pour les festivals, contient toutes les choses dont vous avez besoin pour passer la nuit à un festival. La taille de ce kit vous permet de le stocker facilement dans votre sac. Contient: 1 brosse à dents, 1 dentifrice, 1 bouchon d'oreille, 1 gel désinfectant, 5 pansements , 1 préservatif. Tous les contenus à l'intérieur des kits sont conformes à la législation européenne. Le prix comprend l'étiquette personnalisée.
