{"version":"1.0","provider_name":"PERLE IN","provider_url":"https:\/\/perle-in.com\/en","author_name":"sawadogo aboubacar","author_url":"https:\/\/perle-in.com\/en\/author\/aboubacarsawadogo15gmail-com\/","title":"Veste Europa unisexe avec isolation - PERLE IN","type":"rich","width":600,"height":338,"html":"<blockquote class=\"wp-embedded-content\" data-secret=\"Eq5JYTWzmm\"><a href=\"https:\/\/perle-in.com\/en\/product\/veste-europa-unisexe-avec-isolation\/\">Veste Europa unisexe avec isolation<\/a><\/blockquote><iframe sandbox=\"allow-scripts\" security=\"restricted\" src=\"https:\/\/perle-in.com\/en\/product\/veste-europa-unisexe-avec-isolation\/embed\/#?secret=Eq5JYTWzmm\" width=\"600\" height=\"338\" title=\"&#8220;Veste Europa unisexe avec isolation&#8221; &#8212; PERLE IN\" data-secret=\"Eq5JYTWzmm\" frameborder=\"0\" marginwidth=\"0\" marginheight=\"0\" scrolling=\"no\" class=\"wp-embedded-content\"><\/iframe><script type=\"text\/javascript\">\n\/* <![CDATA[ *\/\n\/*! This file is auto-generated *\/\n!function(d,l){\"use strict\";l.querySelector&&d.addEventListener&&\"undefined\"!=typeof URL&&(d.wp=d.wp||{},d.wp.receiveEmbedMessage||(d.wp.receiveEmbedMessage=function(e){var t=e.data;if((t||t.secret||t.message||t.value)&&!\/[^a-zA-Z0-9]\/.test(t.secret)){for(var s,r,n,a=l.querySelectorAll('iframe[data-secret=\"'+t.secret+'\"]'),o=l.querySelectorAll('blockquote[data-secret=\"'+t.secret+'\"]'),c=new RegExp(\"^https?:$\",\"i\"),i=0;i<o.length;i++)o[i].style.display=\"none\";for(i=0;i<a.length;i++)s=a[i],e.source===s.contentWindow&&(s.removeAttribute(\"style\"),\"height\"===t.message?(1e3<(r=parseInt(t.value,10))?r=1e3:~~r<200&&(r=200),s.height=r):\"link\"===t.message&&(r=new URL(s.getAttribute(\"src\")),n=new URL(t.value),c.test(n.protocol))&&n.host===r.host&&l.activeElement===s&&(d.top.location.href=t.value))}},d.addEventListener(\"message\",d.wp.receiveEmbedMessage,!1),l.addEventListener(\"DOMContentLoaded\",function(){for(var e,t,s=l.querySelectorAll(\"iframe.wp-embedded-content\"),r=0;r<s.length;r++)(t=(e=s[r]).getAttribute(\"data-secret\"))||(t=Math.random().toString(36).substring(2,12),e.src+=\"#?secret=\"+t,e.setAttribute(\"data-secret\",t)),e.contentWindow.postMessage({message:\"ready\",secret:t},\"*\")},!1)))}(window,document);\n\/* ]]> *\/\n<\/script>","thumbnail_url":"https:\/\/perle-in.com\/wp-content\/uploads\/2025\/10\/R50773O-1.jpg","thumbnail_width":1600,"thumbnail_height":1600,"description":"Veste imperm\u00e9able matelass\u00e9e. Fermeture zipp\u00e9e centrale moul\u00e9e avec rabat assorti. Col montant avec capuche pliable. Poches lat\u00e9rales avec fermeture \u00e9clair et rabat. Poignets r\u00e9glables avec bretelles. Deux poches int\u00e9rieures avec fermeture velcro. Fermeture zipp\u00e9e d'acc\u00e8s au marquage int\u00e9rieur. Imperm\u00e9able. Coupe-vent. Le mannequin mesure 184 cm et porte la taille L."}

Veste imperméable matelassée. Fermeture zippée centrale moulée avec rabat assorti. Col montant avec capuche pliable. Poches latérales avec fermeture éclair et rabat. Poignets réglables avec bretelles. Deux poches intérieures avec fermeture velcro. Fermeture zippée d'accès au marquage intérieur. Imperméable. Coupe-vent. Le mannequin mesure 184 cm et porte la taille L.
