{"version":"1.0","provider_name":"PERLE IN","provider_url":"https:\/\/perle-in.com\/en","author_name":"sawadogo aboubacar","author_url":"https:\/\/perle-in.com\/en\/author\/aboubacarsawadogo15gmail-com\/","title":"Doudoune hybride homme Banff - PERLE IN","type":"rich","width":600,"height":338,"html":"<blockquote class=\"wp-embedded-content\" data-secret=\"CH3zvnU9sh\"><a href=\"https:\/\/perle-in.com\/en\/product\/doudoune-hybride-homme-banff\/\">Doudoune hybride homme Banff<\/a><\/blockquote><iframe sandbox=\"allow-scripts\" security=\"restricted\" src=\"https:\/\/perle-in.com\/en\/product\/doudoune-hybride-homme-banff\/embed\/#?secret=CH3zvnU9sh\" width=\"600\" height=\"338\" title=\"&#8220;Doudoune hybride homme Banff&#8221; &#8212; PERLE IN\" data-secret=\"CH3zvnU9sh\" frameborder=\"0\" marginwidth=\"0\" marginheight=\"0\" scrolling=\"no\" class=\"wp-embedded-content\"><\/iframe><script type=\"text\/javascript\">\n\/* <![CDATA[ *\/\n\/*! This file is auto-generated *\/\n!function(d,l){\"use strict\";l.querySelector&&d.addEventListener&&\"undefined\"!=typeof URL&&(d.wp=d.wp||{},d.wp.receiveEmbedMessage||(d.wp.receiveEmbedMessage=function(e){var t=e.data;if((t||t.secret||t.message||t.value)&&!\/[^a-zA-Z0-9]\/.test(t.secret)){for(var s,r,n,a=l.querySelectorAll('iframe[data-secret=\"'+t.secret+'\"]'),o=l.querySelectorAll('blockquote[data-secret=\"'+t.secret+'\"]'),c=new RegExp(\"^https?:$\",\"i\"),i=0;i<o.length;i++)o[i].style.display=\"none\";for(i=0;i<a.length;i++)s=a[i],e.source===s.contentWindow&&(s.removeAttribute(\"style\"),\"height\"===t.message?(1e3<(r=parseInt(t.value,10))?r=1e3:~~r<200&&(r=200),s.height=r):\"link\"===t.message&&(r=new URL(s.getAttribute(\"src\")),n=new URL(t.value),c.test(n.protocol))&&n.host===r.host&&l.activeElement===s&&(d.top.location.href=t.value))}},d.addEventListener(\"message\",d.wp.receiveEmbedMessage,!1),l.addEventListener(\"DOMContentLoaded\",function(){for(var e,t,s=l.querySelectorAll(\"iframe.wp-embedded-content\"),r=0;r<s.length;r++)(t=(e=s[r]).getAttribute(\"data-secret\"))||(t=Math.random().toString(36).substring(2,12),e.src+=\"#?secret=\"+t,e.setAttribute(\"data-secret\",t)),e.contentWindow.postMessage({message:\"ready\",secret:t},\"*\")},!1)))}(window,document);\n\/* ]]> *\/\n<\/script>","thumbnail_url":"https:\/\/perle-in.com\/wp-content\/uploads\/2025\/10\/3933149-1.jpg","thumbnail_width":1600,"thumbnail_height":1600,"description":"La veste isol\u00e9e hybride Banff pour homme est la fusion parfaite du style et de la performance. Le rabat-temp\u00eate int\u00e9rieur garantit que le vent ne passe pas \u00e0 travers la veste, et l'ourlet arri\u00e8re rabattu ajoute une touche de couverture suppl\u00e9mentaire pour plus de chaleur. L'\u00e9lastique de couleur contrast\u00e9e ajoute une touche de style tout en garantissant un bon maintien. Le tissu tiss\u00e9 380T en nylon (38 g\/m2) est d\u00e9perlant et imperm\u00e9able \u00e0 la pluie. Le tissu de contraste est un tricot interlock en polyester et \u00e9lasthanne (245 g\/m2), qui apporte souplesse et confort. L'isolation en faux duvet de polyester procure une chaleur l\u00e9g\u00e8re, parfaite pour les journ\u00e9es fra\u00eeches."}

La veste isolée hybride Banff pour homme est la fusion parfaite du style et de la performance. Le rabat-tempête intérieur garantit que le vent ne passe pas à travers la veste, et l'ourlet arrière rabattu ajoute une touche de couverture supplémentaire pour plus de chaleur. L'élastique de couleur contrastée ajoute une touche de style tout en garantissant un bon maintien. Le tissu tissé 380T en nylon (38 g/m2) est déperlant et imperméable à la pluie. Le tissu de contraste est un tricot interlock en polyester et élasthanne (245 g/m2), qui apporte souplesse et confort. L'isolation en faux duvet de polyester procure une chaleur légère, parfaite pour les journées fraîches.
